{"id":549,"date":"2025-09-16T06:23:47","date_gmt":"2025-09-16T06:23:47","guid":{"rendered":"https:\/\/blogi.eoppimispalvelut.fi\/saamsote\/?page_id=549"},"modified":"2025-10-01T09:27:26","modified_gmt":"2025-10-01T09:27:26","slug":"toimintaterapeuttinen-lapsiperheiden-ohjaus","status":"publish","type":"page","link":"https:\/\/blogi.eoppimispalvelut.fi\/saamsote\/koulutukset\/toimintaterapeuttinen-lapsiperheiden-ohjaus\/","title":{"rendered":"Toimintaterapeuttinen lapsiperheiden ohjaus"},"content":{"rendered":"<p>[et_pb_section fb_built=&#8221;1&#8243; _builder_version=&#8221;4.27.4&#8243; _module_preset=&#8221;default&#8221; global_colors_info=&#8221;{}&#8221;][et_pb_row _builder_version=&#8221;4.27.4&#8243; _module_preset=&#8221;default&#8221; global_colors_info=&#8221;{}&#8221;][et_pb_column type=&#8221;4_4&#8243; _builder_version=&#8221;4.27.4&#8243; _module_preset=&#8221;default&#8221; global_colors_info=&#8221;{}&#8221;][et_pb_text _builder_version=&#8221;4.27.4&#8243; _module_preset=&#8221;default&#8221; hover_enabled=&#8221;0&#8243; global_colors_info=&#8221;{}&#8221; sticky_enabled=&#8221;0&#8243;]<\/p>\n<h1><strong>Kulttuuriorientoitunut ohjaus <\/strong><strong>neurokirjon lasten <\/strong><strong>ja nuorten kanssa saamelaisyhteis\u00f6ss\u00e4 5 op<\/strong><\/h1>\n<h1><strong><\/strong><\/h1>\n<h1><strong><\/strong>Tietoja koulutuksesta<\/h1>\n<p><strong><\/strong><\/p>\n<h5><strong>Osaamistavoitteet<\/strong><\/h5>\n<ul>\n<li>Ymm\u00e4rr\u00e4t saamelaisyhteis\u00f6\u00f6n ja perheen yhteis\u00f6llisyyteen liittyvi\u00e4 monisyisi\u00e4<br \/>tekij\u00f6it\u00e4.<\/li>\n<li>Tunnistat luonnon kierron yhteyden ja sen vaikutukset ihmisen ja yhteis\u00f6n toimintaan sek\u00e4 el\u00e4m\u00e4ntapaan.<\/li>\n<li>Ymm\u00e4rr\u00e4t kulttuurin vaikutuksen ja merkityksen ihmisen valintoihin ja toimintaan osallistumisessa.<\/li>\n<li>Ymm\u00e4rr\u00e4t kulttuuriorientoituvan ohjauksen l\u00e4ht\u00f6kohdat.<\/li>\n<li>Tunnistat perheiden ja neurokirjolasten\/-nuorten erilaisia tuen tarpeita heid\u00e4n arjessaan.<\/li>\n<li>Ymm\u00e4rr\u00e4t ja osaat reflektoida arvojasi ja asenteitasi sek\u00e4 toimintaasi erilaisissa yhteisty\u00f6suhteissa.<\/li>\n<\/ul>\n<h5><strong>Sis\u00e4lt\u00f6<\/strong><\/h5>\n<ul>\n<li>Narratiivit saamelaisyhteis\u00f6n arjesta ja el\u00e4m\u00e4ntavasta<\/li>\n<li>Kulttuurisensitiivisyys<\/li>\n<li>Kulttuurinen turvallisuus<\/li>\n<li>Kahdeksan vuodenaikaa<\/li>\n<li>Perhel\u00e4ht\u00f6isyys ja perhek\u00e4sitys<\/li>\n<li>Neurokirjon perheiden ohjaus ja neuvonta<\/li>\n<li>Tietoinen ammatillinen kehittyminen<\/li>\n<li>N\u00e4ytt\u00f6\u00f6n perustuva k\u00e4yt\u00e4nt\u00f6<\/li>\n<\/ul>\n<h2><\/h2>\n<h2><\/h2>\n<p>&nbsp;<\/p>\n<p>[\/et_pb_text][et_pb_text _builder_version=&#8221;4.27.4&#8243; _module_preset=&#8221;default&#8221; hover_enabled=&#8221;0&#8243; global_colors_info=&#8221;{}&#8221; sticky_enabled=&#8221;0&#8243;]<\/p>\n<h1><strong>Ev\u00e4it\u00e4 ohjausty\u00f6n reppuun <\/strong><strong>neuronkirjonperheiden kanssa ty\u00f6skenteleville 5op<\/strong><\/h1>\n<h2><\/h2>\n<h2>Tietoja koulutuksesta<\/h2>\n<p>&nbsp;<\/p>\n<h5><strong>Osaamistavoitteet<\/strong><\/h5>\n<ul>\n<li>Tied\u00e4t ja osaat k\u00e4ytt\u00e4\u00e4 n\u00e4ytt\u00f6\u00f6n perustuvaa tietoa neurokirjoperheiden<br \/>ohjauksen ja neuvonnan perustana.<\/li>\n<li>Ymm\u00e4rr\u00e4t ihmisen jokap\u00e4iv\u00e4isen toiminnan merkityksen ja niiden vaikutuksen ihmisen terveyteen ja hyvinvointiin.<\/li>\n<li>Tied\u00e4t erilaisia ohjausmenetelmi\u00e4 ja tunnistat niiden k\u00e4ytt\u00f6tarkoituksia erilaisille asiakkaille ja perheille.<\/li>\n<li>Ymm\u00e4rr\u00e4t ohjauksen ja neuvonnan luottamuksellisena ja yksil\u00f6llisen\u00e4 prosessina.<\/li>\n<li>Ymm\u00e4rr\u00e4t ohjausty\u00f6n luonteen ja oman roolisi siin\u00e4, sek\u00e4 tunnistat perheiden autonomian ja vastuun.<\/li>\n<li>Tunnistat perheen kulttuurin merkityksen ohjausty\u00f6h\u00f6n.<\/li>\n<li>Tied\u00e4t strukturoidun ohjausprosessin rakenteen ja sen vaiheet.<\/li>\n<\/ul>\n<h5><strong>Sis\u00e4lt\u00f6<\/strong><\/h5>\n<ul>\n<li>Luottamuksellinen yhteisty\u00f6suhde<\/li>\n<li>Asiakkaat muutoksen tekij\u00f6in\u00e4 omassa el\u00e4m\u00e4ss\u00e4\u00e4n<\/li>\n<li>Perheen autonomia<\/li>\n<li>Kontekstisidonnaisuus<\/li>\n<li>Asiakas- ja perhel\u00e4ht\u00f6iset tavoitteet<\/li>\n<li>Erilaiset ohjausmenetelm\u00e4t ja keinot ohjausty\u00f6h\u00f6n<\/li>\n<li>Perheen kulttuuri ja toimintaymp\u00e4rist\u00f6t<\/li>\n<li>Strukturoitu ohjausprosessi<\/li>\n<\/ul>\n<h2><\/h2>\n<h2>Lis\u00e4tiedot<\/h2>\n<p><span><\/span><\/p>\n<p><span>Koordinaattori Tarja Tapio,\u00a0<\/span><span style=\"text-decoration: underline\"><span style=\"color: #333399\"><a href=\"mailto:tarja.tapio@oamk.fi\" style=\"color: #333399;text-decoration: underline\">tarja.tapio@oamk.fi\u00a0<\/a><\/span><\/span><span>050 411 5668<\/span><\/p>\n<p>[\/et_pb_text][\/et_pb_column][\/et_pb_row][\/et_pb_section]<\/p>\n","protected":false},"excerpt":{"rendered":"<p>Kulttuuriorientoitunut ohjaus neurokirjon lasten ja nuorten kanssa saamelaisyhteis\u00f6ss\u00e4 5 op Tietoja koulutuksesta Osaamistavoitteet Ymm\u00e4rr\u00e4t saamelaisyhteis\u00f6\u00f6n ja perheen yhteis\u00f6llisyyteen liittyvi\u00e4 monisyisi\u00e4tekij\u00f6it\u00e4. Tunnistat luonnon kierron yhteyden ja sen vaikutukset ihmisen ja yhteis\u00f6n toimintaan sek\u00e4 el\u00e4m\u00e4ntapaan. Ymm\u00e4rr\u00e4t kulttuurin vaikutuksen ja merkityksen ihmisen valintoihin ja toimintaan osallistumisessa. Ymm\u00e4rr\u00e4t kulttuuriorientoituvan ohjauksen l\u00e4ht\u00f6kohdat. Tunnistat perheiden ja neurokirjolasten\/-nuorten erilaisia tuen tarpeita heid\u00e4n [&hellip;]<\/p>\n","protected":false},"author":50607,"featured_media":0,"parent":52,"menu_order":0,"comment_status":"closed","ping_status":"closed","template":"","meta":{"_et_pb_use_builder":"on","_et_pb_old_content":"","_et_gb_content_width":"","footnotes":""},"class_list":["post-549","page","type-page","status-publish","hentry"],"_links":{"self":[{"href":"https:\/\/blogi.eoppimispalvelut.fi\/saamsote\/wp-json\/wp\/v2\/pages\/549","targetHints":{"allow":["GET"]}}],"collection":[{"href":"https:\/\/blogi.eoppimispalvelut.fi\/saamsote\/wp-json\/wp\/v2\/pages"}],"about":[{"href":"https:\/\/blogi.eoppimispalvelut.fi\/saamsote\/wp-json\/wp\/v2\/types\/page"}],"author":[{"embeddable":true,"href":"https:\/\/blogi.eoppimispalvelut.fi\/saamsote\/wp-json\/wp\/v2\/users\/50607"}],"replies":[{"embeddable":true,"href":"https:\/\/blogi.eoppimispalvelut.fi\/saamsote\/wp-json\/wp\/v2\/comments?post=549"}],"version-history":[{"count":10,"href":"https:\/\/blogi.eoppimispalvelut.fi\/saamsote\/wp-json\/wp\/v2\/pages\/549\/revisions"}],"predecessor-version":[{"id":662,"href":"https:\/\/blogi.eoppimispalvelut.fi\/saamsote\/wp-json\/wp\/v2\/pages\/549\/revisions\/662"}],"up":[{"embeddable":true,"href":"https:\/\/blogi.eoppimispalvelut.fi\/saamsote\/wp-json\/wp\/v2\/pages\/52"}],"wp:attachment":[{"href":"https:\/\/blogi.eoppimispalvelut.fi\/saamsote\/wp-json\/wp\/v2\/media?parent=549"}],"curies":[{"name":"wp","href":"https:\/\/api.w.org\/{rel}","templated":true}]}}