{"id":575,"date":"2025-09-17T08:31:10","date_gmt":"2025-09-17T08:31:10","guid":{"rendered":"https:\/\/blogi.eoppimispalvelut.fi\/saamsote\/?page_id=575"},"modified":"2025-10-26T08:51:09","modified_gmt":"2025-10-26T08:51:09","slug":"palliatiivinen-hoitotyo","status":"publish","type":"page","link":"https:\/\/blogi.eoppimispalvelut.fi\/saamsote\/palliatiivinen-hoitotyo\/","title":{"rendered":"Palliatiivinen hoitoty\u00f6"},"content":{"rendered":"<p>[et_pb_section fb_built=&#8221;1&#8243; _builder_version=&#8221;4.27.4&#8243; _module_preset=&#8221;default&#8221; global_colors_info=&#8221;{}&#8221;][et_pb_row _builder_version=&#8221;4.27.4&#8243; _module_preset=&#8221;default&#8221; global_colors_info=&#8221;{}&#8221;][et_pb_column type=&#8221;4_4&#8243; _builder_version=&#8221;4.27.4&#8243; _module_preset=&#8221;default&#8221; global_colors_info=&#8221;{}&#8221;][et_pb_text _builder_version=&#8221;4.27.4&#8243; _module_preset=&#8221;default&#8221; global_colors_info=&#8221;{}&#8221;]<\/p>\n<h1><strong>Kulttuurinen osaaminen saamelaisen <\/strong><strong>asiakkaan palliatiivisessa hoidossa 15 op<\/strong><\/h1>\n<h2><\/h2>\n<h2>Tietoja koulutuksesta<\/h2>\n<h5><strong><\/strong><\/h5>\n<h5>Opintokokonaisuuden tavoitteena on\u202fvahvistaa sote-alan ty\u00f6ntekij\u00f6iden ja opiskelijoiden saamelaisen kulttuurin osaamista erilaisissa ty\u00f6skentelytilanteissa ja perehty\u00e4 erilaisiin ty\u00f6menetelmiin palliatiivisessa hoitoty\u00f6ss\u00e4.<\/h5>\n<h5><strong><\/strong><\/h5>\n<h5><strong>Osaamistavoitteet<\/strong><\/h5>\n<p><strong><\/strong><\/p>\n<p><strong><\/strong><\/p>\n<p>Kulttuurinen osaaminen saamelaisen asiakkaan palliatiivisessa hoitoty\u00f6ss\u00e4<\/p>\n<p>\u2022 Ymm\u00e4rr\u00e4t kulttuurin ja historian merkityksen asiakkaan kohtaamisessa ja vuorovaikutuksessa<br \/>\u2022 Ymm\u00e4rr\u00e4t asiakkaan \u00e4idinkielen merkityksen palliatiivisessa hoitoty\u00f6ss\u00e4<br \/>\u2022 Reflektoit omaa maailmankuvaasi ja suhdettasi saamelaiskulttuuriin sek\u00e4 n\u00e4iden vaikutusta asiakkaiden kokonaisvaltaiseen kohtaamiseen.<\/p>\n<p>Asiantuntijuuden kehittyminen saamelaisen asiakkaan palliatiivisessa hoidossa<\/p>\n<p>\u2022 Opiskelija osaa arvioida omia valmiuksiaan kohdata ja auttaa kuolevaa potilasta ja h\u00e4nen l\u00e4heisi\u00e4\u00e4n kulttuuril\u00e4ht\u00f6isesti<br \/>\u2022 Tunnistaa ja osaa vahvistaa omaa eettist\u00e4 osaamista palliatiivisessa hoitoty\u00f6ss\u00e4.<br \/>\u2022 Opiskelija tunnistaa oman jaksamisensa rajat ja osaa huolehtia omista voimavaroistaan.<\/p>\n<h5><strong><\/strong><\/h5>\n<h5><strong>Sis\u00e4lt\u00f6<\/strong><\/h5>\n<p>Osio 1. Saamelaisen asiakkaan palliatiivisen hoidon perusteet<\/p>\n<p>Osio 2. Kulttuurinen osaaminen saamelaisen asiakkaan palliatiivisessa hoitoty\u00f6ss\u00e4<\/p>\n<p>Osio 3. Saamelaisen asiakkaan kokonaisvaltainen hoito palliatiivisessa hoitoty\u00f6ss\u00e4<\/p>\n<p>Osio 4. Saamelaisen asiakkaan ja omaisen tuki<\/p>\n<p>Osio 5. Saamelaisuus, kulttuurisensitiivisyys ja kuoleman kohtaaminen<\/p>\n<p>Osio 6. Asiantuntijuuden kehittyminen saamelaisen asiakkaan palliatiivisessa hoitoty\u00f6ss\u00e4<\/p>\n<p>&nbsp;<\/p>\n<h2><span>Lis\u00e4tietoja<\/span><\/h2>\n<p><span>Koordinaattori Niina Patronen,\u00a0<\/span><span style=\"text-decoration: underline;color: #333399\"><a href=\"mailto:niina.patronen@diak.fi\" style=\"color: #333399;text-decoration: underline\">niina.patronen@diak.fi\u00a0<\/a><\/span><u><\/u><a href=\"mailto:niina.patronen@diak.fi\"><\/a><span>050 478 6797<\/span><\/p>\n<p>[\/et_pb_text][\/et_pb_column][\/et_pb_row][\/et_pb_section]<\/p>\n","protected":false},"excerpt":{"rendered":"<p>Kulttuurinen osaaminen saamelaisen asiakkaan palliatiivisessa hoidossa 15 op Tietoja koulutuksesta Opintokokonaisuuden tavoitteena on\u202fvahvistaa sote-alan ty\u00f6ntekij\u00f6iden ja opiskelijoiden saamelaisen kulttuurin osaamista erilaisissa ty\u00f6skentelytilanteissa ja perehty\u00e4 erilaisiin ty\u00f6menetelmiin palliatiivisessa hoitoty\u00f6ss\u00e4. Osaamistavoitteet Kulttuurinen osaaminen saamelaisen asiakkaan palliatiivisessa hoitoty\u00f6ss\u00e4 \u2022 Ymm\u00e4rr\u00e4t kulttuurin ja historian merkityksen asiakkaan kohtaamisessa ja vuorovaikutuksessa\u2022 Ymm\u00e4rr\u00e4t asiakkaan \u00e4idinkielen merkityksen palliatiivisessa hoitoty\u00f6ss\u00e4\u2022 Reflektoit omaa maailmankuvaasi ja [&hellip;]<\/p>\n","protected":false},"author":50607,"featured_media":0,"parent":0,"menu_order":0,"comment_status":"closed","ping_status":"closed","template":"","meta":{"_et_pb_use_builder":"on","_et_pb_old_content":"","_et_gb_content_width":"","footnotes":""},"class_list":["post-575","page","type-page","status-publish","hentry"],"_links":{"self":[{"href":"https:\/\/blogi.eoppimispalvelut.fi\/saamsote\/wp-json\/wp\/v2\/pages\/575","targetHints":{"allow":["GET"]}}],"collection":[{"href":"https:\/\/blogi.eoppimispalvelut.fi\/saamsote\/wp-json\/wp\/v2\/pages"}],"about":[{"href":"https:\/\/blogi.eoppimispalvelut.fi\/saamsote\/wp-json\/wp\/v2\/types\/page"}],"author":[{"embeddable":true,"href":"https:\/\/blogi.eoppimispalvelut.fi\/saamsote\/wp-json\/wp\/v2\/users\/50607"}],"replies":[{"embeddable":true,"href":"https:\/\/blogi.eoppimispalvelut.fi\/saamsote\/wp-json\/wp\/v2\/comments?post=575"}],"version-history":[{"count":7,"href":"https:\/\/blogi.eoppimispalvelut.fi\/saamsote\/wp-json\/wp\/v2\/pages\/575\/revisions"}],"predecessor-version":[{"id":674,"href":"https:\/\/blogi.eoppimispalvelut.fi\/saamsote\/wp-json\/wp\/v2\/pages\/575\/revisions\/674"}],"wp:attachment":[{"href":"https:\/\/blogi.eoppimispalvelut.fi\/saamsote\/wp-json\/wp\/v2\/media?parent=575"}],"curies":[{"name":"wp","href":"https:\/\/api.w.org\/{rel}","templated":true}]}}