{"id":46,"date":"2021-12-02T12:38:03","date_gmt":"2021-12-02T10:38:03","guid":{"rendered":"https:\/\/blogi.eoppimispalvelut.fi\/santassafety\/?page_id=46"},"modified":"2021-12-02T17:23:21","modified_gmt":"2021-12-02T15:23:21","slug":"standard-valvontatuotepaketti","status":"publish","type":"page","link":"https:\/\/blogi.eoppimispalvelut.fi\/santassafety\/standard-valvontatuotepaketti\/","title":{"rendered":"Standard valvontatuotepaketti"},"content":{"rendered":"<p><span style=\"color: #333333\" data-contrast=\"auto\">Kertamaksu 3500\u20ac<\/span><\/p>\n<p><span style=\"color: #333333\">Standardi mallin paketti, jolla pid\u00e4t huolen, ett\u00e4 tied\u00e4t mit\u00e4 toimitiloissasi tapahtuu. Pakettiin\u00a0kuuluu: \u00a0<\/span><\/p>\n<p><span style=\"color: #333333\">-\u00c4lylukko 1kpl\u00a0<\/span><\/p>\n<p><span style=\"color: #333333\">-Rikosilmoitinj\u00e4rjestelm\u00e4\u00a0<\/span><\/p>\n<p><span style=\"color: #333333\">-H\u00e4t\u00e4painike 1 kpl\u00a0<\/span><\/p>\n<p><span style=\"color: #333333\">-Kamerat sis\u00e4- ja ulkok\u00e4ytt\u00f6\u00f6n (2+2)\u00a0<\/span><\/p>\n<p><span style=\"color: #333333\">-N\u00e4ytt\u00f6 1 kpl\u00a0<\/span><\/p>\n<p><span style=\"color: #333333\">-Kyltit ja tarrat\u00a0<\/span><\/p>\n<p><span style=\"color: #333333\">-Asennus\u00a0<\/span><\/p>\n","protected":false},"excerpt":{"rendered":"<p>Kertamaksu 3500\u20ac Standardi mallin paketti, jolla pid\u00e4t huolen, ett\u00e4 tied\u00e4t mit\u00e4 toimitiloissasi tapahtuu. Pakettiin\u00a0kuuluu: \u00a0 -\u00c4lylukko 1kpl\u00a0 -Rikosilmoitinj\u00e4rjestelm\u00e4\u00a0 -H\u00e4t\u00e4painike 1 kpl\u00a0 -Kamerat sis\u00e4- ja ulkok\u00e4ytt\u00f6\u00f6n (2+2)\u00a0 -N\u00e4ytt\u00f6 1 kpl\u00a0 -Kyltit ja tarrat\u00a0 -Asennus\u00a0<\/p>\n","protected":false},"author":8815,"featured_media":0,"parent":0,"menu_order":0,"comment_status":"closed","ping_status":"closed","template":"","meta":{"footnotes":""},"class_list":["post-46","page","type-page","status-publish","hentry"],"_links":{"self":[{"href":"https:\/\/blogi.eoppimispalvelut.fi\/santassafety\/wp-json\/wp\/v2\/pages\/46","targetHints":{"allow":["GET"]}}],"collection":[{"href":"https:\/\/blogi.eoppimispalvelut.fi\/santassafety\/wp-json\/wp\/v2\/pages"}],"about":[{"href":"https:\/\/blogi.eoppimispalvelut.fi\/santassafety\/wp-json\/wp\/v2\/types\/page"}],"author":[{"embeddable":true,"href":"https:\/\/blogi.eoppimispalvelut.fi\/santassafety\/wp-json\/wp\/v2\/users\/8815"}],"replies":[{"embeddable":true,"href":"https:\/\/blogi.eoppimispalvelut.fi\/santassafety\/wp-json\/wp\/v2\/comments?post=46"}],"version-history":[{"count":4,"href":"https:\/\/blogi.eoppimispalvelut.fi\/santassafety\/wp-json\/wp\/v2\/pages\/46\/revisions"}],"predecessor-version":[{"id":112,"href":"https:\/\/blogi.eoppimispalvelut.fi\/santassafety\/wp-json\/wp\/v2\/pages\/46\/revisions\/112"}],"wp:attachment":[{"href":"https:\/\/blogi.eoppimispalvelut.fi\/santassafety\/wp-json\/wp\/v2\/media?parent=46"}],"curies":[{"name":"wp","href":"https:\/\/api.w.org\/{rel}","templated":true}]}}