{"id":56,"date":"2021-12-02T12:48:33","date_gmt":"2021-12-02T10:48:33","guid":{"rendered":"https:\/\/blogi.eoppimispalvelut.fi\/santassafety\/?page_id=56"},"modified":"2022-02-09T11:25:38","modified_gmt":"2022-02-09T09:25:38","slug":"ensiapu-ja-paloturvallisuuspaketti","status":"publish","type":"page","link":"https:\/\/blogi.eoppimispalvelut.fi\/santassafety\/ensiapu-ja-paloturvallisuuspaketti\/","title":{"rendered":"Ensiapu- ja paloturvallisuuspaketti"},"content":{"rendered":"<p><span style=\"color: #333333\">1 500 \u20ac (alv 0%)\u00a0<\/span><\/p>\n<p><span style=\"color: #333333\">K\u00e4vik\u00f6 tapaturma? Ei h\u00e4t\u00e4\u00e4! Kattavalla ensiapu- ja paloturvallisuuspaketilla voit minimoida vahingot, ehk\u00e4ist\u00e4 tapaturmia\u00a0sek\u00e4\u00a0luot turvallisuuden tunnetta henkil\u00f6st\u00f6llesi. Pakettiin kuuluu mm:\u00a0<\/span><\/p>\n<ul>\n<li><span style=\"color: #333333\">Laajat ensiapuun tarvittavat v\u00e4lineet\u00a0<\/span><\/li>\n<li><span style=\"color: #333333\">Paloh\u00e4lyttimet\u00a0<\/span><\/li>\n<li><span style=\"color: #333333\">Ensisammutusv\u00e4lineet\u00a0<\/span><\/li>\n<li><span style=\"color: #333333\">Sis\u00e4lt\u00e4\u00e4 asennuksen\u00a0<\/span><\/li>\n<\/ul>\n<p>Mik\u00e4li tarvitset vain ensiaputuotteita tai vain paloturvallisuustuotteita, voit tilata vain tarvitsemasi.<\/p>\n<ul>\n<li>Ensiapupaketti (600 <span style=\"color: #333333\">\u20ac, alv 0%)<\/span><\/li>\n<\/ul>\n<p>Tai<\/p>\n<ul>\n<li>Paloturvallisuuspaketti (950 <span style=\"color: #333333\">\u20ac, alv 0%)<\/span><\/li>\n<\/ul>\n","protected":false},"excerpt":{"rendered":"<p>1 500 \u20ac (alv 0%)\u00a0 K\u00e4vik\u00f6 tapaturma? Ei h\u00e4t\u00e4\u00e4! Kattavalla ensiapu- ja paloturvallisuuspaketilla voit minimoida vahingot, ehk\u00e4ist\u00e4 tapaturmia\u00a0sek\u00e4\u00a0luot turvallisuuden tunnetta henkil\u00f6st\u00f6llesi. Pakettiin kuuluu mm:\u00a0 Laajat ensiapuun tarvittavat v\u00e4lineet\u00a0 Paloh\u00e4lyttimet\u00a0 Ensisammutusv\u00e4lineet\u00a0 Sis\u00e4lt\u00e4\u00e4 asennuksen\u00a0 Mik\u00e4li tarvitset vain ensiaputuotteita tai vain paloturvallisuustuotteita, voit &hellip; <a href=\"https:\/\/blogi.eoppimispalvelut.fi\/santassafety\/ensiapu-ja-paloturvallisuuspaketti\/\">Continue reading <span class=\"meta-nav\">&rarr;<\/span><\/a><\/p>\n","protected":false},"author":8815,"featured_media":0,"parent":0,"menu_order":0,"comment_status":"closed","ping_status":"closed","template":"","meta":{"footnotes":""},"class_list":["post-56","page","type-page","status-publish","hentry"],"_links":{"self":[{"href":"https:\/\/blogi.eoppimispalvelut.fi\/santassafety\/wp-json\/wp\/v2\/pages\/56","targetHints":{"allow":["GET"]}}],"collection":[{"href":"https:\/\/blogi.eoppimispalvelut.fi\/santassafety\/wp-json\/wp\/v2\/pages"}],"about":[{"href":"https:\/\/blogi.eoppimispalvelut.fi\/santassafety\/wp-json\/wp\/v2\/types\/page"}],"author":[{"embeddable":true,"href":"https:\/\/blogi.eoppimispalvelut.fi\/santassafety\/wp-json\/wp\/v2\/users\/8815"}],"replies":[{"embeddable":true,"href":"https:\/\/blogi.eoppimispalvelut.fi\/santassafety\/wp-json\/wp\/v2\/comments?post=56"}],"version-history":[{"count":7,"href":"https:\/\/blogi.eoppimispalvelut.fi\/santassafety\/wp-json\/wp\/v2\/pages\/56\/revisions"}],"predecessor-version":[{"id":264,"href":"https:\/\/blogi.eoppimispalvelut.fi\/santassafety\/wp-json\/wp\/v2\/pages\/56\/revisions\/264"}],"wp:attachment":[{"href":"https:\/\/blogi.eoppimispalvelut.fi\/santassafety\/wp-json\/wp\/v2\/media?parent=56"}],"curies":[{"name":"wp","href":"https:\/\/api.w.org\/{rel}","templated":true}]}}