{"id":103,"date":"2020-04-27T19:30:13","date_gmt":"2020-04-27T16:30:13","guid":{"rendered":"https:\/\/blogi.eoppimispalvelut.fi\/seiloteblogi\/?page_id=103"},"modified":"2020-04-27T19:30:47","modified_gmt":"2020-04-27T16:30:47","slug":"paihtyneena-tyoaikana","status":"publish","type":"page","link":"https:\/\/blogi.eoppimispalvelut.fi\/seiloteblogi\/tehtavat\/tyooikeus\/paihtyneena-tyoaikana\/","title":{"rendered":"P\u00e4ihtyneen\u00e4 ty\u00f6aikana"},"content":{"rendered":"","protected":true},"excerpt":{"rendered":"","protected":true},"author":3883,"featured_media":0,"parent":97,"menu_order":1,"comment_status":"closed","ping_status":"closed","template":"","meta":{"footnotes":""},"class_list":["post-103","page","type-page","status-publish","post-password-required","hentry"],"_links":{"self":[{"href":"https:\/\/blogi.eoppimispalvelut.fi\/seiloteblogi\/wp-json\/wp\/v2\/pages\/103","targetHints":{"allow":["GET"]}}],"collection":[{"href":"https:\/\/blogi.eoppimispalvelut.fi\/seiloteblogi\/wp-json\/wp\/v2\/pages"}],"about":[{"href":"https:\/\/blogi.eoppimispalvelut.fi\/seiloteblogi\/wp-json\/wp\/v2\/types\/page"}],"author":[{"embeddable":true,"href":"https:\/\/blogi.eoppimispalvelut.fi\/seiloteblogi\/wp-json\/wp\/v2\/users\/3883"}],"replies":[{"embeddable":true,"href":"https:\/\/blogi.eoppimispalvelut.fi\/seiloteblogi\/wp-json\/wp\/v2\/comments?post=103"}],"version-history":[{"count":2,"href":"https:\/\/blogi.eoppimispalvelut.fi\/seiloteblogi\/wp-json\/wp\/v2\/pages\/103\/revisions"}],"predecessor-version":[{"id":105,"href":"https:\/\/blogi.eoppimispalvelut.fi\/seiloteblogi\/wp-json\/wp\/v2\/pages\/103\/revisions\/105"}],"up":[{"embeddable":true,"href":"https:\/\/blogi.eoppimispalvelut.fi\/seiloteblogi\/wp-json\/wp\/v2\/pages\/97"}],"wp:attachment":[{"href":"https:\/\/blogi.eoppimispalvelut.fi\/seiloteblogi\/wp-json\/wp\/v2\/media?parent=103"}],"curies":[{"name":"wp","href":"https:\/\/api.w.org\/{rel}","templated":true}]}}