{"id":9,"date":"2019-10-12T11:19:39","date_gmt":"2019-10-12T08:19:39","guid":{"rendered":"https:\/\/blogi.eoppimispalvelut.fi\/seiloteblogi\/?page_id=9"},"modified":"2019-10-12T14:39:29","modified_gmt":"2019-10-12T11:39:29","slug":"tyohistoria","status":"publish","type":"page","link":"https:\/\/blogi.eoppimispalvelut.fi\/seiloteblogi\/tyohistoria\/","title":{"rendered":"Ty\u00f6historia"},"content":{"rendered":"<p>T\u00e4ll\u00e4 hetkell\u00e4 ty\u00f6skentelen myyntip\u00e4\u00e4llikk\u00f6n\u00e4 Finance Linkill\u00e4 yritysrahoituksen parissa. Teht\u00e4v\u00e4ni on kierrell\u00e4 Pohjois-Suomen alueella yritys asiakkaiden luona ja myyd\u00e4 rahoitus ratkaisuja.<\/p>\n<p>T\u00e4t\u00e4 ennen ty\u00f6skentelin vakuutusyhti\u00f6ss\u00e4 reilun nelj\u00e4n vuoden ajan yritt\u00e4j\u00e4suhteisena edustajana.<\/p>\n<p>N\u00e4it\u00e4 ennen ty\u00f6skentelin rakentamisen parissa usean vuoden ajan.<\/p>\n","protected":false},"excerpt":{"rendered":"<p>T\u00e4ll\u00e4 hetkell\u00e4 ty\u00f6skentelen myyntip\u00e4\u00e4llikk\u00f6n\u00e4 Finance Linkill\u00e4 yritysrahoituksen parissa. Teht\u00e4v\u00e4ni on kierrell\u00e4 Pohjois-Suomen alueella yritys asiakkaiden luona ja myyd\u00e4 rahoitus ratkaisuja. T\u00e4t\u00e4 ennen ty\u00f6skentelin vakuutusyhti\u00f6ss\u00e4 reilun nelj\u00e4n vuoden ajan yritt\u00e4j\u00e4suhteisena edustajana. N\u00e4it\u00e4 ennen ty\u00f6skentelin rakentamisen parissa usean vuoden ajan.<\/p>\n","protected":false},"author":3883,"featured_media":0,"parent":0,"menu_order":0,"comment_status":"closed","ping_status":"closed","template":"","meta":{"footnotes":""},"class_list":["post-9","page","type-page","status-publish","hentry"],"_links":{"self":[{"href":"https:\/\/blogi.eoppimispalvelut.fi\/seiloteblogi\/wp-json\/wp\/v2\/pages\/9","targetHints":{"allow":["GET"]}}],"collection":[{"href":"https:\/\/blogi.eoppimispalvelut.fi\/seiloteblogi\/wp-json\/wp\/v2\/pages"}],"about":[{"href":"https:\/\/blogi.eoppimispalvelut.fi\/seiloteblogi\/wp-json\/wp\/v2\/types\/page"}],"author":[{"embeddable":true,"href":"https:\/\/blogi.eoppimispalvelut.fi\/seiloteblogi\/wp-json\/wp\/v2\/users\/3883"}],"replies":[{"embeddable":true,"href":"https:\/\/blogi.eoppimispalvelut.fi\/seiloteblogi\/wp-json\/wp\/v2\/comments?post=9"}],"version-history":[{"count":4,"href":"https:\/\/blogi.eoppimispalvelut.fi\/seiloteblogi\/wp-json\/wp\/v2\/pages\/9\/revisions"}],"predecessor-version":[{"id":47,"href":"https:\/\/blogi.eoppimispalvelut.fi\/seiloteblogi\/wp-json\/wp\/v2\/pages\/9\/revisions\/47"}],"wp:attachment":[{"href":"https:\/\/blogi.eoppimispalvelut.fi\/seiloteblogi\/wp-json\/wp\/v2\/media?parent=9"}],"curies":[{"name":"wp","href":"https:\/\/api.w.org\/{rel}","templated":true}]}}