{"id":189,"date":"2021-04-21T11:26:14","date_gmt":"2021-04-21T08:26:14","guid":{"rendered":"https:\/\/blogi.eoppimispalvelut.fi\/sijoitustoiminta\/?page_id=189"},"modified":"2021-04-29T14:15:39","modified_gmt":"2021-04-29T11:15:39","slug":"tekninen-analyysi-versus-fundamentti-analyysi","status":"publish","type":"page","link":"https:\/\/blogi.eoppimispalvelut.fi\/sijoitustoiminta\/tekninen-analyysi\/tekninen-analyysi-versus-fundamentti-analyysi\/","title":{"rendered":"Tekninen analyysi versus fundamentti analyysi"},"content":{"rendered":"<p style=\"text-align: center\">Tekninen analyysi on hieman uudempi sijoitusindikaattori, kun taas fundamenttianalyysia on k\u00e4ytetty kauemmin. Teknisen- ja fundamenttianalyysin eroavaisuus on niiden k\u00e4yt\u00f6ss\u00e4. Fundamenttianalyysi\u00e4 k\u00e4ytett\u00e4\u00e4n yritysten tutkimalla yritysten toimintaa ja tuloksia. Fundamenttianalyysiss\u00e4 tarkoituksena on arvioida yrityksen t\u00e4m\u00e4n hetkist\u00e4 tilannetta ja varsinkin tulevaisuuden n\u00e4kym\u00e4\u00e4. Kun taas tekninen analyysi keskittyy arvioimaan markkinoiden liikkeit\u00e4 vanhoja graaffeja hy\u00f6dynt\u00e4m\u00e4ll\u00e4.<\/p>\n<p style=\"text-align: center\">Yleisesti ottaen teknist\u00e4 analyysi\u00e4 pidet\u00e4\u00e4n treidaajien apuv\u00e4lineen\u00e4, kun taas fundamenttianalyysi\u00e4 k\u00e4ytt\u00e4v\u00e4t pitemm\u00e4n ajan sijoittajille. Kuitenkin on pitk\u00e4\u00e4n jo v\u00e4\u00e4nnetty siit\u00e4, kumpi on parempi tekninen- vai fundamenttianalyysi. Kuitenkin t\u00e4ss\u00e4 tulee muistaa, ett\u00e4 mink\u00e4lainen sijoittajat olet.\u00a0 Fundamenttianalyysi ei toimi lyhyell\u00e4 aikav\u00e4lill\u00e4, koska lyhyen aika v\u00e4lin kursseja heiluttaa enemm\u00e4n ostajien ja myyjien ep\u00e4tasapaino. Fundamenteilla ei ole niin suurta merkityst\u00e4 yhden p\u00e4iv\u00e4n tai muutaman viikon kaupassa, kun taas teknisell\u00e4 analyysill\u00e4 voidaan jotenkin yritt\u00e4\u00e4 arvioida lyhyenajan kurssiheiluntaa. Lyhyemm\u00e4ll\u00e4 aikav\u00e4lill\u00e4 kannattaa panostaa tekniseen analyysiin ja pitemm\u00e4ll\u00e4 aikav\u00e4lill\u00e4 taas fundamenttianalyysiin.<\/p>\n<p style=\"text-align: center\">Osakemarkkinoita liikuttelee monet asiat. Kyse ei ole pelk\u00e4st\u00e4\u00e4n fundamenteist\u00e4 tai yksin\u00e4\u00e4n teknisetanalyysit. Markkinoita tulee tarkastella monelta kannalta ja tutkia fundamenttej\u00e4, teknist\u00e4 analyysi\u00e4 ja maailman tapahtumia.<\/p>\n<p><img fetchpriority=\"high\" fetchpriority=\"high\" decoding=\"async\" class=\"wp-image-254 aligncenter\" src=\"https:\/\/blogi.eoppimispalvelut.fi\/sijoitustoiminta\/files\/2021\/04\/Tekninen-analyysi-1-600x399.jpg\" alt=\"\" width=\"383\" height=\"255\" srcset=\"https:\/\/blogi.eoppimispalvelut.fi\/sijoitustoiminta\/files\/2021\/04\/Tekninen-analyysi-1-600x399.jpg 600w, https:\/\/blogi.eoppimispalvelut.fi\/sijoitustoiminta\/files\/2021\/04\/Tekninen-analyysi-1-1280x850.jpg 1280w, https:\/\/blogi.eoppimispalvelut.fi\/sijoitustoiminta\/files\/2021\/04\/Tekninen-analyysi-1-768x510.jpg 768w, https:\/\/blogi.eoppimispalvelut.fi\/sijoitustoiminta\/files\/2021\/04\/Tekninen-analyysi-1-1536x1020.jpg 1536w, https:\/\/blogi.eoppimispalvelut.fi\/sijoitustoiminta\/files\/2021\/04\/Tekninen-analyysi-1-2048x1360.jpg 2048w, https:\/\/blogi.eoppimispalvelut.fi\/sijoitustoiminta\/files\/2021\/04\/Tekninen-analyysi-1-420x280.jpg 420w\" sizes=\"(max-width: 383px) 100vw, 383px\" \/><\/p>\n<h4 style=\"text-align: center\">L\u00e4hteet<\/h4>\n<p style=\"text-align: center\">Lepikk\u00f6, J. 2021. Treidaa kuin ammattilainen. <a href=\"https:\/\/www.nordnet.fi\/download\/18.1a81c3d41755aa712d4869cf\/1607932723258\/Treidaa-kuin-ammattilainen-ekirja.pdf\">Treidaa kuin ammattilainen<\/a><\/p>\n<p style=\"text-align: center\">Lepikk\u00f6, J. Nordnet blogi. <a href=\"https:\/\/www.nordnet.fi\/blogi\/fundamenttianalyysi-ei-toimi-lyhyella-aikavalilla\/\">Fundamenttianalyysi ei toimi lyhyella aikavalilla<\/a><\/p>\n<p style=\"text-align: center\"><a href=\"https:\/\/unsplash.com\/photos\/Wb63zqJ5gnE\">Kuvat<\/a><\/p>\n","protected":false},"excerpt":{"rendered":"<p>Tekninen analyysi on hieman uudempi sijoitusindikaattori, kun taas fundamenttianalyysia on k\u00e4ytetty kauemmin. Teknisen- ja fundamenttianalyysin eroavaisuus on niiden k\u00e4yt\u00f6ss\u00e4. Fundamenttianalyysi\u00e4 k\u00e4ytett\u00e4\u00e4n yritysten tutkimalla yritysten toimintaa ja tuloksia. Fundamenttianalyysiss\u00e4 tarkoituksena on arvioida yrityksen t\u00e4m\u00e4n hetkist\u00e4 tilannetta ja varsinkin tulevaisuuden n\u00e4kym\u00e4\u00e4. Kun taas tekninen analyysi keskittyy arvioimaan markkinoiden liikkeit\u00e4 vanhoja graaffeja hy\u00f6dynt\u00e4m\u00e4ll\u00e4. Yleisesti ottaen teknist\u00e4 analyysi\u00e4 pidet\u00e4\u00e4n&hellip; <a class=\"more-link\" href=\"https:\/\/blogi.eoppimispalvelut.fi\/sijoitustoiminta\/tekninen-analyysi\/tekninen-analyysi-versus-fundamentti-analyysi\/\">Continue reading <span class=\"screen-reader-text\">Tekninen analyysi versus fundamentti analyysi<\/span><\/a><\/p>\n","protected":false},"author":6925,"featured_media":0,"parent":64,"menu_order":0,"comment_status":"closed","ping_status":"closed","template":"","meta":{"_et_pb_use_builder":"","_et_pb_old_content":"","_et_gb_content_width":"","footnotes":""},"class_list":["post-189","page","type-page","status-publish","hentry","entry"],"_links":{"self":[{"href":"https:\/\/blogi.eoppimispalvelut.fi\/sijoitustoiminta\/wp-json\/wp\/v2\/pages\/189","targetHints":{"allow":["GET"]}}],"collection":[{"href":"https:\/\/blogi.eoppimispalvelut.fi\/sijoitustoiminta\/wp-json\/wp\/v2\/pages"}],"about":[{"href":"https:\/\/blogi.eoppimispalvelut.fi\/sijoitustoiminta\/wp-json\/wp\/v2\/types\/page"}],"author":[{"embeddable":true,"href":"https:\/\/blogi.eoppimispalvelut.fi\/sijoitustoiminta\/wp-json\/wp\/v2\/users\/6925"}],"replies":[{"embeddable":true,"href":"https:\/\/blogi.eoppimispalvelut.fi\/sijoitustoiminta\/wp-json\/wp\/v2\/comments?post=189"}],"version-history":[{"count":9,"href":"https:\/\/blogi.eoppimispalvelut.fi\/sijoitustoiminta\/wp-json\/wp\/v2\/pages\/189\/revisions"}],"predecessor-version":[{"id":435,"href":"https:\/\/blogi.eoppimispalvelut.fi\/sijoitustoiminta\/wp-json\/wp\/v2\/pages\/189\/revisions\/435"}],"up":[{"embeddable":true,"href":"https:\/\/blogi.eoppimispalvelut.fi\/sijoitustoiminta\/wp-json\/wp\/v2\/pages\/64"}],"wp:attachment":[{"href":"https:\/\/blogi.eoppimispalvelut.fi\/sijoitustoiminta\/wp-json\/wp\/v2\/media?parent=189"}],"curies":[{"name":"wp","href":"https:\/\/api.w.org\/{rel}","templated":true}]}}