{"id":67,"date":"2022-07-01T09:14:12","date_gmt":"2022-07-01T06:14:12","guid":{"rendered":"https:\/\/blogi.eoppimispalvelut.fi\/siltahanke\/?page_id=67"},"modified":"2023-06-19T09:28:27","modified_gmt":"2023-06-19T06:28:27","slug":"mentorointimalli","status":"publish","type":"page","link":"https:\/\/blogi.eoppimispalvelut.fi\/siltahanke\/mentorointimalli\/","title":{"rendered":"Mentorointimalli"},"content":{"rendered":"<p>[et_pb_section fb_built=&#8221;1&#8243; admin_label=&#8221;About Us&#8221; _builder_version=&#8221;4.20.4&#8243; _module_preset=&#8221;default&#8221; background_image=&#8221;https:\/\/blogi.eoppimispalvelut.fi\/siltahanke\/files\/2023\/04\/Mentorointi-kuvituskuva-1.png&#8221; background_size=&#8221;custom&#8221; background_image_width=&#8221;70%&#8221; background_position=&#8221;top_right&#8221; global_colors_info=&#8221;{}&#8221;][et_pb_row column_structure=&#8221;2_3,1_3&#8243; _builder_version=&#8221;4.20.4&#8243; _module_preset=&#8221;default&#8221; background_enable_image=&#8221;off&#8221; background_position=&#8221;top_right&#8221; custom_width_px=&#8221;1280px&#8221; global_colors_info=&#8221;{}&#8221;][et_pb_column type=&#8221;2_3&#8243; _builder_version=&#8221;4.16&#8243; _module_preset=&#8221;default&#8221; custom_padding=&#8221;100px|||&#8221; custom_padding_tablet=&#8221;0px|||&#8221; custom_padding_phone=&#8221;0px|||&#8221; custom_padding_last_edited=&#8221;on|tablet&#8221; global_colors_info=&#8221;{}&#8221; padding_tablet=&#8221;0px|||&#8221; padding_last_edited=&#8221;on|tablet&#8221; custom_padding__hover=&#8221;|||&#8221; padding_phone=&#8221;0px|||&#8221;][et_pb_text _builder_version=&#8221;4.20.4&#8243; _module_preset=&#8221;default&#8221; text_font=&#8221;||||||||&#8221; text_font_size=&#8221;15px&#8221; text_line_height=&#8221;2em&#8221; ul_font=&#8221;||||||||&#8221; ol_font=&#8221;||||||||&#8221; header_font=&#8221;||||||||&#8221; header_2_font=&#8221;EB Garamond||||||||&#8221; header_2_font_size=&#8221;50px&#8221; header_2_line_height=&#8221;1.3em&#8221; header_3_font=&#8221;||||||||&#8221; header_4_font=&#8221;|700||on|||||&#8221; header_4_text_color=&#8221;#ffdaa4&#8243; header_4_font_size=&#8221;12px&#8221; header_4_letter_spacing=&#8221;2px&#8221; header_4_line_height=&#8221;2em&#8221; header_5_font=&#8221;||||||||&#8221; header_6_font=&#8221;||||||||&#8221; hover_enabled=&#8221;0&#8243; text_line_height_tablet=&#8221;&#8221; text_line_height_phone=&#8221;1.6em&#8221; text_line_height_last_edited=&#8221;on|phone&#8221; header_2_font_size_tablet=&#8221;40px&#8221; header_2_font_size_phone=&#8221;30px&#8221; header_2_font_size_last_edited=&#8221;on|phone&#8221; locked=&#8221;off&#8221; global_colors_info=&#8221;{}&#8221; sticky_enabled=&#8221;0&#8243;]<\/p>\n<h4>Korkeakouluissa toteutetut<\/h4>\n<h2>Mentoroinnin mallit<\/h2>\n<p>Hankkeen aikana on toteutettu lukuisia ty\u00f6pajoja keskittyen maahanmuuttajaopiskelijoiden yksil\u00f6llisen tukemisen hyviin k\u00e4yt\u00e4nteisiin ja kehitt\u00e4misen kohteisiin. Ty\u00f6pajoihin ovat osallistuneet korkeakoulujen ja ammatillisen toisen asteen henkil\u00f6kunta. T\u00e4m\u00e4n lis\u00e4ksi Lapin yliopistolla on kehitetty opiskelu- ja ty\u00f6el\u00e4m\u00e4mentorointia maahanmuuttajien ja kv-taustaisten opiskelijoiden opiskelun ty\u00f6llistymisen tueksi.<\/p>\n<p>T\u00e4lle sivustolle on koottu kokemuksia Lapin yliopistolla toteutetusta mentorointiohjelmasta sek\u00e4 Lapin AMK:lla rakennettu mentoroinnin malli. Lis\u00e4ksi mentorointiin liittyv\u00e4\u00e4 ohjausta kehitettiin Lapin AMK:ssa ja t\u00e4st\u00e4 on julkaistu oma sivustonsa. L\u00f6yd\u00e4t sen <a href=\"https:\/\/blogi.eoppimispalvelut.fi\/siltaamk\/\">t\u00e4\u00e4lt\u00e4<\/a>.<\/p>\n<p>[\/et_pb_text][\/et_pb_column][et_pb_column type=&#8221;1_3&#8243; _builder_version=&#8221;4.16&#8243; _module_preset=&#8221;default&#8221; custom_padding=&#8221;|||&#8221; global_colors_info=&#8221;{}&#8221; custom_padding__hover=&#8221;|||&#8221;][\/et_pb_column][\/et_pb_row][\/et_pb_section][et_pb_section fb_built=&#8221;1&#8243; admin_label=&#8221;Video&#8221; _builder_version=&#8221;4.16&#8243; _module_preset=&#8221;default&#8221; locked=&#8221;off&#8221; global_colors_info=&#8221;{}&#8221;][et_pb_row _builder_version=&#8221;4.16&#8243; _module_preset=&#8221;default&#8221; locked=&#8221;off&#8221; global_colors_info=&#8221;{}&#8221;][et_pb_column type=&#8221;4_4&#8243; _builder_version=&#8221;4.16&#8243; _module_preset=&#8221;default&#8221; custom_padding=&#8221;|||&#8221; global_colors_info=&#8221;{}&#8221; custom_padding__hover=&#8221;|||&#8221;][et_pb_text _builder_version=&#8221;4.18.0&#8243; _module_preset=&#8221;default&#8221; text_font=&#8221;EB Garamond|700|||||||&#8221; text_text_color=&#8221;rgba(0,0,0,0.02)&#8221; text_font_size=&#8221;80px&#8221; text_line_height=&#8221;0em&#8221; header_2_font=&#8221;EB Garamond||||||||&#8221; header_2_font_size=&#8221;50px&#8221; header_2_line_height=&#8221;1.3em&#8221; text_orientation=&#8221;center&#8221; text_font_size_tablet=&#8221;50px&#8221; text_font_size_phone=&#8221;30px&#8221; text_font_size_last_edited=&#8221;on|desktop&#8221; header_2_font_size_tablet=&#8221;40px&#8221; header_2_font_size_phone=&#8221;30px&#8221; header_2_font_size_last_edited=&#8221;on|phone&#8221; global_colors_info=&#8221;{}&#8221;]<\/p>\n<p>MENTOROINTI<\/p>\n<h2>Mentorointiohjelma Lapin yliopistolla<\/h2>\n<p>[\/et_pb_text][\/et_pb_column][\/et_pb_row][et_pb_row column_structure=&#8221;1_2,1_2&#8243; custom_padding_last_edited=&#8221;on|phone&#8221; _builder_version=&#8221;4.16&#8243; _module_preset=&#8221;default&#8221; background_color=&#8221;#ffffff&#8221; max_width=&#8221;1280px&#8221; custom_margin=&#8221;-2px|auto||auto||&#8221; custom_padding=&#8221;|60px||60px|true|true&#8221; custom_padding_tablet=&#8221;|40px||40px||true&#8221; custom_padding_phone=&#8221;|20px||20px||true&#8221; box_shadow_style=&#8221;preset1&#8243; box_shadow_vertical=&#8221;50px&#8221; box_shadow_blur=&#8221;80px&#8221; box_shadow_color=&#8221;rgba(15,19,25,0.1)&#8221; use_custom_width=&#8221;on&#8221; custom_width_px=&#8221;1280px&#8221; global_colors_info=&#8221;{}&#8221;][et_pb_column type=&#8221;1_2&#8243; _builder_version=&#8221;4.16&#8243; _module_preset=&#8221;default&#8221; custom_padding=&#8221;|||&#8221; global_colors_info=&#8221;{}&#8221; custom_padding__hover=&#8221;|||&#8221;][et_pb_image src=&#8221;https:\/\/blogi.eoppimispalvelut.fi\/siltahanke\/files\/2023\/02\/Mentorointi-kutsu.png&#8221; alt=&#8221;Kutsu mentorointiohjelmaan&#8221; title_text=&#8221;Mentorointi kutsu&#8221; _builder_version=&#8221;4.18.0&#8243; _module_preset=&#8221;default&#8221; global_colors_info=&#8221;{}&#8221;][\/et_pb_image][\/et_pb_column][et_pb_column type=&#8221;1_2&#8243; _builder_version=&#8221;4.16&#8243; _module_preset=&#8221;default&#8221; custom_padding=&#8221;|||&#8221; global_colors_info=&#8221;{}&#8221; custom_padding__hover=&#8221;|||&#8221;][et_pb_text _builder_version=&#8221;4.18.0&#8243; _module_preset=&#8221;default&#8221; text_font=&#8221;||||||||&#8221; text_font_size=&#8221;15px&#8221; text_line_height=&#8221;2em&#8221; ul_font=&#8221;||||||||&#8221; ol_font=&#8221;||||||||&#8221; header_font=&#8221;||||||||&#8221; header_2_font=&#8221;EB Garamond||||||||&#8221; header_2_font_size=&#8221;50px&#8221; header_2_line_height=&#8221;1.3em&#8221; header_3_font=&#8221;||||||||&#8221; header_4_font=&#8221;|700||on|||||&#8221; header_4_text_color=&#8221;#ffdaa4&#8243; header_4_font_size=&#8221;12px&#8221; header_4_letter_spacing=&#8221;2px&#8221; header_4_line_height=&#8221;2em&#8221; header_5_font=&#8221;||||||||&#8221; header_6_font=&#8221;||||||||&#8221; header_2_font_size_tablet=&#8221;40px&#8221; header_2_font_size_phone=&#8221;30px&#8221; header_2_font_size_last_edited=&#8221;on|phone&#8221; locked=&#8221;off&#8221; global_colors_info=&#8221;{}&#8221;]<\/p>\n<p>Lapin yliopistolla toteutettiin kev\u00e4\u00e4ll\u00e4 2022 kansainv\u00e4lisiss\u00e4 tutkinto-ohjelmissa (maisteri- ja tohtoritaso) opiskeleville suunnattu mentorointohjelma. Mentorointiohjelman tavoitteena oli tukea opiskelijoita osaamisen tunnistamisessa ja opiskelutaitojen kehitt\u00e4misess\u00e4. Ohjelmassa panostettiin ty\u00f6el\u00e4m\u00e4l\u00e4ht\u00f6isyyteen.<\/p>\n<p>\u00a0Suunnitteluvaihe tehtiin huolellisesti ja ohjelman sis\u00e4ll\u00f6ist\u00e4 keskusteltiin ylioppilaskunnan ja kv-maisterohjelmien edustajien, kv-maisteriohjelmissa opiskelevien opiskelijoiden kanssa. Lis\u00e4ksi perehdyttiin aiheeseen liittyv\u00e4\u00e4n kirjallisuuteen. Mentorointiohjelmaa markkinoitiin laajasti eri kanavia pitkin sek\u00e4 j\u00e4rjestettiin kahvitilaisuuksia opiskelijoiden mahdollisia kysymyksi\u00e4 varten. Opiskelijoita mukana oli jokaisella kerralla 5-10 henkil\u00f6\u00e4.<\/p>\n<p>[\/et_pb_text][\/et_pb_column][\/et_pb_row][et_pb_row column_structure=&#8221;1_2,1_2&#8243; custom_padding_last_edited=&#8221;on|phone&#8221; _builder_version=&#8221;4.18.0&#8243; _module_preset=&#8221;default&#8221; background_color=&#8221;#ffffff&#8221; max_width=&#8221;1280px&#8221; custom_margin=&#8221;-2px|auto||auto||&#8221; custom_padding=&#8221;|60px||60px|true|true&#8221; custom_padding_tablet=&#8221;|40px||40px||true&#8221; custom_padding_phone=&#8221;|20px||20px||true&#8221; box_shadow_style=&#8221;preset1&#8243; box_shadow_vertical=&#8221;50px&#8221; box_shadow_blur=&#8221;80px&#8221; box_shadow_color=&#8221;rgba(15,19,25,0.1)&#8221; use_custom_width=&#8221;on&#8221; custom_width_px=&#8221;1280px&#8221; global_colors_info=&#8221;{}&#8221;][et_pb_column type=&#8221;1_2&#8243; _builder_version=&#8221;4.18.0&#8243; _module_preset=&#8221;default&#8221; global_colors_info=&#8221;{}&#8221;][et_pb_text _builder_version=&#8221;4.18.0&#8243; _module_preset=&#8221;default&#8221; text_font=&#8221;||||||||&#8221; text_font_size=&#8221;15px&#8221; text_line_height=&#8221;2em&#8221; ul_font=&#8221;||||||||&#8221; ol_font=&#8221;||||||||&#8221; header_font=&#8221;||||||||&#8221; header_2_font=&#8221;EB Garamond||||||||&#8221; header_2_font_size=&#8221;50px&#8221; header_2_line_height=&#8221;1.3em&#8221; header_3_font=&#8221;||||||||&#8221; header_4_font=&#8221;|700||on|||||&#8221; header_4_text_color=&#8221;#ffdaa4&#8243; header_4_font_size=&#8221;12px&#8221; header_4_letter_spacing=&#8221;2px&#8221; header_4_line_height=&#8221;2em&#8221; header_5_font=&#8221;||||||||&#8221; header_6_font=&#8221;||||||||&#8221; header_2_font_size_tablet=&#8221;40px&#8221; header_2_font_size_phone=&#8221;30px&#8221; header_2_font_size_last_edited=&#8221;on|phone&#8221; locked=&#8221;off&#8221; global_colors_info=&#8221;{}&#8221;]<\/p>\n<p>Mentorointiohjelmaa markkinoitiin opiskelijoille oheisella ty\u00f6skentelyrungolla ja runko toimi todella hyvin. Tapaamisia oli kaikenkaikkiaan kuusi, joista jokainen keskittyi omaan teemaan. Tapaamisissa keskusteltiin mm. oman osaamisen tunnistamisesta teht\u00e4vien muodossa, ty\u00f6stettiin CV:t\u00e4 ja hakemuksia, tavattiin ty\u00f6el\u00e4m\u00e4mentoreita sek\u00e4 suunnattiin katseita valmistumisen j\u00e4lkeiseen aikaan. Tapaamisten aikana ja niiden v\u00e4lill\u00e4 opiskelijat tekiv\u00e4t henkil\u00f6kohtaista reflektointia ja yksil\u00f6- ja ryhm\u00e4teht\u00e4vi\u00e4. Lis\u00e4ksi opiskelijoille annettiin mahdollisuus henkil\u00f6kohtaisiin keskusteluihin mentorointiohjelman j\u00e4rjest\u00e4jien kanssa.<\/p>\n<p>Ohjelman aikana painotettiin my\u00f6s vertaismentoroinnin merkityst\u00e4, sill\u00e4 jokainen osallistuja voi toimia mentorina kanssaopiskelijoilleen sek\u00e4 mentorointiohjelman j\u00e4rjest\u00e4jille.<\/p>\n<p>Varsinainen mentorointiohjelma toteutettiin hybdiridimuotoisena.<\/p>\n<p>&nbsp;<\/p>\n<p>[\/et_pb_text][\/et_pb_column][et_pb_column type=&#8221;1_2&#8243; _builder_version=&#8221;4.16&#8243; _module_preset=&#8221;default&#8221; custom_padding=&#8221;|||&#8221; global_colors_info=&#8221;{}&#8221; custom_padding__hover=&#8221;|||&#8221;][et_pb_image src=&#8221;https:\/\/blogi.eoppimispalvelut.fi\/siltahanke\/files\/2023\/02\/mentoroinnin-ohjelmarunko.png&#8221; alt=&#8221;Kutsu mentorointiohjelmaan&#8221; title_text=&#8221;mentoroinnin ohjelmarunko&#8221; _builder_version=&#8221;4.18.0&#8243; _module_preset=&#8221;default&#8221; global_colors_info=&#8221;{}&#8221;][\/et_pb_image][\/et_pb_column][\/et_pb_row][et_pb_row column_structure=&#8221;1_2,1_2&#8243; custom_padding_last_edited=&#8221;on|phone&#8221; _builder_version=&#8221;4.18.0&#8243; _module_preset=&#8221;default&#8221; background_color=&#8221;#ffffff&#8221; max_width=&#8221;1280px&#8221; custom_margin=&#8221;-2px|auto||auto||&#8221; custom_padding=&#8221;|60px||60px|true|true&#8221; custom_padding_tablet=&#8221;|40px||40px||true&#8221; custom_padding_phone=&#8221;|20px||20px||true&#8221; box_shadow_style=&#8221;preset1&#8243; box_shadow_vertical=&#8221;50px&#8221; box_shadow_blur=&#8221;80px&#8221; box_shadow_color=&#8221;rgba(15,19,25,0.1)&#8221; use_custom_width=&#8221;on&#8221; custom_width_px=&#8221;1280px&#8221; global_colors_info=&#8221;{}&#8221;][et_pb_column type=&#8221;1_2&#8243; _builder_version=&#8221;4.18.0&#8243; _module_preset=&#8221;default&#8221; global_colors_info=&#8221;{}&#8221;][et_pb_text _builder_version=&#8221;4.18.0&#8243; _module_preset=&#8221;default&#8221; text_font=&#8221;||||||||&#8221; text_font_size=&#8221;15px&#8221; text_line_height=&#8221;2em&#8221; ul_font=&#8221;||||||||&#8221; ol_font=&#8221;||||||||&#8221; header_font=&#8221;||||||||&#8221; header_2_font=&#8221;EB Garamond||||||||&#8221; header_2_font_size=&#8221;50px&#8221; header_2_line_height=&#8221;1.3em&#8221; header_3_font=&#8221;||||||||&#8221; header_4_font=&#8221;|700||on|||||&#8221; header_4_text_color=&#8221;#ffdaa4&#8243; header_4_font_size=&#8221;12px&#8221; header_4_letter_spacing=&#8221;2px&#8221; header_4_line_height=&#8221;2em&#8221; header_5_font=&#8221;||||||||&#8221; header_6_font=&#8221;||||||||&#8221; header_2_font_size_tablet=&#8221;40px&#8221; header_2_font_size_phone=&#8221;30px&#8221; header_2_font_size_last_edited=&#8221;on|phone&#8221; locked=&#8221;off&#8221; global_colors_info=&#8221;{}&#8221;]<\/p>\n<p>Mentoroinnista saatu palaute oli erinomaista. Ohjelma tuki osallistujia ty\u00f6llistymisess\u00e4 sek\u00e4 oman osaamisen sanoittamisessa. Mentoroinnin suunnitteluvaiheessa toteutettiin ty\u00f6skentelyn tueksi ty\u00f6kirja, joka muokattiin palautteen pohjalta. Mentoroinnin ty\u00f6kirja on saatavilla sek\u00e4 <a href=\"https:\/\/blogi.eoppimispalvelut.fi\/siltahanke\/files\/2022\/12\/Mentoroinnin-tyokirja.pdf\" title=\"Mentoroinnin ty\u00f6kirja suomeksi\">suomeksi<\/a> ett\u00e4 <a href=\"https:\/\/blogi.eoppimispalvelut.fi\/siltahanke\/files\/2022\/09\/Mentoring-workbook-2022.pdf\" title=\"Mentoroinnin ty\u00f6kirja englanniksi\">englanniksi<\/a>.<\/p>\n<p>Ohessa kuva k\u00e4ytt\u00e4m\u00e4st\u00e4mme ohjelmarungosta sek\u00e4 linkitykset mentoroinnin ty\u00f6kirjan teht\u00e4viin. <span class=\"S1PPyQ\">Ennen ryhm\u00e4tapaamisia on suositeltavaa tavata jokainen osallistuja henkil\u00f6kohtaisesti ja keskustella h\u00e4nen kanssaan motivaatiosta ja tavoitteista. Osallistujan on my\u00f6s hyv\u00e4 olla perill\u00e4 ryhm\u00e4tapaamisten tarkoituksesta. Ryhm\u00e4tapaamisten v\u00e4liss\u00e4 on suositeltavaa tarjota osallistujille vapaita ohjausaikoja, joissa opiskelijat voivat k\u00e4yd\u00e4 kahdenkeskisi\u00e4 keskusteluja ohjaajien kanssa. T\u00e4ll\u00f6in taataan yksil\u00f6llinen oppiminen ja mahdollistetaan henkil\u00f6kohtaiset keskustelut.\u00a0<\/span><\/p>\n<p>[\/et_pb_text][\/et_pb_column][et_pb_column type=&#8221;1_2&#8243; _builder_version=&#8221;4.16&#8243; _module_preset=&#8221;default&#8221; custom_padding=&#8221;|||&#8221; global_colors_info=&#8221;{}&#8221; custom_padding__hover=&#8221;|||&#8221;][et_pb_image src=&#8221;https:\/\/blogi.eoppimispalvelut.fi\/siltahanke\/files\/2023\/02\/ehdotus-mentoroinnin-ohjelmarungosta.png&#8221; alt=&#8221;Kutsu mentorointiohjelmaan&#8221; title_text=&#8221;ehdotus mentoroinnin ohjelmarungosta&#8221; _builder_version=&#8221;4.18.0&#8243; _module_preset=&#8221;default&#8221; global_colors_info=&#8221;{}&#8221;][\/et_pb_image][\/et_pb_column][\/et_pb_row][\/et_pb_section][et_pb_section fb_built=&#8221;1&#8243; admin_label=&#8221;Video&#8221; _builder_version=&#8221;4.16&#8243; _module_preset=&#8221;default&#8221; locked=&#8221;off&#8221; global_colors_info=&#8221;{}&#8221;][et_pb_row _builder_version=&#8221;4.16&#8243; _module_preset=&#8221;default&#8221; locked=&#8221;off&#8221; global_colors_info=&#8221;{}&#8221;][et_pb_column type=&#8221;4_4&#8243; _builder_version=&#8221;4.16&#8243; _module_preset=&#8221;default&#8221; custom_padding=&#8221;|||&#8221; global_colors_info=&#8221;{}&#8221; custom_padding__hover=&#8221;|||&#8221;][et_pb_text _builder_version=&#8221;4.20.4&#8243; _module_preset=&#8221;default&#8221; text_font=&#8221;EB Garamond|700|||||||&#8221; text_text_color=&#8221;rgba(0,0,0,0.02)&#8221; text_font_size=&#8221;80px&#8221; text_line_height=&#8221;0em&#8221; header_2_font=&#8221;EB Garamond||||||||&#8221; header_2_font_size=&#8221;50px&#8221; header_2_line_height=&#8221;1.3em&#8221; text_orientation=&#8221;center&#8221; hover_enabled=&#8221;0&#8243; text_font_size_tablet=&#8221;50px&#8221; text_font_size_phone=&#8221;30px&#8221; text_font_size_last_edited=&#8221;on|desktop&#8221; header_2_font_size_tablet=&#8221;40px&#8221; header_2_font_size_phone=&#8221;30px&#8221; header_2_font_size_last_edited=&#8221;on|phone&#8221; global_colors_info=&#8221;{}&#8221; sticky_enabled=&#8221;0&#8243;]<\/p>\n<p>MENTOROINTI<\/p>\n<h2>Lapin AMK:n mentoroinnin malli<\/h2>\n<p>[\/et_pb_text][\/et_pb_column][\/et_pb_row][et_pb_row column_structure=&#8221;1_2,1_2&#8243; custom_padding_last_edited=&#8221;on|phone&#8221; _builder_version=&#8221;4.16&#8243; _module_preset=&#8221;default&#8221; background_color=&#8221;#ffffff&#8221; max_width=&#8221;1280px&#8221; custom_margin=&#8221;-2px|auto||auto||&#8221; custom_padding=&#8221;|60px||60px|true|true&#8221; custom_padding_tablet=&#8221;|40px||40px||true&#8221; custom_padding_phone=&#8221;|20px||20px||true&#8221; box_shadow_style=&#8221;preset1&#8243; box_shadow_vertical=&#8221;50px&#8221; box_shadow_blur=&#8221;80px&#8221; box_shadow_color=&#8221;rgba(15,19,25,0.1)&#8221; use_custom_width=&#8221;on&#8221; custom_width_px=&#8221;1280px&#8221; global_colors_info=&#8221;{}&#8221;][et_pb_column type=&#8221;1_2&#8243; _builder_version=&#8221;4.16&#8243; _module_preset=&#8221;default&#8221; custom_padding=&#8221;|||&#8221; global_colors_info=&#8221;{}&#8221; custom_padding__hover=&#8221;|||&#8221;][et_pb_image src=&#8221;https:\/\/blogi.eoppimispalvelut.fi\/siltahanke\/files\/2023\/06\/Lapin-AMK-Mentorointimalli_Page_1.png&#8221; alt=&#8221;Kutsu mentorointiohjelmaan&#8221; title_text=&#8221;Lapin AMK Mentorointimalli_Page_1&#8243; _builder_version=&#8221;4.20.4&#8243; _module_preset=&#8221;default&#8221; hover_enabled=&#8221;0&#8243; global_colors_info=&#8221;{}&#8221; sticky_enabled=&#8221;0&#8243;][\/et_pb_image][et_pb_image src=&#8221;https:\/\/blogi.eoppimispalvelut.fi\/siltahanke\/files\/2023\/06\/Lapin-AMK-Mentorointimalli_Page_2.png&#8221; alt=&#8221;Kutsu mentorointiohjelmaan&#8221; title_text=&#8221;Lapin AMK Mentorointimalli_Page_2&#8243; _builder_version=&#8221;4.20.4&#8243; _module_preset=&#8221;default&#8221; hover_enabled=&#8221;0&#8243; global_colors_info=&#8221;{}&#8221; sticky_enabled=&#8221;0&#8243;][\/et_pb_image][\/et_pb_column][et_pb_column type=&#8221;1_2&#8243; _builder_version=&#8221;4.16&#8243; _module_preset=&#8221;default&#8221; custom_padding=&#8221;|||&#8221; global_colors_info=&#8221;{}&#8221; custom_padding__hover=&#8221;|||&#8221;][et_pb_text _builder_version=&#8221;4.20.4&#8243; _module_preset=&#8221;default&#8221; text_font=&#8221;||||||||&#8221; text_font_size=&#8221;15px&#8221; text_line_height=&#8221;2em&#8221; ul_font=&#8221;||||||||&#8221; ol_font=&#8221;||||||||&#8221; header_font=&#8221;||||||||&#8221; header_2_font=&#8221;EB Garamond||||||||&#8221; header_2_font_size=&#8221;50px&#8221; header_2_line_height=&#8221;1.3em&#8221; header_3_font=&#8221;||||||||&#8221; header_4_font=&#8221;|700||on|||||&#8221; header_4_text_color=&#8221;#ffdaa4&#8243; header_4_font_size=&#8221;12px&#8221; header_4_letter_spacing=&#8221;2px&#8221; header_4_line_height=&#8221;2em&#8221; header_5_font=&#8221;||||||||&#8221; header_6_font=&#8221;||||||||&#8221; hover_enabled=&#8221;0&#8243; header_2_font_size_tablet=&#8221;40px&#8221; header_2_font_size_phone=&#8221;30px&#8221; header_2_font_size_last_edited=&#8221;on|phone&#8221; locked=&#8221;off&#8221; global_colors_info=&#8221;{}&#8221; sticky_enabled=&#8221;0&#8243;]<\/p>\n<p>Mentoroinnin malli vastaa tarpeeseen tukea maahan muuttaneen ja kansainv\u00e4list\u00e4 tutkintoa tai vaihtoa suorittavan opiskelijan opintojen etenemist\u00e4 korkeakoulussa. Aliedustettujen ryhmien kuten ulkomaalaistaustaisten kohdalla korostuvat kielelliset tarpeet, oppimaan oppimisen tarpeet, suomalaisen yhteiskunnan ty\u00f6el\u00e4m\u00e4n tuntemus sek\u00e4 t\u00e4lle ryhm\u00e4lle suunnatun erityisen ohjauksen tarpeet kulttuuriset erot huomioiden. T\u00e4rke\u00e4\u00e4 on my\u00f6s havaita kaksisuuntaisen integraation mahdollistaminen, jolloin valtav\u00e4est\u00f6 oppii uusista kulttuureista ja huomioi monikulttuurisuuden vahvistamisen edellytykset mm. moniammatillisessa ja monikulttuurisissa ty\u00f6yhteis\u00f6iss\u00e4. Mentoroinnin tavoitteena on tukea maahan muuttaneen ja kansainv\u00e4list\u00e4 tutkintoa tai vaihtoa suorittavan opiskelijan opintojen etenemist\u00e4.<\/p>\n<p>Mentorointi voidaan ymm\u00e4rt\u00e4\u00e4 monella tavalla ja sen muodot ja mallit vaihtelevat riippuen siit\u00e4 kontekstista, jossa mentorointia harjoitetaan. T\u00e4ss\u00e4 yhteydess\u00e4 mentorointi n\u00e4hd\u00e4\u00e4n luonnollisesti etenev\u00e4n\u00e4 ja laajasti osana koko korkeakoulun toimintaa, jossa huomioidaan my\u00f6s ohjauksellisuus ennen korkeakouluopintojen aloittamista. Mentorointi sidotaan opiskelijan polun eri vaiheisiin, joka edellytt\u00e4\u00e4 mentorointiin liittyvien ty\u00f6k\u00e4yt\u00e4nt\u00f6jen tiivist\u00e4 kytkemist\u00e4 opiskelijan polkuihin. Mentorointimallin kehitt\u00e4minen Silta-hankkeessa perustuu kaksisuuntaisen integraation tukemisen ajatukseen. T\u00e4ll\u00f6in mentoroinnista hy\u00f6tyv\u00e4t sek\u00e4 valtakulttuurin ett\u00e4 vieraan kulttuurin opiskelijat. Samalla oppilaitoksen toimintak\u00e4yt\u00e4nn\u00f6t vahvistuvat monikulttuurisiksi. Mentorointimalli toteutetaan osin opetus- ja ohjaushenkil\u00f6st\u00f6n toimintana sek\u00e4 erityisesti vertaismentorointina, jolloin mentorointi tapahtuu opiskelijoiden keskin\u00e4isen\u00e4 tukena, jossa eri kulttuureista tulevat opiskelijat tukevat toisiaan opintojen etenemisess\u00e4. T\u00e4m\u00e4 edellytt\u00e4\u00e4 opetus- ja ohjaushenkil\u00f6st\u00f6n sitoutumista vertaismentoroinnin mahdollisuuksien j\u00e4rjest\u00e4miseen. Lis\u00e4ksi opetus- ja ohjaushenkil\u00f6st\u00f6 osallistuu mentoroinnin mahdollistamiseen omien opintojaksojensa aikana. Mentoroinninmallin kuviossa tarkastellaan mentorointia edist\u00e4vi\u00e4 tekij\u00f6it\u00e4 ja mentoroinnin mahdollisuuksia.<\/p>\n<p>Mentoroinnin malli ladattavissa pdf-muodossa <a href=\"https:\/\/blogi.eoppimispalvelut.fi\/siltahanke\/files\/2023\/06\/Lapin-AMK-Mentorointimalli.pdf\">t\u00e4st\u00e4<\/a>.<\/p>\n<p>&nbsp;<\/p>\n<p>[\/et_pb_text][\/et_pb_column][\/et_pb_row][\/et_pb_section]<\/p>\n","protected":false},"excerpt":{"rendered":"<p>Korkeakouluissa toteutetut Mentoroinnin mallit Hankkeen aikana on toteutettu lukuisia ty\u00f6pajoja keskittyen maahanmuuttajaopiskelijoiden yksil\u00f6llisen tukemisen hyviin k\u00e4yt\u00e4nteisiin ja kehitt\u00e4misen kohteisiin. Ty\u00f6pajoihin ovat osallistuneet korkeakoulujen ja ammatillisen toisen asteen henkil\u00f6kunta. T\u00e4m\u00e4n lis\u00e4ksi Lapin yliopistolla on kehitetty opiskelu- ja ty\u00f6el\u00e4m\u00e4mentorointia maahanmuuttajien ja kv-taustaisten opiskelijoiden opiskelun ty\u00f6llistymisen tueksi. T\u00e4lle sivustolle on koottu kokemuksia Lapin yliopistolla toteutetusta mentorointiohjelmasta sek\u00e4 Lapin [&hellip;]<\/p>\n","protected":false},"author":3256,"featured_media":0,"parent":0,"menu_order":3,"comment_status":"closed","ping_status":"closed","template":"","meta":{"_et_pb_use_builder":"on","_et_pb_old_content":"","_et_gb_content_width":"","footnotes":""},"class_list":["post-67","page","type-page","status-publish","hentry"],"_links":{"self":[{"href":"https:\/\/blogi.eoppimispalvelut.fi\/siltahanke\/wp-json\/wp\/v2\/pages\/67","targetHints":{"allow":["GET"]}}],"collection":[{"href":"https:\/\/blogi.eoppimispalvelut.fi\/siltahanke\/wp-json\/wp\/v2\/pages"}],"about":[{"href":"https:\/\/blogi.eoppimispalvelut.fi\/siltahanke\/wp-json\/wp\/v2\/types\/page"}],"author":[{"embeddable":true,"href":"https:\/\/blogi.eoppimispalvelut.fi\/siltahanke\/wp-json\/wp\/v2\/users\/3256"}],"replies":[{"embeddable":true,"href":"https:\/\/blogi.eoppimispalvelut.fi\/siltahanke\/wp-json\/wp\/v2\/comments?post=67"}],"version-history":[{"count":13,"href":"https:\/\/blogi.eoppimispalvelut.fi\/siltahanke\/wp-json\/wp\/v2\/pages\/67\/revisions"}],"predecessor-version":[{"id":411,"href":"https:\/\/blogi.eoppimispalvelut.fi\/siltahanke\/wp-json\/wp\/v2\/pages\/67\/revisions\/411"}],"wp:attachment":[{"href":"https:\/\/blogi.eoppimispalvelut.fi\/siltahanke\/wp-json\/wp\/v2\/media?parent=67"}],"curies":[{"name":"wp","href":"https:\/\/api.w.org\/{rel}","templated":true}]}}