{"id":43,"date":"2018-03-05T21:53:06","date_gmt":"2018-03-05T19:53:06","guid":{"rendered":"https:\/\/blogi.eoppimispalvelut.fi\/sivi\/?page_id=43"},"modified":"2018-04-26T10:34:52","modified_gmt":"2018-04-26T07:34:52","slug":"sisainen-viestinta","status":"publish","type":"page","link":"https:\/\/blogi.eoppimispalvelut.fi\/sivi\/sisainen-viestinta\/","title":{"rendered":"Sis\u00e4inen viestint\u00e4"},"content":{"rendered":"<p>Viestint\u00e4 on onnistunut, kun henkil\u00f6st\u00f6 on sis\u00e4ist\u00e4nyt muutoksen t\u00e4rkeyden ja sitoutunut siihen. T\u00e4m\u00e4n seurauksena t\u00f6it\u00e4 tehd\u00e4\u00e4n hyv\u00e4ll\u00e4 motivaatiolla ja perusteht\u00e4v\u00e4n suuntaisesti. Lis\u00e4ksi t\u00e4rke\u00e4 tunnusmerkki on se, ett\u00e4 integraation j\u00e4lkeen johto ja henkil\u00f6st\u00f6 luottaa edelleen toisiinsa.<\/p>\n<p>N\u00e4ill\u00e4 vinkeill\u00e4 onnistut viestinn\u00e4ss\u00e4:<\/p>\n<ul>\n<li><a href=\"https:\/\/blogi.eoppimispalvelut.fi\/sivi\/onnistunut-viestinta\/\">Onnistunut viestint\u00e4<\/a><\/li>\n<li><a href=\"https:\/\/blogi.eoppimispalvelut.fi\/sivi\/sisaisen-viestinnan-suunnitelma\/\">Sis\u00e4isen viestinn\u00e4n suunnitelma<\/a><\/li>\n<\/ul>\n<p>&nbsp;<\/p>\n<p><img loading=\"lazy\" decoding=\"async\" class=\"alignnone size-large wp-image-272\" src=\"https:\/\/blogi.eoppimispalvelut.fi\/sivi\/files\/2018\/04\/brooke-cagle-195777-unsplash-1024x683.jpg\" alt=\"\" width=\"584\" height=\"390\" srcset=\"https:\/\/blogi.eoppimispalvelut.fi\/sivi\/files\/2018\/04\/brooke-cagle-195777-unsplash-1024x683.jpg 1024w, https:\/\/blogi.eoppimispalvelut.fi\/sivi\/files\/2018\/04\/brooke-cagle-195777-unsplash-300x200.jpg 300w, https:\/\/blogi.eoppimispalvelut.fi\/sivi\/files\/2018\/04\/brooke-cagle-195777-unsplash-768x512.jpg 768w, https:\/\/blogi.eoppimispalvelut.fi\/sivi\/files\/2018\/04\/brooke-cagle-195777-unsplash-450x300.jpg 450w\" sizes=\"auto, (max-width: 584px) 100vw, 584px\" \/><\/p>\n","protected":false},"excerpt":{"rendered":"<p>Viestint\u00e4 on onnistunut, kun henkil\u00f6st\u00f6 on sis\u00e4ist\u00e4nyt muutoksen t\u00e4rkeyden ja sitoutunut siihen. T\u00e4m\u00e4n seurauksena t\u00f6it\u00e4 tehd\u00e4\u00e4n hyv\u00e4ll\u00e4 motivaatiolla ja perusteht\u00e4v\u00e4n suuntaisesti. Lis\u00e4ksi t\u00e4rke\u00e4 tunnusmerkki on se, ett\u00e4 integraation j\u00e4lkeen johto ja henkil\u00f6st\u00f6 luottaa edelleen toisiinsa. N\u00e4ill\u00e4 vinkeill\u00e4 onnistut viestinn\u00e4ss\u00e4: Onnistunut &hellip; <a href=\"https:\/\/blogi.eoppimispalvelut.fi\/sivi\/sisainen-viestinta\/\">Continue reading <span class=\"meta-nav\">&rarr;<\/span><\/a><\/p>\n","protected":false},"author":2359,"featured_media":0,"parent":0,"menu_order":5,"comment_status":"closed","ping_status":"closed","template":"sidebar-page.php","meta":{"footnotes":""},"class_list":["post-43","page","type-page","status-publish","hentry"],"_links":{"self":[{"href":"https:\/\/blogi.eoppimispalvelut.fi\/sivi\/wp-json\/wp\/v2\/pages\/43","targetHints":{"allow":["GET"]}}],"collection":[{"href":"https:\/\/blogi.eoppimispalvelut.fi\/sivi\/wp-json\/wp\/v2\/pages"}],"about":[{"href":"https:\/\/blogi.eoppimispalvelut.fi\/sivi\/wp-json\/wp\/v2\/types\/page"}],"author":[{"embeddable":true,"href":"https:\/\/blogi.eoppimispalvelut.fi\/sivi\/wp-json\/wp\/v2\/users\/2359"}],"replies":[{"embeddable":true,"href":"https:\/\/blogi.eoppimispalvelut.fi\/sivi\/wp-json\/wp\/v2\/comments?post=43"}],"version-history":[{"count":6,"href":"https:\/\/blogi.eoppimispalvelut.fi\/sivi\/wp-json\/wp\/v2\/pages\/43\/revisions"}],"predecessor-version":[{"id":274,"href":"https:\/\/blogi.eoppimispalvelut.fi\/sivi\/wp-json\/wp\/v2\/pages\/43\/revisions\/274"}],"wp:attachment":[{"href":"https:\/\/blogi.eoppimispalvelut.fi\/sivi\/wp-json\/wp\/v2\/media?parent=43"}],"curies":[{"name":"wp","href":"https:\/\/api.w.org\/{rel}","templated":true}]}}