{"id":46,"date":"2020-09-23T09:43:40","date_gmt":"2020-09-23T06:43:40","guid":{"rendered":"https:\/\/blogi.eoppimispalvelut.fi\/snowember\/?page_id=46"},"modified":"2021-10-13T11:13:47","modified_gmt":"2021-10-13T08:13:47","slug":"ensilumenlatu","status":"publish","type":"page","link":"https:\/\/blogi.eoppimispalvelut.fi\/snowember\/ensilumenlatu\/","title":{"rendered":"Ensilumenlatu"},"content":{"rendered":"<p>Avaa hiihtokautesi loisto-olosuhteissa Rovaniemen Ounasvaaralla! Ensilumenlatu avataan hiihtostadionin maastoon 1,5 kilometrin mittaisena 30.10.2021. Ladun kokonaispituus tulee olemaan noin 9 km, joka avataan k\u00e4ytt\u00f6\u00f6n v\u00e4litt\u00f6m\u00e4sti kelien salliessa. T\u00e4ll\u00f6in latuyhteys saadaan my\u00f6s Santasportin ja hiihtostadionin v\u00e4lille. Latu on valaistu joka p\u00e4iv\u00e4 klo 7:00 \u2013 22:00. Latuprofiili sopii niin kunto- kuin kilpahiiht\u00e4jillekin!<\/p>\n<p>Lue lis\u00e4\u00e4: <a href=\"https:\/\/santasport.fi\/tilat\/ensilumenlatu\/\">https:\/\/santasport.fi\/tilat\/ensilumenlatu\/<\/a><\/p>\n<p><img loading=\"lazy\" decoding=\"async\" class=\"alignnone wp-image-47 size-full\" src=\"https:\/\/blogi.eoppimispalvelut.fi\/snowember\/files\/2020\/09\/Ounasvaara-Ensilumenlatu-2020-kartta.jpg\" alt=\"\" width=\"2339\" height=\"1654\" srcset=\"https:\/\/blogi.eoppimispalvelut.fi\/snowember\/files\/2020\/09\/Ounasvaara-Ensilumenlatu-2020-kartta.jpg 2339w, https:\/\/blogi.eoppimispalvelut.fi\/snowember\/files\/2020\/09\/Ounasvaara-Ensilumenlatu-2020-kartta-300x212.jpg 300w, https:\/\/blogi.eoppimispalvelut.fi\/snowember\/files\/2020\/09\/Ounasvaara-Ensilumenlatu-2020-kartta-1024x724.jpg 1024w, https:\/\/blogi.eoppimispalvelut.fi\/snowember\/files\/2020\/09\/Ounasvaara-Ensilumenlatu-2020-kartta-768x543.jpg 768w, https:\/\/blogi.eoppimispalvelut.fi\/snowember\/files\/2020\/09\/Ounasvaara-Ensilumenlatu-2020-kartta-1536x1086.jpg 1536w, https:\/\/blogi.eoppimispalvelut.fi\/snowember\/files\/2020\/09\/Ounasvaara-Ensilumenlatu-2020-kartta-2048x1448.jpg 2048w\" sizes=\"auto, (max-width: 2339px) 100vw, 2339px\" \/><img loading=\"lazy\" decoding=\"async\" class=\"alignnone wp-image-48 size-full\" src=\"https:\/\/blogi.eoppimispalvelut.fi\/snowember\/files\/2020\/09\/Ounasvaara-Ensilumenlatu-2020-profiilit.jpg\" alt=\"\" width=\"2339\" height=\"1654\" srcset=\"https:\/\/blogi.eoppimispalvelut.fi\/snowember\/files\/2020\/09\/Ounasvaara-Ensilumenlatu-2020-profiilit.jpg 2339w, https:\/\/blogi.eoppimispalvelut.fi\/snowember\/files\/2020\/09\/Ounasvaara-Ensilumenlatu-2020-profiilit-300x212.jpg 300w, https:\/\/blogi.eoppimispalvelut.fi\/snowember\/files\/2020\/09\/Ounasvaara-Ensilumenlatu-2020-profiilit-1024x724.jpg 1024w, https:\/\/blogi.eoppimispalvelut.fi\/snowember\/files\/2020\/09\/Ounasvaara-Ensilumenlatu-2020-profiilit-768x543.jpg 768w, https:\/\/blogi.eoppimispalvelut.fi\/snowember\/files\/2020\/09\/Ounasvaara-Ensilumenlatu-2020-profiilit-1536x1086.jpg 1536w, https:\/\/blogi.eoppimispalvelut.fi\/snowember\/files\/2020\/09\/Ounasvaara-Ensilumenlatu-2020-profiilit-2048x1448.jpg 2048w\" sizes=\"auto, (max-width: 2339px) 100vw, 2339px\" \/><\/p>\n<p>&nbsp;<\/p>\n<p><img loading=\"lazy\" decoding=\"async\" class=\"alignnone wp-image-39 size-medium\" src=\"https:\/\/blogi.eoppimispalvelut.fi\/snowember\/files\/2020\/09\/OTC_Santasport--300x166.jpg\" alt=\"\" width=\"300\" height=\"166\" srcset=\"https:\/\/blogi.eoppimispalvelut.fi\/snowember\/files\/2020\/09\/OTC_Santasport--300x166.jpg 300w, https:\/\/blogi.eoppimispalvelut.fi\/snowember\/files\/2020\/09\/OTC_Santasport--1024x565.jpg 1024w, https:\/\/blogi.eoppimispalvelut.fi\/snowember\/files\/2020\/09\/OTC_Santasport--768x424.jpg 768w, https:\/\/blogi.eoppimispalvelut.fi\/snowember\/files\/2020\/09\/OTC_Santasport-.jpg 1372w\" sizes=\"auto, (max-width: 300px) 100vw, 300px\" \/><\/p>\n","protected":false},"excerpt":{"rendered":"<p>Avaa hiihtokautesi loisto-olosuhteissa Rovaniemen Ounasvaaralla! Ensilumenlatu avataan hiihtostadionin maastoon 1,5 kilometrin mittaisena 30.10.2021. Ladun kokonaispituus tulee olemaan noin 9 km, joka avataan k\u00e4ytt\u00f6\u00f6n v\u00e4litt\u00f6m\u00e4sti kelien salliessa. T\u00e4ll\u00f6in latuyhteys saadaan my\u00f6s Santasportin ja hiihtostadionin v\u00e4lille. Latu on valaistu joka p\u00e4iv\u00e4 klo 7:00 \u2013 22:00. Latuprofiili sopii niin kunto- kuin kilpahiiht\u00e4jillekin! Lue lis\u00e4\u00e4: https:\/\/santasport.fi\/tilat\/ensilumenlatu\/ &nbsp;<\/p>\n","protected":false},"author":3761,"featured_media":0,"parent":0,"menu_order":0,"comment_status":"closed","ping_status":"closed","template":"","meta":{"footnotes":""},"class_list":["post-46","page","type-page","status-publish","hentry"],"_links":{"self":[{"href":"https:\/\/blogi.eoppimispalvelut.fi\/snowember\/wp-json\/wp\/v2\/pages\/46","targetHints":{"allow":["GET"]}}],"collection":[{"href":"https:\/\/blogi.eoppimispalvelut.fi\/snowember\/wp-json\/wp\/v2\/pages"}],"about":[{"href":"https:\/\/blogi.eoppimispalvelut.fi\/snowember\/wp-json\/wp\/v2\/types\/page"}],"author":[{"embeddable":true,"href":"https:\/\/blogi.eoppimispalvelut.fi\/snowember\/wp-json\/wp\/v2\/users\/3761"}],"replies":[{"embeddable":true,"href":"https:\/\/blogi.eoppimispalvelut.fi\/snowember\/wp-json\/wp\/v2\/comments?post=46"}],"version-history":[{"count":5,"href":"https:\/\/blogi.eoppimispalvelut.fi\/snowember\/wp-json\/wp\/v2\/pages\/46\/revisions"}],"predecessor-version":[{"id":145,"href":"https:\/\/blogi.eoppimispalvelut.fi\/snowember\/wp-json\/wp\/v2\/pages\/46\/revisions\/145"}],"wp:attachment":[{"href":"https:\/\/blogi.eoppimispalvelut.fi\/snowember\/wp-json\/wp\/v2\/media?parent=46"}],"curies":[{"name":"wp","href":"https:\/\/api.w.org\/{rel}","templated":true}]}}