{"id":126,"date":"2020-01-21T09:21:41","date_gmt":"2020-01-21T07:21:41","guid":{"rendered":"https:\/\/blogi.eoppimispalvelut.fi\/soku2\/?page_id=126"},"modified":"2020-02-26T12:49:59","modified_gmt":"2020-02-26T10:49:59","slug":"elama-yhta-soittoa","status":"publish","type":"page","link":"https:\/\/blogi.eoppimispalvelut.fi\/soku2\/nuorten-digitarinat\/elama-yhta-soittoa\/","title":{"rendered":"El\u00e4m\u00e4 yht\u00e4 soittoa"},"content":{"rendered":"<p>Kokemusasiantuntija Tanjan esite<\/p>\n<p>[pdf-embedder url=&#8221;https:\/\/blogi.eoppimispalvelut.fi\/soku2\/files\/2020\/02\/Tanja.pdf&#8221;]<\/p>\n<p><span class=\"copycode\">[embedyt] https:\/\/www.youtube.com\/watch?v=pHNnS2ujslI[\/embedyt]<\/span><\/p>\n","protected":false},"excerpt":{"rendered":"<p>Kokemusasiantuntija Tanjan esite [pdf-embedder url=&#8221;https:\/\/blogi.eoppimispalvelut.fi\/soku2\/files\/2020\/02\/Tanja.pdf&#8221;] [embedyt] https:\/\/www.youtube.com\/watch?v=pHNnS2ujslI[\/embedyt]<\/p>\n","protected":false},"author":1310,"featured_media":0,"parent":102,"menu_order":0,"comment_status":"closed","ping_status":"closed","template":"","meta":{"footnotes":""},"class_list":["post-126","page","type-page","status-publish","hentry"],"_links":{"self":[{"href":"https:\/\/blogi.eoppimispalvelut.fi\/soku2\/wp-json\/wp\/v2\/pages\/126","targetHints":{"allow":["GET"]}}],"collection":[{"href":"https:\/\/blogi.eoppimispalvelut.fi\/soku2\/wp-json\/wp\/v2\/pages"}],"about":[{"href":"https:\/\/blogi.eoppimispalvelut.fi\/soku2\/wp-json\/wp\/v2\/types\/page"}],"author":[{"embeddable":true,"href":"https:\/\/blogi.eoppimispalvelut.fi\/soku2\/wp-json\/wp\/v2\/users\/1310"}],"replies":[{"embeddable":true,"href":"https:\/\/blogi.eoppimispalvelut.fi\/soku2\/wp-json\/wp\/v2\/comments?post=126"}],"version-history":[{"count":8,"href":"https:\/\/blogi.eoppimispalvelut.fi\/soku2\/wp-json\/wp\/v2\/pages\/126\/revisions"}],"predecessor-version":[{"id":568,"href":"https:\/\/blogi.eoppimispalvelut.fi\/soku2\/wp-json\/wp\/v2\/pages\/126\/revisions\/568"}],"up":[{"embeddable":true,"href":"https:\/\/blogi.eoppimispalvelut.fi\/soku2\/wp-json\/wp\/v2\/pages\/102"}],"wp:attachment":[{"href":"https:\/\/blogi.eoppimispalvelut.fi\/soku2\/wp-json\/wp\/v2\/media?parent=126"}],"curies":[{"name":"wp","href":"https:\/\/api.w.org\/{rel}","templated":true}]}}