{"id":219,"date":"2020-01-21T12:16:50","date_gmt":"2020-01-21T10:16:50","guid":{"rendered":"https:\/\/blogi.eoppimispalvelut.fi\/soku2\/?page_id=219"},"modified":"2020-03-26T11:14:40","modified_gmt":"2020-03-26T09:14:40","slug":"hankkeen-arviointi","status":"publish","type":"page","link":"https:\/\/blogi.eoppimispalvelut.fi\/soku2\/hankkeen-arviointi\/","title":{"rendered":"Hankkeen arviointi"},"content":{"rendered":"<p><a href=\"https:\/\/blogi.eoppimispalvelut.fi\/soku2\/files\/2020\/02\/Hankkeen-arviointi-sivulle.png\"><img loading=\"lazy\" decoding=\"async\" class=\" wp-image-321 aligncenter\" src=\"https:\/\/blogi.eoppimispalvelut.fi\/soku2\/files\/2020\/02\/Hankkeen-arviointi-sivulle-300x212.png\" alt=\"\" width=\"389\" height=\"275\" srcset=\"https:\/\/blogi.eoppimispalvelut.fi\/soku2\/files\/2020\/02\/Hankkeen-arviointi-sivulle-300x212.png 300w, https:\/\/blogi.eoppimispalvelut.fi\/soku2\/files\/2020\/02\/Hankkeen-arviointi-sivulle-1024x723.png 1024w, https:\/\/blogi.eoppimispalvelut.fi\/soku2\/files\/2020\/02\/Hankkeen-arviointi-sivulle-768x542.png 768w, https:\/\/blogi.eoppimispalvelut.fi\/soku2\/files\/2020\/02\/Hankkeen-arviointi-sivulle-1536x1084.png 1536w, https:\/\/blogi.eoppimispalvelut.fi\/soku2\/files\/2020\/02\/Hankkeen-arviointi-sivulle.png 1920w\" sizes=\"auto, (max-width: 389px) 100vw, 389px\" \/><\/a><\/p>\n<p>Lapin yliopiston toteuttamassa hankkeen arvioinnissa huomiota on kiinnitetty sosiaalisen kuntoutuksen palvelukonseptiin osana muuta palveluj\u00e4rjestelm\u00e4\u00e4 muodostaen jatkumon edelt\u00e4v\u00e4n SOKU -hankkeen arvioinnille. Siin\u00e4 kehitt\u00e4minen kohdentui sosiaalisen kuntoutuksen asemaan ja toimintamalleihin, kun taas SOKU2 -hankkeessa keski\u00f6ss\u00e4 ovat toimintamallien edelleen kehitt\u00e4minen, konseptoiminen ja uusien toimintakonseptien juurruttaminen osaksi palveluj\u00e4rjestelm\u00e4\u00e4.<\/p>\n<p>Arvioinnin kokonaisuutta, tuloksia ja johtop\u00e4\u00e4t\u00f6ksi\u00e4 kehitt\u00e4misehdotuksineen on kuvattu &#8220;Palvelutarpeesta palvelutuotteeksi&#8221; raportissa omana artikkelinaan, joka artikkeli on alla linkiss\u00e4 vautuvana. Toinen asiakirja on Kati Katajan ja Marjo Romakkaniemen pp-esitys hankearvioinnin kokonaisuudesta.<\/p>\n<p><strong><a href=\"https:\/\/blogi.eoppimispalvelut.fi\/soku2\/files\/2020\/02\/Marjo-Romakkaniemi-ja-Kati-Kataja-Hankkeen-arviointi-artikkelina-3.docx\">Marjo Romakkaniemi ja Kati Kataja; Hankkeen arviointi artikkelina<\/a><\/strong><\/p>\n<p><a href=\"https:\/\/blogi.eoppimispalvelut.fi\/soku2\/files\/2020\/03\/Kati-Kataja-ja-Marjo-RomakkaniemiHankkeen-arviointi-esitys-11.3.-2020-kokouksessa.pptx\">Kati Kataja ja Marjo Romakkaniemi,Hankkeen arviointi, esitys 11.3. 2020 kokouksessa<\/a><\/p>\n","protected":false},"excerpt":{"rendered":"<p>Lapin yliopiston toteuttamassa hankkeen arvioinnissa huomiota on kiinnitetty sosiaalisen kuntoutuksen palvelukonseptiin osana muuta palveluj\u00e4rjestelm\u00e4\u00e4 muodostaen jatkumon edelt\u00e4v\u00e4n SOKU -hankkeen arvioinnille. Siin\u00e4 kehitt\u00e4minen kohdentui sosiaalisen kuntoutuksen asemaan ja toimintamalleihin, kun taas SOKU2 -hankkeessa keski\u00f6ss\u00e4 ovat toimintamallien edelleen kehitt\u00e4minen, konseptoiminen ja uusien toimintakonseptien juurruttaminen osaksi palveluj\u00e4rjestelm\u00e4\u00e4. Arvioinnin kokonaisuutta, tuloksia ja johtop\u00e4\u00e4t\u00f6ksi\u00e4 kehitt\u00e4misehdotuksineen on kuvattu &#8220;Palvelutarpeesta palvelutuotteeksi&#8221; raportissa &hellip; <\/p>\n<p class=\"link-more\"><a href=\"https:\/\/blogi.eoppimispalvelut.fi\/soku2\/hankkeen-arviointi\/\" class=\"more-link\">Jatka lukemista<span class=\"screen-reader-text\"> &#8220;Hankkeen arviointi&#8221;<\/span><\/a><\/p>\n","protected":false},"author":1310,"featured_media":0,"parent":0,"menu_order":0,"comment_status":"closed","ping_status":"closed","template":"","meta":{"footnotes":""},"class_list":["post-219","page","type-page","status-publish","hentry"],"_links":{"self":[{"href":"https:\/\/blogi.eoppimispalvelut.fi\/soku2\/wp-json\/wp\/v2\/pages\/219","targetHints":{"allow":["GET"]}}],"collection":[{"href":"https:\/\/blogi.eoppimispalvelut.fi\/soku2\/wp-json\/wp\/v2\/pages"}],"about":[{"href":"https:\/\/blogi.eoppimispalvelut.fi\/soku2\/wp-json\/wp\/v2\/types\/page"}],"author":[{"embeddable":true,"href":"https:\/\/blogi.eoppimispalvelut.fi\/soku2\/wp-json\/wp\/v2\/users\/1310"}],"replies":[{"embeddable":true,"href":"https:\/\/blogi.eoppimispalvelut.fi\/soku2\/wp-json\/wp\/v2\/comments?post=219"}],"version-history":[{"count":24,"href":"https:\/\/blogi.eoppimispalvelut.fi\/soku2\/wp-json\/wp\/v2\/pages\/219\/revisions"}],"predecessor-version":[{"id":636,"href":"https:\/\/blogi.eoppimispalvelut.fi\/soku2\/wp-json\/wp\/v2\/pages\/219\/revisions\/636"}],"wp:attachment":[{"href":"https:\/\/blogi.eoppimispalvelut.fi\/soku2\/wp-json\/wp\/v2\/media?parent=219"}],"curies":[{"name":"wp","href":"https:\/\/api.w.org\/{rel}","templated":true}]}}