{"id":299,"date":"2020-01-22T11:01:38","date_gmt":"2020-01-22T09:01:38","guid":{"rendered":"https:\/\/blogi.eoppimispalvelut.fi\/soku2\/?page_id=299"},"modified":"2020-02-26T15:26:41","modified_gmt":"2020-02-26T13:26:41","slug":"kuvia-matkan-varrelta","status":"publish","type":"page","link":"https:\/\/blogi.eoppimispalvelut.fi\/soku2\/kuvia-matkan-varrelta\/","title":{"rendered":"Kuvia matkan varrelta"},"content":{"rendered":"<p><a href=\"https:\/\/blogi.eoppimispalvelut.fi\/soku2\/files\/2020\/02\/82578598_2551074665216536_1759781687539007488_n.jpg\"><img loading=\"lazy\" decoding=\"async\" class=\"size-medium wp-image-594 aligncenter\" src=\"https:\/\/blogi.eoppimispalvelut.fi\/soku2\/files\/2020\/02\/82578598_2551074665216536_1759781687539007488_n-300x225.jpg\" alt=\"\" width=\"300\" height=\"225\" srcset=\"https:\/\/blogi.eoppimispalvelut.fi\/soku2\/files\/2020\/02\/82578598_2551074665216536_1759781687539007488_n-300x225.jpg 300w, https:\/\/blogi.eoppimispalvelut.fi\/soku2\/files\/2020\/02\/82578598_2551074665216536_1759781687539007488_n-768x576.jpg 768w, https:\/\/blogi.eoppimispalvelut.fi\/soku2\/files\/2020\/02\/82578598_2551074665216536_1759781687539007488_n.jpg 960w\" sizes=\"auto, (max-width: 300px) 100vw, 300px\" \/><\/a><\/p>\n<p>&nbsp;<\/p>\n<p>Kuvia on matkan varrelta kertynyt satoja, ellei jopa tuhatkunta ja osa niist\u00e4 on nuorten aikuisten ryhmien ja hankkeen tai sen osatoteutusten omaan k\u00e4ytt\u00f6\u00f6n otettuja eiv\u00e4tk\u00e4 siten ole julkisia.<\/p>\n<p>Facebookissa ovat edelleen sivustoina &#8220;Potkuri Sodankyl\u00e4&#8221;, &#8220;Mikko Potkuri&#8221; ja &#8220;Pohjant\u00e4htiopisto Emilia&#8221; ja niill\u00e4 sivustoilla p\u00e4\u00e4set julkisia kuvia halutessasi katsomaan &#8211; ainakin kaveripyynn\u00f6n kautta:)<\/p>\n<p>Alla muutamia otoksia videokoosteena kuvaamassa nuorten aikuisten ryhm\u00e4-ja workshoptoimintoja.<\/p>\n<div style=\"width: 525px;\" class=\"wp-video\"><video class=\"wp-video-shortcode\" id=\"video-299-1\" width=\"525\" height=\"295\" preload=\"metadata\" controls=\"controls\"><source type=\"video\/mp4\" src=\"https:\/\/blogi.eoppimispalvelut.fi\/soku2\/files\/2020\/02\/Kuvaotoksia-nuorten-aikuisten-toiminnoista-Kemiss\u00e4-Keminmaassa-ja-Sodankyl\u00e4ss\u00e4.mp4?_=1\" \/><a href=\"https:\/\/blogi.eoppimispalvelut.fi\/soku2\/files\/2020\/02\/Kuvaotoksia-nuorten-aikuisten-toiminnoista-Kemiss\u00e4-Keminmaassa-ja-Sodankyl\u00e4ss\u00e4.mp4\">https:\/\/blogi.eoppimispalvelut.fi\/soku2\/files\/2020\/02\/Kuvaotoksia-nuorten-aikuisten-toiminnoista-Kemiss\u00e4-Keminmaassa-ja-Sodankyl\u00e4ss\u00e4.mp4<\/a><\/video><\/div>\n<p>&nbsp;<\/p>\n<p>&nbsp;<\/p>\n<p>&nbsp;<\/p>\n<p>&nbsp;<\/p>\n<p>&nbsp;<\/p>\n<p>&nbsp;<\/p>\n<p>&nbsp;<\/p>\n<p>&nbsp;<\/p>\n<p>&nbsp;<\/p>\n<p>&nbsp;<\/p>\n<p>&nbsp;<\/p>\n<p>&nbsp;<\/p>\n<p><a href=\"https:\/\/blogi.eoppimispalvelut.fi\/soku2\/files\/2020\/02\/75349082_988626394808209_8029337709426245632_o.jpg\"> \u00a0\u00a0\u00a0\u00a0<\/a><\/p>\n<p>&nbsp;<\/p>\n<p>&nbsp;<\/p>\n<p>&nbsp;<\/p>\n<p>&nbsp;<\/p>\n<p>&nbsp;<\/p>\n<p>&nbsp;<\/p>\n<p>&nbsp;<\/p>\n<p>&nbsp;<\/p>\n<p>&nbsp;<\/p>\n<p>&nbsp;<\/p>\n<p>&nbsp;<\/p>\n<p>&nbsp;<\/p>\n<p>&nbsp;<\/p>\n<p>&nbsp;<\/p>\n<p>&nbsp;<\/p>\n<p>&nbsp;<\/p>\n<p>&nbsp;<\/p>\n","protected":false},"excerpt":{"rendered":"<p>&nbsp; Kuvia on matkan varrelta kertynyt satoja, ellei jopa tuhatkunta ja osa niist\u00e4 on nuorten aikuisten ryhmien ja hankkeen tai sen osatoteutusten omaan k\u00e4ytt\u00f6\u00f6n otettuja eiv\u00e4tk\u00e4 siten ole julkisia. Facebookissa ovat edelleen sivustoina &#8220;Potkuri Sodankyl\u00e4&#8221;, &#8220;Mikko Potkuri&#8221; ja &#8220;Pohjant\u00e4htiopisto Emilia&#8221; ja niill\u00e4 sivustoilla p\u00e4\u00e4set julkisia kuvia halutessasi katsomaan &#8211; ainakin kaveripyynn\u00f6n kautta:) Alla muutamia otoksia &hellip; <\/p>\n<p class=\"link-more\"><a href=\"https:\/\/blogi.eoppimispalvelut.fi\/soku2\/kuvia-matkan-varrelta\/\" class=\"more-link\">Jatka lukemista<span class=\"screen-reader-text\"> &#8220;Kuvia matkan varrelta&#8221;<\/span><\/a><\/p>\n","protected":false},"author":632,"featured_media":0,"parent":0,"menu_order":0,"comment_status":"closed","ping_status":"closed","template":"","meta":{"footnotes":""},"class_list":["post-299","page","type-page","status-publish","hentry"],"_links":{"self":[{"href":"https:\/\/blogi.eoppimispalvelut.fi\/soku2\/wp-json\/wp\/v2\/pages\/299","targetHints":{"allow":["GET"]}}],"collection":[{"href":"https:\/\/blogi.eoppimispalvelut.fi\/soku2\/wp-json\/wp\/v2\/pages"}],"about":[{"href":"https:\/\/blogi.eoppimispalvelut.fi\/soku2\/wp-json\/wp\/v2\/types\/page"}],"author":[{"embeddable":true,"href":"https:\/\/blogi.eoppimispalvelut.fi\/soku2\/wp-json\/wp\/v2\/users\/632"}],"replies":[{"embeddable":true,"href":"https:\/\/blogi.eoppimispalvelut.fi\/soku2\/wp-json\/wp\/v2\/comments?post=299"}],"version-history":[{"count":17,"href":"https:\/\/blogi.eoppimispalvelut.fi\/soku2\/wp-json\/wp\/v2\/pages\/299\/revisions"}],"predecessor-version":[{"id":618,"href":"https:\/\/blogi.eoppimispalvelut.fi\/soku2\/wp-json\/wp\/v2\/pages\/299\/revisions\/618"}],"wp:attachment":[{"href":"https:\/\/blogi.eoppimispalvelut.fi\/soku2\/wp-json\/wp\/v2\/media?parent=299"}],"curies":[{"name":"wp","href":"https:\/\/api.w.org\/{rel}","templated":true}]}}