{"id":40,"date":"2019-09-10T15:10:34","date_gmt":"2019-09-10T12:10:34","guid":{"rendered":"https:\/\/blogi.eoppimispalvelut.fi\/soku2\/?page_id=40"},"modified":"2020-02-10T14:27:30","modified_gmt":"2020-02-10T12:27:30","slug":"polun-loytaja","status":"publish","type":"page","link":"https:\/\/blogi.eoppimispalvelut.fi\/soku2\/polun-loytaja\/","title":{"rendered":"Polun l\u00f6yt\u00e4j\u00e4t"},"content":{"rendered":"<p><strong><a href=\"https:\/\/blogi.eoppimispalvelut.fi\/soku2\/asiakasprofiiliin-polun-loytajat\/\"><img loading=\"lazy\" decoding=\"async\" class=\"alignnone size-medium wp-image-305\" src=\"https:\/\/blogi.eoppimispalvelut.fi\/soku2\/files\/2020\/01\/Asiakasprofiiliin-Polun-l\u00f6yt\u00e4j\u00e4t-300x194.jpg\" alt=\"\" width=\"300\" height=\"194\" srcset=\"https:\/\/blogi.eoppimispalvelut.fi\/soku2\/files\/2020\/01\/Asiakasprofiiliin-Polun-l\u00f6yt\u00e4j\u00e4t-300x194.jpg 300w, https:\/\/blogi.eoppimispalvelut.fi\/soku2\/files\/2020\/01\/Asiakasprofiiliin-Polun-l\u00f6yt\u00e4j\u00e4t-1024x662.jpg 1024w, https:\/\/blogi.eoppimispalvelut.fi\/soku2\/files\/2020\/01\/Asiakasprofiiliin-Polun-l\u00f6yt\u00e4j\u00e4t-768x497.jpg 768w, https:\/\/blogi.eoppimispalvelut.fi\/soku2\/files\/2020\/01\/Asiakasprofiiliin-Polun-l\u00f6yt\u00e4j\u00e4t-1536x994.jpg 1536w, https:\/\/blogi.eoppimispalvelut.fi\/soku2\/files\/2020\/01\/Asiakasprofiiliin-Polun-l\u00f6yt\u00e4j\u00e4t.jpg 1920w\" sizes=\"auto, (max-width: 300px) 100vw, 300px\" \/><\/a><br \/>\nKuvaus:<\/strong><\/p>\n<ul>\n<li>ovat ammatillisella polulla esim opiskelemassa ja ty\u00f6ss\u00e4 (harjoittelu, ty\u00f6kokeilut yms)<\/li>\n<li>polku vastaa odotuksiin -&gt; sitoutuminen, vahva motivaatio<\/li>\n<li>ty\u00f6llistymismahdollisuudet parantuneet huomattavasti<\/li>\n<li>voimavarat vahvistuneet, itsen\u00e4istyminen esim lapsuuden perheest\u00e4<\/li>\n<\/ul>\n<p><strong>Case Sakke<\/strong><\/p>\n<p>Sakke on 28- vuotias mies, jolla on peruskoulun j\u00e4lkeen kolme ammatillista tekniikan ja liikenteen alan perustutkintoa ja on nyt opiskelemassa media-alalle. Sakke osallistuu mielell\u00e4\u00e4n erilaisiin toimintoihin ja harrastusryhmiin Potkurin kautta ja muutoinkin. Sakke tykk\u00e4\u00e4 olla toisten kanssa ryhm\u00e4ss\u00e4 ja k\u00e4rsii siit\u00e4, jos joutuu olemaan pitki\u00e4 aikoja yksin. H\u00e4n harrastaa musiikkia, tubettamista, kirjoittamista ja kuvausta. Sakella on ollut muutamia avustavia rooleja elokuvissa ja TV-sarjassa. H\u00e4n tekee t\u00e4ll\u00e4 hetkell\u00e4 my\u00f6s videokuvauksia tilausty\u00f6n\u00e4 integroituneena ammatillisiin opintoihin. Erilaisten oppimisvaikeuksien vuoksi Sakella ovat opinnot olleet ty\u00f6l\u00e4it\u00e4 suorittaa ja niist\u00e4 selviyty\u00e4 eik\u00e4 h\u00e4n ole saanut saanut esim ammattiopinnoissa ja ty\u00f6ss\u00e4oppimisjaksoilla riitt\u00e4v\u00e4\u00e4 tarvitsemaansa ohjausta. Tulevaisuudessa Sakke tarvitsee tuetun ty\u00f6llistymisen ja vankan ohjauksen ty\u00f6el\u00e4m\u00e4\u00e4n siirtymisen poluilla.<br \/>\nPalveluja: Potkuri-toiminta, Tupa-toiminta, Kela, oppilaitos.<\/p>\n<p>&nbsp;<\/p>\n","protected":false},"excerpt":{"rendered":"<p>Kuvaus: ovat ammatillisella polulla esim opiskelemassa ja ty\u00f6ss\u00e4 (harjoittelu, ty\u00f6kokeilut yms) polku vastaa odotuksiin -&gt; sitoutuminen, vahva motivaatio ty\u00f6llistymismahdollisuudet parantuneet huomattavasti voimavarat vahvistuneet, itsen\u00e4istyminen esim lapsuuden perheest\u00e4 Case Sakke Sakke on 28- vuotias mies, jolla on peruskoulun j\u00e4lkeen kolme ammatillista tekniikan ja liikenteen alan perustutkintoa ja on nyt opiskelemassa media-alalle. Sakke osallistuu mielell\u00e4\u00e4n erilaisiin toimintoihin &hellip; <\/p>\n<p class=\"link-more\"><a href=\"https:\/\/blogi.eoppimispalvelut.fi\/soku2\/polun-loytaja\/\" class=\"more-link\">Jatka lukemista<span class=\"screen-reader-text\"> &#8220;Polun l\u00f6yt\u00e4j\u00e4t&#8221;<\/span><\/a><\/p>\n","protected":false},"author":31,"featured_media":0,"parent":0,"menu_order":0,"comment_status":"closed","ping_status":"closed","template":"","meta":{"footnotes":""},"class_list":["post-40","page","type-page","status-publish","hentry"],"_links":{"self":[{"href":"https:\/\/blogi.eoppimispalvelut.fi\/soku2\/wp-json\/wp\/v2\/pages\/40","targetHints":{"allow":["GET"]}}],"collection":[{"href":"https:\/\/blogi.eoppimispalvelut.fi\/soku2\/wp-json\/wp\/v2\/pages"}],"about":[{"href":"https:\/\/blogi.eoppimispalvelut.fi\/soku2\/wp-json\/wp\/v2\/types\/page"}],"author":[{"embeddable":true,"href":"https:\/\/blogi.eoppimispalvelut.fi\/soku2\/wp-json\/wp\/v2\/users\/31"}],"replies":[{"embeddable":true,"href":"https:\/\/blogi.eoppimispalvelut.fi\/soku2\/wp-json\/wp\/v2\/comments?post=40"}],"version-history":[{"count":5,"href":"https:\/\/blogi.eoppimispalvelut.fi\/soku2\/wp-json\/wp\/v2\/pages\/40\/revisions"}],"predecessor-version":[{"id":347,"href":"https:\/\/blogi.eoppimispalvelut.fi\/soku2\/wp-json\/wp\/v2\/pages\/40\/revisions\/347"}],"wp:attachment":[{"href":"https:\/\/blogi.eoppimispalvelut.fi\/soku2\/wp-json\/wp\/v2\/media?parent=40"}],"curies":[{"name":"wp","href":"https:\/\/api.w.org\/{rel}","templated":true}]}}