{"id":42,"date":"2019-09-10T15:10:47","date_gmt":"2019-09-10T12:10:47","guid":{"rendered":"https:\/\/blogi.eoppimispalvelut.fi\/soku2\/?page_id=42"},"modified":"2020-02-10T14:28:01","modified_gmt":"2020-02-10T12:28:01","slug":"kadonnut-ja-kiertolainen","status":"publish","type":"page","link":"https:\/\/blogi.eoppimispalvelut.fi\/soku2\/kadonnut-ja-kiertolainen\/","title":{"rendered":"Kadonneet ja kiertolaiset"},"content":{"rendered":"<p><strong><a href=\"https:\/\/blogi.eoppimispalvelut.fi\/soku2\/asiakasprofiiliin-kadonneet-ja-kiertolaiset\/\"><img loading=\"lazy\" decoding=\"async\" class=\"alignnone size-medium wp-image-306\" src=\"https:\/\/blogi.eoppimispalvelut.fi\/soku2\/files\/2020\/01\/Asiakasprofiiliin.-Kadonneet-ja-kiertolaiset-300x200.jpg\" alt=\"\" width=\"300\" height=\"200\" srcset=\"https:\/\/blogi.eoppimispalvelut.fi\/soku2\/files\/2020\/01\/Asiakasprofiiliin.-Kadonneet-ja-kiertolaiset-300x200.jpg 300w, https:\/\/blogi.eoppimispalvelut.fi\/soku2\/files\/2020\/01\/Asiakasprofiiliin.-Kadonneet-ja-kiertolaiset.jpg 550w\" sizes=\"auto, (max-width: 300px) 100vw, 300px\" \/><\/a><br \/>\nKuvaus:<\/strong><\/p>\n<ul>\n<li>ei ole tietoa, minne ja miksi katosivat &#8211; oletettavia taustatekij\u00f6it\u00e4 ovat erilaiset sairaudet, p\u00e4ihteet, haastava kasvutausta ja el\u00e4m\u00e4ntilanne<\/li>\n<li>tarve paeta itse\u00e4\u00e4n ja muita, itsetunto on heikko<\/li>\n<li>luottamusta ei ole eik\u00e4 sit\u00e4 saada luotua kuin vasta pitk\u00e4 ajan kuluessa \/vs kokemustausta<\/li>\n<\/ul>\n<p><strong>Case Senni<\/strong><\/p>\n<p>Senni on 25-vuotias nuori nainen, jolla on hyvin haastava kasvu- ja perhetausta. Sennill\u00e4 on diagnosoitu mielenterveyden h\u00e4iri\u00f6. Senni on vuosien mittaan aloittanut useita koulutuksia ja ty\u00f6suhteista niiden j\u00e4\u00e4dess\u00e4 kestoltaan lyhyiksi.\u00a0 Senni sai lyhyen aikaa kuntoutustukea ja yksil\u00f6ohjauksen turvin h\u00e4n pohti omaa tulevaisuuttaan. H\u00e4n ei huolehdi terveydest\u00e4\u00e4n ja on lopettanut l\u00e4\u00e4kityksen ja mielenterveysasiakkuuden. H\u00e4n ei pid\u00e4 omaan Potkuri- ty\u00f6ntekij\u00e4\u00e4ns\u00e4 en\u00e4\u00e4 mit\u00e4\u00e4n yhteytt\u00e4 eik\u00e4 h\u00e4nt\u00e4 tavoiteta.<\/p>\n","protected":false},"excerpt":{"rendered":"<p>Kuvaus: ei ole tietoa, minne ja miksi katosivat &#8211; oletettavia taustatekij\u00f6it\u00e4 ovat erilaiset sairaudet, p\u00e4ihteet, haastava kasvutausta ja el\u00e4m\u00e4ntilanne tarve paeta itse\u00e4\u00e4n ja muita, itsetunto on heikko luottamusta ei ole eik\u00e4 sit\u00e4 saada luotua kuin vasta pitk\u00e4 ajan kuluessa \/vs kokemustausta Case Senni Senni on 25-vuotias nuori nainen, jolla on hyvin haastava kasvu- ja perhetausta. &hellip; <\/p>\n<p class=\"link-more\"><a href=\"https:\/\/blogi.eoppimispalvelut.fi\/soku2\/kadonnut-ja-kiertolainen\/\" class=\"more-link\">Jatka lukemista<span class=\"screen-reader-text\"> &#8220;Kadonneet ja kiertolaiset&#8221;<\/span><\/a><\/p>\n","protected":false},"author":31,"featured_media":0,"parent":0,"menu_order":0,"comment_status":"closed","ping_status":"closed","template":"","meta":{"footnotes":""},"class_list":["post-42","page","type-page","status-publish","hentry"],"_links":{"self":[{"href":"https:\/\/blogi.eoppimispalvelut.fi\/soku2\/wp-json\/wp\/v2\/pages\/42","targetHints":{"allow":["GET"]}}],"collection":[{"href":"https:\/\/blogi.eoppimispalvelut.fi\/soku2\/wp-json\/wp\/v2\/pages"}],"about":[{"href":"https:\/\/blogi.eoppimispalvelut.fi\/soku2\/wp-json\/wp\/v2\/types\/page"}],"author":[{"embeddable":true,"href":"https:\/\/blogi.eoppimispalvelut.fi\/soku2\/wp-json\/wp\/v2\/users\/31"}],"replies":[{"embeddable":true,"href":"https:\/\/blogi.eoppimispalvelut.fi\/soku2\/wp-json\/wp\/v2\/comments?post=42"}],"version-history":[{"count":5,"href":"https:\/\/blogi.eoppimispalvelut.fi\/soku2\/wp-json\/wp\/v2\/pages\/42\/revisions"}],"predecessor-version":[{"id":348,"href":"https:\/\/blogi.eoppimispalvelut.fi\/soku2\/wp-json\/wp\/v2\/pages\/42\/revisions\/348"}],"wp:attachment":[{"href":"https:\/\/blogi.eoppimispalvelut.fi\/soku2\/wp-json\/wp\/v2\/media?parent=42"}],"curies":[{"name":"wp","href":"https:\/\/api.w.org\/{rel}","templated":true}]}}