{"id":16,"date":"2018-10-15T15:14:35","date_gmt":"2018-10-15T12:14:35","guid":{"rendered":"https:\/\/blogi.eoppimispalvelut.fi\/spectrumize\/?page_id=16"},"modified":"2018-10-15T15:14:35","modified_gmt":"2018-10-15T12:14:35","slug":"tietoa-minusta","status":"publish","type":"page","link":"https:\/\/blogi.eoppimispalvelut.fi\/spectrumize\/tietoa-minusta\/","title":{"rendered":"Tietoa minusta"},"content":{"rendered":"<p>Olen 24\u2014vuotias rovaniemel\u00e4inen terveydenhoitajaopiskelija. Opintopisteit\u00e4 on nyt 220 ja valmistun t\u00e4n\u00e4 jouluna. Loppu siis h\u00e4\u00e4m\u00f6tt\u00e4\u00e4!<br \/>\nMinut tunnetaan hyv\u00e4ntuulisena ja konstailemattomana niin siviiliss\u00e4 kuin ty\u00f6ss\u00e4nikin. Olen my\u00f6s \u00e4\u00e4rimm\u00e4isen reipas ja vastuuntuntoinen. Viihdyn luonnossa ja k\u00e4sit\u00f6iden parissa, k\u00e4yn my\u00f6s kuntosalilla.<\/p>\n","protected":false},"excerpt":{"rendered":"<p>Olen 24\u2014vuotias rovaniemel\u00e4inen terveydenhoitajaopiskelija. Opintopisteit\u00e4 on nyt 220 ja valmistun t\u00e4n\u00e4 jouluna. Loppu siis h\u00e4\u00e4m\u00f6tt\u00e4\u00e4! Minut tunnetaan hyv\u00e4ntuulisena ja konstailemattomana niin siviiliss\u00e4 kuin ty\u00f6ss\u00e4nikin. Olen my\u00f6s \u00e4\u00e4rimm\u00e4isen reipas ja vastuuntuntoinen. Viihdyn luonnossa ja k\u00e4sit\u00f6iden parissa, k\u00e4yn my\u00f6s kuntosalilla.<\/p>\n","protected":false},"author":3317,"featured_media":0,"parent":0,"menu_order":0,"comment_status":"closed","ping_status":"closed","template":"","meta":{"footnotes":""},"class_list":["post-16","page","type-page","status-publish","hentry"],"_links":{"self":[{"href":"https:\/\/blogi.eoppimispalvelut.fi\/spectrumize\/wp-json\/wp\/v2\/pages\/16","targetHints":{"allow":["GET"]}}],"collection":[{"href":"https:\/\/blogi.eoppimispalvelut.fi\/spectrumize\/wp-json\/wp\/v2\/pages"}],"about":[{"href":"https:\/\/blogi.eoppimispalvelut.fi\/spectrumize\/wp-json\/wp\/v2\/types\/page"}],"author":[{"embeddable":true,"href":"https:\/\/blogi.eoppimispalvelut.fi\/spectrumize\/wp-json\/wp\/v2\/users\/3317"}],"replies":[{"embeddable":true,"href":"https:\/\/blogi.eoppimispalvelut.fi\/spectrumize\/wp-json\/wp\/v2\/comments?post=16"}],"version-history":[{"count":1,"href":"https:\/\/blogi.eoppimispalvelut.fi\/spectrumize\/wp-json\/wp\/v2\/pages\/16\/revisions"}],"predecessor-version":[{"id":17,"href":"https:\/\/blogi.eoppimispalvelut.fi\/spectrumize\/wp-json\/wp\/v2\/pages\/16\/revisions\/17"}],"wp:attachment":[{"href":"https:\/\/blogi.eoppimispalvelut.fi\/spectrumize\/wp-json\/wp\/v2\/media?parent=16"}],"curies":[{"name":"wp","href":"https:\/\/api.w.org\/{rel}","templated":true}]}}