{"id":36,"date":"2019-11-07T11:03:02","date_gmt":"2019-11-07T09:03:02","guid":{"rendered":"https:\/\/blogi.eoppimispalvelut.fi\/tainankauppa\/?page_id=36"},"modified":"2019-11-07T13:58:34","modified_gmt":"2019-11-07T11:58:34","slug":"tietoa-meista","status":"publish","type":"page","link":"https:\/\/blogi.eoppimispalvelut.fi\/tainankauppa\/tietoa-meista\/","title":{"rendered":"Tietoa meist\u00e4"},"content":{"rendered":"<p><img loading=\"lazy\" decoding=\"async\" class=\"size-medium wp-image-105 alignright\" src=\"https:\/\/blogi.eoppimispalvelut.fi\/tainankauppa\/files\/2019\/11\/esittelysivulle-300x300.jpg\" alt=\"\" width=\"300\" height=\"300\" srcset=\"https:\/\/blogi.eoppimispalvelut.fi\/tainankauppa\/files\/2019\/11\/esittelysivulle-300x300.jpg 300w, https:\/\/blogi.eoppimispalvelut.fi\/tainankauppa\/files\/2019\/11\/esittelysivulle-150x150.jpg 150w, https:\/\/blogi.eoppimispalvelut.fi\/tainankauppa\/files\/2019\/11\/esittelysivulle-768x768.jpg 768w, https:\/\/blogi.eoppimispalvelut.fi\/tainankauppa\/files\/2019\/11\/esittelysivulle-1024x1024.jpg 1024w\" sizes=\"auto, (max-width: 300px) 100vw, 300px\" \/>Tainan lahjakauppa on vuonna 2013 perustettu perheyritys, joka toimi aluksi kivijalkamyym\u00e4l\u00e4n\u00e4. Vuonna 2014 avasimme nettikaupan, josta l\u00f6yttyy tuotteita niin omaksi iloksi kuin lahjoiksi.<\/p>\n<p>Liikkeemme monipuolisesta valikoimasta l\u00f6ytyy sisustus- ja lahjatavaraa monenlaiseen tarpeeseen ja tuotteita tulee koko ajan lis\u00e4\u00e4. Tilaamalla uutiskirjeemme pysyt ajantasalla uutuustuotteistamme ja tarjouksistamme.<\/p>\n<p>Tervetuloa ostoksille!<\/p>\n","protected":false},"excerpt":{"rendered":"<p>Tainan lahjakauppa on vuonna 2013 perustettu perheyritys, joka toimi aluksi kivijalkamyym\u00e4l\u00e4n\u00e4. Vuonna 2014 avasimme nettikaupan, josta l\u00f6yttyy tuotteita niin omaksi iloksi kuin lahjoiksi. Liikkeemme monipuolisesta valikoimasta l\u00f6ytyy sisustus- ja lahjatavaraa monenlaiseen tarpeeseen ja tuotteita tulee koko ajan lis\u00e4\u00e4. Tilaamalla uutiskirjeemme pysyt ajantasalla uutuustuotteistamme ja tarjouksistamme. Tervetuloa ostoksille!<\/p>\n","protected":false},"author":3976,"featured_media":0,"parent":0,"menu_order":0,"comment_status":"closed","ping_status":"closed","template":"","meta":{"footnotes":""},"class_list":["post-36","page","type-page","status-publish","hentry"],"_links":{"self":[{"href":"https:\/\/blogi.eoppimispalvelut.fi\/tainankauppa\/wp-json\/wp\/v2\/pages\/36","targetHints":{"allow":["GET"]}}],"collection":[{"href":"https:\/\/blogi.eoppimispalvelut.fi\/tainankauppa\/wp-json\/wp\/v2\/pages"}],"about":[{"href":"https:\/\/blogi.eoppimispalvelut.fi\/tainankauppa\/wp-json\/wp\/v2\/types\/page"}],"author":[{"embeddable":true,"href":"https:\/\/blogi.eoppimispalvelut.fi\/tainankauppa\/wp-json\/wp\/v2\/users\/3976"}],"replies":[{"embeddable":true,"href":"https:\/\/blogi.eoppimispalvelut.fi\/tainankauppa\/wp-json\/wp\/v2\/comments?post=36"}],"version-history":[{"count":4,"href":"https:\/\/blogi.eoppimispalvelut.fi\/tainankauppa\/wp-json\/wp\/v2\/pages\/36\/revisions"}],"predecessor-version":[{"id":106,"href":"https:\/\/blogi.eoppimispalvelut.fi\/tainankauppa\/wp-json\/wp\/v2\/pages\/36\/revisions\/106"}],"wp:attachment":[{"href":"https:\/\/blogi.eoppimispalvelut.fi\/tainankauppa\/wp-json\/wp\/v2\/media?parent=36"}],"curies":[{"name":"wp","href":"https:\/\/api.w.org\/{rel}","templated":true}]}}