{"id":104,"date":"2022-12-01T11:44:16","date_gmt":"2022-12-01T09:44:16","guid":{"rendered":"https:\/\/blogi.eoppimispalvelut.fi\/testitestitesti\/?page_id=104"},"modified":"2022-12-03T16:19:22","modified_gmt":"2022-12-03T14:19:22","slug":"yrityksesta","status":"publish","type":"page","link":"https:\/\/blogi.eoppimispalvelut.fi\/testitestitesti\/yrityksesta\/","title":{"rendered":"Yrityksest\u00e4"},"content":{"rendered":"\n<p><em>Northern Success<\/em> on Napalaaksossa toimiva markkinointialan yritys, joka tarjoaa asiakkailleen laajan valikoiman yksil\u00f6llisesti r\u00e4\u00e4t\u00e4l\u00f6ityj\u00e4 palveluita ja tuotteita. Arvoissamme asiakasl\u00e4ht\u00f6isyys onkin korkealla. Olipa tarpeesi sitten pieni tai suuri, niin meill\u00e4 se hoituu sulavasti. <br><br>Asiakasl\u00e4ht\u00f6isyyden lis\u00e4ksi arvomaailmaamme kuuluu vahvasti my\u00f6s ymp\u00e4rist\u00f6yst\u00e4v\u00e4llisyys ja suurin osa t\u00f6ist\u00e4mme painottuukin digitaaliseen markkinointiin ja toimintaymp\u00e4rist\u00f6\u00f6n. Muutoin suosimme t\u00f6iss\u00e4mme kierr\u00e4tysmateriaaleja ja mm. k\u00e4yntikorttimme ovat t\u00e4ysin biohajoavaa ja kompostoituvaa siemenpaperia. <br><br>Tiimill\u00e4mme on vahva ja monipuolinen tausta erilaisista myyntiin ja markkinointiin liittyvist\u00e4 ty\u00f6teht\u00e4vist\u00e4. Meid\u00e4n avullamme saat varmasti visiosi n\u00e4kyviin! Ota rohkeasti yhteytt\u00e4!<br><br><\/p>\n\n\n\n<figure class=\"wp-block-image size-full is-resized\"><img loading=\"lazy\" decoding=\"async\" src=\"https:\/\/blogi.eoppimispalvelut.fi\/testitestitesti\/files\/2022\/11\/Nayttokuva-2022-11-10-kello-15.49.44.png\" alt=\"\" class=\"wp-image-20\" width=\"832\" height=\"557\" \/><\/figure>\n\n\n\n<p><br><br><br><br> <\/p>\n","protected":false},"excerpt":{"rendered":"<p>Northern Success on Napalaaksossa toimiva markkinointialan yritys, joka tarjoaa asiakkailleen laajan valikoiman yksil\u00f6llisesti r\u00e4\u00e4t\u00e4l\u00f6ityj\u00e4 palveluita ja tuotteita. Arvoissamme asiakasl\u00e4ht\u00f6isyys onkin &hellip; <a href=\"https:\/\/blogi.eoppimispalvelut.fi\/testitestitesti\/yrityksesta\/\" class=\"more-link\">Continue reading<span class=\"screen-reader-text\"> &#8220;Yrityksest\u00e4&#8221;<\/span><\/a><\/p>\n","protected":false},"author":20405,"featured_media":0,"parent":0,"menu_order":0,"comment_status":"closed","ping_status":"closed","template":"","meta":{"footnotes":""},"class_list":["post-104","page","type-page","status-publish","hentry"],"_links":{"self":[{"href":"https:\/\/blogi.eoppimispalvelut.fi\/testitestitesti\/wp-json\/wp\/v2\/pages\/104","targetHints":{"allow":["GET"]}}],"collection":[{"href":"https:\/\/blogi.eoppimispalvelut.fi\/testitestitesti\/wp-json\/wp\/v2\/pages"}],"about":[{"href":"https:\/\/blogi.eoppimispalvelut.fi\/testitestitesti\/wp-json\/wp\/v2\/types\/page"}],"author":[{"embeddable":true,"href":"https:\/\/blogi.eoppimispalvelut.fi\/testitestitesti\/wp-json\/wp\/v2\/users\/20405"}],"replies":[{"embeddable":true,"href":"https:\/\/blogi.eoppimispalvelut.fi\/testitestitesti\/wp-json\/wp\/v2\/comments?post=104"}],"version-history":[{"count":7,"href":"https:\/\/blogi.eoppimispalvelut.fi\/testitestitesti\/wp-json\/wp\/v2\/pages\/104\/revisions"}],"predecessor-version":[{"id":138,"href":"https:\/\/blogi.eoppimispalvelut.fi\/testitestitesti\/wp-json\/wp\/v2\/pages\/104\/revisions\/138"}],"wp:attachment":[{"href":"https:\/\/blogi.eoppimispalvelut.fi\/testitestitesti\/wp-json\/wp\/v2\/media?parent=104"}],"curies":[{"name":"wp","href":"https:\/\/api.w.org\/{rel}","templated":true}]}}