{"id":2,"date":"2022-11-14T11:07:31","date_gmt":"2022-11-14T09:07:31","guid":{"rendered":"https:\/\/blogi.eoppimispalvelut.fi\/testitestitesti\/?page_id=2"},"modified":"2022-12-03T16:14:27","modified_gmt":"2022-12-03T14:14:27","slug":"tuotteet","status":"publish","type":"page","link":"https:\/\/blogi.eoppimispalvelut.fi\/testitestitesti\/tuotteet\/","title":{"rendered":"Tuotteet ja palvelut"},"content":{"rendered":"\n<p><strong><em>PAKETIT<\/em><\/strong><\/p>\n\n\n\n<p><strong>Somepaketti<\/strong> alk. 1200\u20ac<br><em>Luomme yrityksellenne somestrategian ja mainontaa suoraan kohderyhm\u00e4lle.<\/em> <em>Mahdollisuus my\u00f6s nettisivujen sek\u00e4 somekanavien yll\u00e4pitoon.<\/em><\/p>\n\n\n\n<p><strong>Mainospaketti <\/strong>alk. 900\u20ac<br><em>Yksi yhteinen mainos julkaistavaksi eri alustoille ja halutessanne my\u00f6s kohdennetut mainokset kohderyhm\u00e4n ja alustan mukaan.<\/em><\/p>\n\n\n\n<p><strong>Aloituspaketti <\/strong>alk. 1500\u20ac<br><em>Kampanja kahdelle ensimm\u00e4iselle kuukaudelle. Sis\u00e4lt\u00e4\u00e4 toimitilan julkisivun sek\u00e4 auton teippauksen, konsultointia ja apua br\u00e4ndin luomiseen sek\u00e4 yrityksen logon, mainoslauseen ja nettisivujen ehostukseen.<\/em> <em>Tarjous voimassa vain rajoitetun ajan!<\/em><\/p>\n\n\n\n<p><strong>Tapahtumapaketti <\/strong>alk. 1500\u20ac<br><em>Kattava paketti yrityksen esittelyyn esimerkiksi messuilla, festareilla ja markkinoilla. Sis\u00e4lt\u00e4\u00e4 messuteltan, yrityksen logolla varustettuja ilmapalloja, flyereita, k\u00e4yntikortteja, roll-up telineen sek\u00e4 mainostelineen.<\/em><\/p>\n\n\n\n<p><\/p>\n\n\n\n<p><strong>MUUT TUOTTEET JA PALVELUT<\/strong><\/p>\n\n\n\n<p><strong>K\u00e4yntikortit<\/strong><br><em>100kpl \/ 90\u20ac<br>200kpl \/ 150\u20ac<\/em><\/p>\n\n\n\n<p><strong>Roll-up mainostaulu<\/strong> <em>199\u20ac<\/em><\/p>\n\n\n\n<p><strong>A-mainosteline <\/strong><em>105\u20ac<\/em><\/p>\n\n\n\n<p><strong>Flyerit<\/strong><br><em>Kaksipuoleinen A5 100kpl \/ 90\u20ac<\/em><\/p>\n\n\n\n<p><strong>Sosiaalisen median mainos valitulle kanavalle<\/strong> alk<em>. 499\u20ac<\/em><\/p>\n\n\n\n<p><strong>Markkinointitutkimus<\/strong> alk. <em>749\u20ac<\/em><br><em>Sis\u00e4lt\u00e4\u00e4 selvityksen yrityksenne toimivimmista markkinointikanavista sek\u00e4 kilpailuedun ja asiakastyytyv\u00e4isyyden tutkimisen<\/em><\/p>\n\n\n\n<p><strong>TV-mainos<\/strong> alk. <em>2000\u20ac<\/em><\/p>\n\n\n\n<p><strong>Auton \/ autojen teippaus<\/strong> alk. <em>1500\u20ac<\/em><\/p>\n\n\n\n<p><strong>Toimitilan julkisivun teippaus<\/strong> alk. <em>1500\u20ac<\/em><br><br>*<em>Kaikki tuotteet ja palvelut r\u00e4\u00e4t\u00e4l\u00f6it\u00e4viss\u00e4 yksil\u00f6llisesti juuri tarpeenne mukaan<\/em>*<\/p>\n\n\n\n<p><br><\/p>\n\n\n\n<p><br><\/p>\n","protected":false},"excerpt":{"rendered":"<p>PAKETIT Somepaketti alk. 1200\u20acLuomme yrityksellenne somestrategian ja mainontaa suoraan kohderyhm\u00e4lle. Mahdollisuus my\u00f6s nettisivujen sek\u00e4 somekanavien yll\u00e4pitoon. Mainospaketti alk. 900\u20acYksi yhteinen &hellip; <a href=\"https:\/\/blogi.eoppimispalvelut.fi\/testitestitesti\/tuotteet\/\" class=\"more-link\">Continue reading<span class=\"screen-reader-text\"> &#8220;Tuotteet ja palvelut&#8221;<\/span><\/a><\/p>\n","protected":false},"author":20405,"featured_media":0,"parent":0,"menu_order":0,"comment_status":"closed","ping_status":"closed","template":"","meta":{"footnotes":""},"class_list":["post-2","page","type-page","status-publish","hentry"],"_links":{"self":[{"href":"https:\/\/blogi.eoppimispalvelut.fi\/testitestitesti\/wp-json\/wp\/v2\/pages\/2","targetHints":{"allow":["GET"]}}],"collection":[{"href":"https:\/\/blogi.eoppimispalvelut.fi\/testitestitesti\/wp-json\/wp\/v2\/pages"}],"about":[{"href":"https:\/\/blogi.eoppimispalvelut.fi\/testitestitesti\/wp-json\/wp\/v2\/types\/page"}],"author":[{"embeddable":true,"href":"https:\/\/blogi.eoppimispalvelut.fi\/testitestitesti\/wp-json\/wp\/v2\/users\/20405"}],"replies":[{"embeddable":true,"href":"https:\/\/blogi.eoppimispalvelut.fi\/testitestitesti\/wp-json\/wp\/v2\/comments?post=2"}],"version-history":[{"count":7,"href":"https:\/\/blogi.eoppimispalvelut.fi\/testitestitesti\/wp-json\/wp\/v2\/pages\/2\/revisions"}],"predecessor-version":[{"id":137,"href":"https:\/\/blogi.eoppimispalvelut.fi\/testitestitesti\/wp-json\/wp\/v2\/pages\/2\/revisions\/137"}],"wp:attachment":[{"href":"https:\/\/blogi.eoppimispalvelut.fi\/testitestitesti\/wp-json\/wp\/v2\/media?parent=2"}],"curies":[{"name":"wp","href":"https:\/\/api.w.org\/{rel}","templated":true}]}}