{"id":10,"date":"2018-05-26T13:34:57","date_gmt":"2018-05-26T10:34:57","guid":{"rendered":"https:\/\/blogi.eoppimispalvelut.fi\/tilitoimisto\/?page_id=10"},"modified":"2018-05-27T15:39:38","modified_gmt":"2018-05-27T12:39:38","slug":"ajatukset","status":"publish","type":"page","link":"https:\/\/blogi.eoppimispalvelut.fi\/tilitoimisto\/ajatukset\/","title":{"rendered":"Ajatukset"},"content":{"rendered":"<p><img loading=\"lazy\" decoding=\"async\" class=\"size-thumbnail wp-image-52 alignleft\" src=\"https:\/\/blogi.eoppimispalvelut.fi\/tilitoimisto\/files\/2018\/05\/nojatuoli-150x150.png\" alt=\"\" width=\"150\" height=\"150\" srcset=\"https:\/\/blogi.eoppimispalvelut.fi\/tilitoimisto\/files\/2018\/05\/nojatuoli-150x150.png 150w, https:\/\/blogi.eoppimispalvelut.fi\/tilitoimisto\/files\/2018\/05\/nojatuoli-300x300.png 300w, https:\/\/blogi.eoppimispalvelut.fi\/tilitoimisto\/files\/2018\/05\/nojatuoli.png 384w\" sizes=\"auto, (max-width: 150px) 100vw, 150px\" \/><\/p>\n<p>&nbsp;<\/p>\n<p>ICT-ymp\u00e4rist\u00f6n kehitysprojektin etenemist\u00e4 ja t\u00e4h\u00e4n menness\u00e4 toteutettuja vaiheita pohtiessani, mieleeni tulee viisaus, joka sopii k\u00e4ytett\u00e4v\u00e4ksi my\u00f6s t\u00e4m\u00e4n projektin moninaisten vaiheiden t\u00e4rkeytt\u00e4 ja j\u00e4rjestyst\u00e4 kuvaamaan:<\/p>\n<p style=\"text-align: center\"><strong><em><span style=\"color: #993300\">\u201dilman menneisyyden tuntemista,<br \/>\n<\/span><\/em><\/strong><strong><em><span style=\"color: #993300\">ei hallitse nykyisyytt\u00e4<br \/>\neik\u00e4 voi rakentaa tulevaisuutta\u201d<\/span><\/em><\/strong><span style=\"color: #993300\">.<\/span><\/p>\n<p>Ty\u00f6l\u00e4ist\u00e4 ja vaativista ty\u00f6vaiheista huolimatta, ne osoittautuivat lopputuloksen kannalta eritt\u00e4in hy\u00f6dyllisiksi. Kohdeyrityksen liiketoiminnan perusajatusten ja toiminnan historian tunteminen oli t\u00e4rke\u00e4\u00e4 t\u00e4m\u00e4n nykytilan ymm\u00e4rt\u00e4misen kannalta ja auttoi hahmottamaan tulevaa tavoitetilaa sek\u00e4 niit\u00e4 yrityksen kannalta merkityksellisi\u00e4 kehityskohteita, joista se tulee parhaiten hy\u00f6tym\u00e4\u00e4n tulevaisuudessa.<\/p>\n<p>Yrityksen historia ja tilitoimiston toiminta olivat minulle entuudestaan jossain m\u00e4\u00e4rin tuttuja. Alkuhaastatteluilla pyrin selvitt\u00e4m\u00e4\u00e4n ICT-ymp\u00e4rist\u00f6n nykytilaa johdattelematta kuitenkaan haastateltavia kehitysajatuksiin, elleiv\u00e4t he niit\u00e4 omatoimisesti tuoneet esille. Sain arvokasta tietoa nykytilasta eri henkil\u00f6iden n\u00e4k\u00f6kulmista katsottuna. Haastateltujen ajatukset eiv\u00e4t olleet kesken\u00e4\u00e4n yhtenev\u00e4isi\u00e4, mutta eiv\u00e4t my\u00f6sk\u00e4\u00e4n ristiriitaisia. Todenn\u00e4k\u00f6isesti yrityksen ty\u00f6ntekij\u00e4t eiv\u00e4t olleet selvill\u00e4 toistensa tarpeista. Kehitysty\u00f6n kannalta oli hy\u00f6dyllist\u00e4 kuulla useammalta eri henkil\u00f6lt\u00e4 tarpeita, etsi\u00e4 niiden yhtenev\u00e4isyyksi\u00e4 ja l\u00e4hte\u00e4 sit\u00e4 kautta rakentamaan koko yrityksen toimintaa tukevia kehitysratkaisuja.<\/p>\n<p>Jos kehityssuunnitelman laatimisessa olisi oikaistu ja hyp\u00e4tty suoraan viimeiseen vaiheeseen, mutta lopputulos olisi pohjautunut omiin ajatuksiini ja l\u00e4ht\u00f6kohtiini eik\u00e4 se palvelisi kohdeyrityst\u00e4. T\u00e4llainen suunnitteluty\u00f6 tai palvelujen tarjoaminen oletuksiin perustuvina pakettiratkaisuna lienee k\u00e4yt\u00e4nn\u00f6n el\u00e4m\u00e4ss\u00e4 yleist\u00e4. Historiaan ja nykytilaan perehtymiseen tarvitaan paljon aikaa ja asiakkaan kuuntelua tarkalla korvalla. Kuuntelu ei yksin riit\u00e4, vaan tarpeiden mukaiseen tavoitetilaan ja onnistuneeseen lopputulokseen p\u00e4\u00e4semiseksi vaaditaan my\u00f6s kerrottujen sek\u00e4 muutoin havaittujen asioiden prosessointia, pohdintaa ja l\u00e4j\u00e4p\u00e4in tarkentavia keskusteluja. Tiukasta aikataulusta huolimatta projektille varattu aika oli riitt\u00e4v\u00e4n pitk\u00e4, jotta ajatukset kypsyiv\u00e4t ja kehittyiv\u00e4t sek\u00e4 tarkentuivat lopulta kirkkaiksi ja toteutuskelpoisiksi suunnitelmiksi.<\/p>\n<h6 style=\"text-align: center\"><span style=\"color: #993300\">&#8211; Tanja &#8211;<\/span><\/h6>\n","protected":false},"excerpt":{"rendered":"<p>&nbsp; ICT-ymp\u00e4rist\u00f6n kehitysprojektin etenemist\u00e4 ja t\u00e4h\u00e4n menness\u00e4 toteutettuja vaiheita pohtiessani, mieleeni tulee viisaus, joka sopii k\u00e4ytett\u00e4v\u00e4ksi my\u00f6s t\u00e4m\u00e4n projektin moninaisten vaiheiden t\u00e4rkeytt\u00e4 ja j\u00e4rjestyst\u00e4 kuvaamaan: \u201dilman menneisyyden tuntemista, ei hallitse nykyisyytt\u00e4 eik\u00e4 voi rakentaa tulevaisuutta\u201d. Ty\u00f6l\u00e4ist\u00e4 ja vaativista ty\u00f6vaiheista huolimatta, ne osoittautuivat lopputuloksen kannalta eritt\u00e4in hy\u00f6dyllisiksi. Kohdeyrityksen liiketoiminnan perusajatusten ja toiminnan historian tunteminen oli t\u00e4rke\u00e4\u00e4 &hellip; <a href=\"https:\/\/blogi.eoppimispalvelut.fi\/tilitoimisto\/ajatukset\/\" class=\"more-link\">Continue reading <span class=\"screen-reader-text\">Ajatukset<\/span> <span class=\"meta-nav\">&rarr;<\/span><\/a><\/p>\n","protected":false},"author":3093,"featured_media":0,"parent":0,"menu_order":3,"comment_status":"closed","ping_status":"closed","template":"","meta":{"footnotes":""},"class_list":["post-10","page","type-page","status-publish","hentry"],"_links":{"self":[{"href":"https:\/\/blogi.eoppimispalvelut.fi\/tilitoimisto\/wp-json\/wp\/v2\/pages\/10","targetHints":{"allow":["GET"]}}],"collection":[{"href":"https:\/\/blogi.eoppimispalvelut.fi\/tilitoimisto\/wp-json\/wp\/v2\/pages"}],"about":[{"href":"https:\/\/blogi.eoppimispalvelut.fi\/tilitoimisto\/wp-json\/wp\/v2\/types\/page"}],"author":[{"embeddable":true,"href":"https:\/\/blogi.eoppimispalvelut.fi\/tilitoimisto\/wp-json\/wp\/v2\/users\/3093"}],"replies":[{"embeddable":true,"href":"https:\/\/blogi.eoppimispalvelut.fi\/tilitoimisto\/wp-json\/wp\/v2\/comments?post=10"}],"version-history":[{"count":13,"href":"https:\/\/blogi.eoppimispalvelut.fi\/tilitoimisto\/wp-json\/wp\/v2\/pages\/10\/revisions"}],"predecessor-version":[{"id":94,"href":"https:\/\/blogi.eoppimispalvelut.fi\/tilitoimisto\/wp-json\/wp\/v2\/pages\/10\/revisions\/94"}],"wp:attachment":[{"href":"https:\/\/blogi.eoppimispalvelut.fi\/tilitoimisto\/wp-json\/wp\/v2\/media?parent=10"}],"curies":[{"name":"wp","href":"https:\/\/api.w.org\/{rel}","templated":true}]}}