{"id":2,"date":"2018-05-26T13:02:20","date_gmt":"2018-05-26T10:02:20","guid":{"rendered":"https:\/\/blogi.eoppimispalvelut.fi\/tilitoimisto\/?page_id=2"},"modified":"2018-05-26T16:04:34","modified_gmt":"2018-05-26T13:04:34","slug":"yleista","status":"publish","type":"page","link":"https:\/\/blogi.eoppimispalvelut.fi\/tilitoimisto\/","title":{"rendered":"Yleist\u00e4"},"content":{"rendered":"<p><img loading=\"lazy\" decoding=\"async\" class=\"size-thumbnail wp-image-49 alignleft\" src=\"https:\/\/blogi.eoppimispalvelut.fi\/tilitoimisto\/files\/2018\/05\/tervetuloa-150x150.png\" alt=\"\" width=\"150\" height=\"150\" srcset=\"https:\/\/blogi.eoppimispalvelut.fi\/tilitoimisto\/files\/2018\/05\/tervetuloa-150x150.png 150w, https:\/\/blogi.eoppimispalvelut.fi\/tilitoimisto\/files\/2018\/05\/tervetuloa-300x300.png 300w, https:\/\/blogi.eoppimispalvelut.fi\/tilitoimisto\/files\/2018\/05\/tervetuloa.png 384w\" sizes=\"auto, (max-width: 150px) 100vw, 150px\" \/><\/p>\n<p>&nbsp;<\/p>\n<p>T\u00e4m\u00e4 esitys on tiivistelm\u00e4 opintoihin liittyv\u00e4n\u00e4 projektina suoritetusta ICT-ymp\u00e4rist\u00f6n kehityssuunnitelmasta ja kuvaa samalla <a href=\"https:\/\/blogi.eoppimispalvelut.fi\/tilitoimisto\/ajatukset\/\">ajatuksiani<\/a> projektin etenemisest\u00e4, vaiheista sek\u00e4 niihin liittyvist\u00e4 omista oivalluksistani.<\/p>\n<p>Projektin alussa selvitin <a href=\"https:\/\/blogi.eoppimispalvelut.fi\/tilitoimisto\/projekti\/\">kohdeyrityksen<\/a> kanssa yhteisty\u00f6ss\u00e4 ICT-ymp\u00e4rist\u00f6n nykytilan ja sen j\u00e4lkeen hahmottelimme tulevan tavoitetilan, jonka pohjalta lopullinen kehityssuunnitelmani syntyi. Yksityiskohtaiset tiedot sis\u00e4lt\u00e4v\u00e4 raportti on tarkoitettu vain asianosaisten k\u00e4ytt\u00f6\u00f6n. <a href=\"https:\/\/blogi.eoppimispalvelut.fi\/tilitoimisto\/lopputulos\/\">Lopputuloksen<\/a> keskeinen sis\u00e4lt\u00f6 on kuvattu lyhyesti t\u00e4ss\u00e4 esityksess\u00e4.<\/p>\n<p>Kiit\u00e4n kaikkia osapuolia yhteisty\u00f6st\u00e4 ja toivon voivani jatkaa kehityssuunnitelmaan liittyv\u00e4n uuden tietoj\u00e4rjestelm\u00e4n suunnitteluty\u00f6t\u00e4 opintoihin liittyv\u00e4n\u00e4 erillisen\u00e4 projektina!<\/p>\n","protected":false},"excerpt":{"rendered":"<p>&nbsp; T\u00e4m\u00e4 esitys on tiivistelm\u00e4 opintoihin liittyv\u00e4n\u00e4 projektina suoritetusta ICT-ymp\u00e4rist\u00f6n kehityssuunnitelmasta ja kuvaa samalla ajatuksiani projektin etenemisest\u00e4, vaiheista sek\u00e4 niihin liittyvist\u00e4 omista oivalluksistani. Projektin alussa selvitin kohdeyrityksen kanssa yhteisty\u00f6ss\u00e4 ICT-ymp\u00e4rist\u00f6n nykytilan ja sen j\u00e4lkeen hahmottelimme tulevan tavoitetilan, jonka pohjalta lopullinen kehityssuunnitelmani syntyi. Yksityiskohtaiset tiedot sis\u00e4lt\u00e4v\u00e4 raportti on tarkoitettu vain asianosaisten k\u00e4ytt\u00f6\u00f6n. Lopputuloksen keskeinen sis\u00e4lt\u00f6 on &hellip; <a href=\"https:\/\/blogi.eoppimispalvelut.fi\/tilitoimisto\/\" class=\"more-link\">Continue reading <span class=\"screen-reader-text\">Yleist\u00e4<\/span> <span class=\"meta-nav\">&rarr;<\/span><\/a><\/p>\n","protected":false},"author":3093,"featured_media":0,"parent":0,"menu_order":0,"comment_status":"closed","ping_status":"closed","template":"","meta":{"footnotes":""},"class_list":["post-2","page","type-page","status-publish","hentry"],"_links":{"self":[{"href":"https:\/\/blogi.eoppimispalvelut.fi\/tilitoimisto\/wp-json\/wp\/v2\/pages\/2","targetHints":{"allow":["GET"]}}],"collection":[{"href":"https:\/\/blogi.eoppimispalvelut.fi\/tilitoimisto\/wp-json\/wp\/v2\/pages"}],"about":[{"href":"https:\/\/blogi.eoppimispalvelut.fi\/tilitoimisto\/wp-json\/wp\/v2\/types\/page"}],"author":[{"embeddable":true,"href":"https:\/\/blogi.eoppimispalvelut.fi\/tilitoimisto\/wp-json\/wp\/v2\/users\/3093"}],"replies":[{"embeddable":true,"href":"https:\/\/blogi.eoppimispalvelut.fi\/tilitoimisto\/wp-json\/wp\/v2\/comments?post=2"}],"version-history":[{"count":19,"href":"https:\/\/blogi.eoppimispalvelut.fi\/tilitoimisto\/wp-json\/wp\/v2\/pages\/2\/revisions"}],"predecessor-version":[{"id":65,"href":"https:\/\/blogi.eoppimispalvelut.fi\/tilitoimisto\/wp-json\/wp\/v2\/pages\/2\/revisions\/65"}],"wp:attachment":[{"href":"https:\/\/blogi.eoppimispalvelut.fi\/tilitoimisto\/wp-json\/wp\/v2\/media?parent=2"}],"curies":[{"name":"wp","href":"https:\/\/api.w.org\/{rel}","templated":true}]}}