{"id":8,"date":"2018-05-26T13:33:57","date_gmt":"2018-05-26T10:33:57","guid":{"rendered":"https:\/\/blogi.eoppimispalvelut.fi\/tilitoimisto\/?page_id=8"},"modified":"2018-05-27T15:41:21","modified_gmt":"2018-05-27T12:41:21","slug":"lopputulos","status":"publish","type":"page","link":"https:\/\/blogi.eoppimispalvelut.fi\/tilitoimisto\/lopputulos\/","title":{"rendered":"Lopputulos"},"content":{"rendered":"<p><img loading=\"lazy\" decoding=\"async\" class=\"size-thumbnail wp-image-50 alignleft\" src=\"https:\/\/blogi.eoppimispalvelut.fi\/tilitoimisto\/files\/2018\/05\/tulokset-150x150.png\" alt=\"\" width=\"150\" height=\"150\" srcset=\"https:\/\/blogi.eoppimispalvelut.fi\/tilitoimisto\/files\/2018\/05\/tulokset-150x150.png 150w, https:\/\/blogi.eoppimispalvelut.fi\/tilitoimisto\/files\/2018\/05\/tulokset-300x300.png 300w, https:\/\/blogi.eoppimispalvelut.fi\/tilitoimisto\/files\/2018\/05\/tulokset.png 384w\" sizes=\"auto, (max-width: 150px) 100vw, 150px\" \/><\/p>\n<p>&nbsp;<\/p>\n<p>Kehityssuunnitelmassa on keskitytty kahteen p\u00e4\u00e4kohteeseen, joiden avulla saadaan ratkaistua tilitoimiston toiminnassa ilmenneet nykytilan puutteet ja ongelmat.<\/p>\n<p>Ensimm\u00e4inen kehityskohde on yhteinen tallennustila ja toinen tilitoimiston k\u00e4ytt\u00f6\u00f6n kehitett\u00e4v\u00e4 uusi j\u00e4rjestelm\u00e4, joka teht\u00e4vienhallinnan avulla ja siihen pohjautuen ratkaisee kaikki sek\u00e4 organisointiin, ty\u00f6ajanseurantaan, laskutukseen ett\u00e4 asiakasviestint\u00e4\u00e4n liittyv\u00e4t haasteet.<\/p>\n<h6>1) Yhteinen tallennustila<\/h6>\n<p style=\"padding-left: 30px\">Pilvik\u00e4ytt\u00f6inen tallennustila mahdollistaa tiedostojen varmuuskopioinnin sek\u00e4 turvallisen yhteisk\u00e4yt\u00f6n. Jokaisella kirjanpit\u00e4j\u00e4ll\u00e4 on p\u00e4\u00e4sy tallennustilaan, jonne talletetaan yhteiset, henkil\u00f6kohtaiset tai mahdollisesti my\u00f6s erikseen m\u00e4\u00e4ritelt\u00e4ville ryhmille tarkoitetut tiedostot. K\u00e4ytt\u00f6oikeuksien muuttaminen voi tapahtua helposti tilitoimiston itsens\u00e4 toimesta. Yhteisk\u00e4yt\u00f6n lis\u00e4ksi pilvik\u00e4ytt\u00f6isell\u00e4 tallennustilalla varmistetaan tietojen s\u00e4ilyvyys ja niiden saatavuus paikasta riippumatta.<\/p>\n<p style=\"padding-left: 30px\">Tekninen toteutus: <a href=\"https:\/\/blogi.eoppimispalvelut.fi\/tilitoimisto\/lopputulos\/yhteinen-tallennustila\/\">TeamDrive<\/a><\/p>\n<h6>2) Teht\u00e4vienhallinnan j\u00e4rjestelm\u00e4<\/h6>\n<p style=\"padding-left: 30px\">Tilitoimiston k\u00e4ytt\u00f6\u00f6n kehitett\u00e4v\u00e4 uusi j\u00e4rjestelm\u00e4, joka teht\u00e4vienhallinnan avulla ja siihen pohjautuen ratkaisee kaikki sek\u00e4 organisointiin, ty\u00f6ajanseurantaan, laskutukseen ett\u00e4 asiakasviestint\u00e4\u00e4n liittyv\u00e4t haasteet. J\u00e4rjestelm\u00e4n avulla hallitaan yhteisi\u00e4 ja henkil\u00f6kohtaisia teht\u00e4vi\u00e4, jotka liittyv\u00e4t taloushallinnon palvelujen tuottamiseen. Jatkossa samaa tietoa ei en\u00e4\u00e4 l\u00f6ydy useista eri paikoista ja eri versioina. Tieto on reaaliaikaisena ja oikeansis\u00e4lt\u00f6isen\u00e4 kaikkien saatavissa.<\/p>\n<p style=\"padding-left: 30px\"><img loading=\"lazy\" decoding=\"async\" class=\"alignnone size-full wp-image-92\" src=\"https:\/\/blogi.eoppimispalvelut.fi\/tilitoimisto\/files\/2018\/05\/kehityskaavio.jpg\" alt=\"\" width=\"725\" height=\"548\" srcset=\"https:\/\/blogi.eoppimispalvelut.fi\/tilitoimisto\/files\/2018\/05\/kehityskaavio.jpg 725w, https:\/\/blogi.eoppimispalvelut.fi\/tilitoimisto\/files\/2018\/05\/kehityskaavio-300x227.jpg 300w\" sizes=\"auto, (max-width: 725px) 100vw, 725px\" \/><\/p>\n<p style=\"padding-left: 30px\">Tekninen toteutus: <a href=\"https:\/\/blogi.eoppimispalvelut.fi\/tilitoimisto\/lopputulos\/tehtavienhallinnan-jarjestelma\/\">Uusi kehitett\u00e4v\u00e4 j\u00e4rjestelm\u00e4<\/a><\/p>\n","protected":false},"excerpt":{"rendered":"<p>&nbsp; Kehityssuunnitelmassa on keskitytty kahteen p\u00e4\u00e4kohteeseen, joiden avulla saadaan ratkaistua tilitoimiston toiminnassa ilmenneet nykytilan puutteet ja ongelmat. Ensimm\u00e4inen kehityskohde on yhteinen tallennustila ja toinen tilitoimiston k\u00e4ytt\u00f6\u00f6n kehitett\u00e4v\u00e4 uusi j\u00e4rjestelm\u00e4, joka teht\u00e4vienhallinnan avulla ja siihen pohjautuen ratkaisee kaikki sek\u00e4 organisointiin, ty\u00f6ajanseurantaan, laskutukseen ett\u00e4 asiakasviestint\u00e4\u00e4n liittyv\u00e4t haasteet. 1) Yhteinen tallennustila Pilvik\u00e4ytt\u00f6inen tallennustila mahdollistaa tiedostojen varmuuskopioinnin sek\u00e4 turvallisen &hellip; <a href=\"https:\/\/blogi.eoppimispalvelut.fi\/tilitoimisto\/lopputulos\/\" class=\"more-link\">Continue reading <span class=\"screen-reader-text\">Lopputulos<\/span> <span class=\"meta-nav\">&rarr;<\/span><\/a><\/p>\n","protected":false},"author":3093,"featured_media":0,"parent":0,"menu_order":2,"comment_status":"closed","ping_status":"closed","template":"","meta":{"footnotes":""},"class_list":["post-8","page","type-page","status-publish","hentry"],"_links":{"self":[{"href":"https:\/\/blogi.eoppimispalvelut.fi\/tilitoimisto\/wp-json\/wp\/v2\/pages\/8","targetHints":{"allow":["GET"]}}],"collection":[{"href":"https:\/\/blogi.eoppimispalvelut.fi\/tilitoimisto\/wp-json\/wp\/v2\/pages"}],"about":[{"href":"https:\/\/blogi.eoppimispalvelut.fi\/tilitoimisto\/wp-json\/wp\/v2\/types\/page"}],"author":[{"embeddable":true,"href":"https:\/\/blogi.eoppimispalvelut.fi\/tilitoimisto\/wp-json\/wp\/v2\/users\/3093"}],"replies":[{"embeddable":true,"href":"https:\/\/blogi.eoppimispalvelut.fi\/tilitoimisto\/wp-json\/wp\/v2\/comments?post=8"}],"version-history":[{"count":15,"href":"https:\/\/blogi.eoppimispalvelut.fi\/tilitoimisto\/wp-json\/wp\/v2\/pages\/8\/revisions"}],"predecessor-version":[{"id":96,"href":"https:\/\/blogi.eoppimispalvelut.fi\/tilitoimisto\/wp-json\/wp\/v2\/pages\/8\/revisions\/96"}],"wp:attachment":[{"href":"https:\/\/blogi.eoppimispalvelut.fi\/tilitoimisto\/wp-json\/wp\/v2\/media?parent=8"}],"curies":[{"name":"wp","href":"https:\/\/api.w.org\/{rel}","templated":true}]}}