{"id":25,"date":"2017-10-05T15:11:11","date_gmt":"2017-10-05T12:11:11","guid":{"rendered":"https:\/\/blogi.eoppimispalvelut.fi\/toimistodecoopy\/?page_id=25"},"modified":"2017-12-13T13:55:28","modified_gmt":"2017-12-13T11:55:28","slug":"kristalli","status":"publish","type":"page","link":"https:\/\/blogi.eoppimispalvelut.fi\/toimistodecoopy\/kristalli\/","title":{"rendered":"Kristalli"},"content":{"rendered":"<p>Kuva on suuntaa-antava<\/p>\n<p>Sofia monitoimip\u00f6yt\u00e4<br \/>\nToimistotuoli Lake 2010 musta<br \/>\nKaappi 800x400x1800 mm valkoinen<br \/>\nPallotuoli, valkoinen<br \/>\nAkryyliviivain 40 cm kirkas<br \/>\nKalenterimappi B5<br \/>\nKokousmuistiokirja A4 musta kartonki sidottu-<br \/>\nKierreluentolehti\u00f6 A4\/60 30\/ltk<br \/>\nMainosteline 500x700mm valkoinen<br \/>\nPost-It pieni, 5 v\u00e4ri\u00e4<br \/>\nAcantus riippuvalaisin, halkaisija 400x239mm, 75W, valk.<br \/>\nKukka-asetelma iso<br \/>\nJackson nukkamatto<br \/>\nVoimal\u00e4vist\u00e4j\u00e4 Rapid SP30 SUPREME<br \/>\nNitoja Allura Leitz kvartsinharmaa<br \/>\nLyijykyn\u00e4 100g12s Staedt.12\/ras lajit<br \/>\nMustekyn\u00e4 Base Black sininen muste<br \/>\nScotch yleisteippi 550 12mmx66m<br \/>\nPaperintuhooja Dahle<br \/>\nPaperisakset Dahle 16cm 00.54406 Comfort Grip- <\/p>\n<p>Yhteens\u00e4 (yhdelle hengelle): 1 997,01 \u20ac<\/p>\n","protected":false},"excerpt":{"rendered":"<p>Kuva on suuntaa-antava Sofia monitoimip\u00f6yt\u00e4 Toimistotuoli Lake 2010 musta Kaappi 800x400x1800 mm valkoinen Pallotuoli, valkoinen Akryyliviivain 40 cm kirkas Kalenterimappi B5 Kokousmuistiokirja A4 musta kartonki sidottu- Kierreluentolehti\u00f6 A4\/60 30\/ltk Mainosteline 500x700mm valkoinen Post-It pieni, 5 v\u00e4ri\u00e4 Acantus riippuvalaisin, halkaisija 400x239mm, 75W, valk. Kukka-asetelma iso Jackson nukkamatto Voimal\u00e4vist\u00e4j\u00e4 Rapid SP30 SUPREME Nitoja Allura Leitz kvartsinharmaa Lyijykyn\u00e4 [&hellip;]<\/p>\n","protected":false},"author":2570,"featured_media":137,"parent":0,"menu_order":0,"comment_status":"closed","ping_status":"closed","template":"","meta":{"footnotes":""},"class_list":["post-25","page","type-page","status-publish","has-post-thumbnail","hentry"],"_links":{"self":[{"href":"https:\/\/blogi.eoppimispalvelut.fi\/toimistodecoopy\/wp-json\/wp\/v2\/pages\/25","targetHints":{"allow":["GET"]}}],"collection":[{"href":"https:\/\/blogi.eoppimispalvelut.fi\/toimistodecoopy\/wp-json\/wp\/v2\/pages"}],"about":[{"href":"https:\/\/blogi.eoppimispalvelut.fi\/toimistodecoopy\/wp-json\/wp\/v2\/types\/page"}],"author":[{"embeddable":true,"href":"https:\/\/blogi.eoppimispalvelut.fi\/toimistodecoopy\/wp-json\/wp\/v2\/users\/2570"}],"replies":[{"embeddable":true,"href":"https:\/\/blogi.eoppimispalvelut.fi\/toimistodecoopy\/wp-json\/wp\/v2\/comments?post=25"}],"version-history":[{"count":9,"href":"https:\/\/blogi.eoppimispalvelut.fi\/toimistodecoopy\/wp-json\/wp\/v2\/pages\/25\/revisions"}],"predecessor-version":[{"id":167,"href":"https:\/\/blogi.eoppimispalvelut.fi\/toimistodecoopy\/wp-json\/wp\/v2\/pages\/25\/revisions\/167"}],"wp:featuredmedia":[{"embeddable":true,"href":"https:\/\/blogi.eoppimispalvelut.fi\/toimistodecoopy\/wp-json\/wp\/v2\/media\/137"}],"wp:attachment":[{"href":"https:\/\/blogi.eoppimispalvelut.fi\/toimistodecoopy\/wp-json\/wp\/v2\/media?parent=25"}],"curies":[{"name":"wp","href":"https:\/\/api.w.org\/{rel}","templated":true}]}}