{"id":1457,"date":"2019-04-26T19:15:53","date_gmt":"2019-04-26T16:15:53","guid":{"rendered":"https:\/\/blogi.eoppimispalvelut.fi\/tourismabc\/?page_id=1457"},"modified":"2026-03-18T07:32:49","modified_gmt":"2026-03-18T05:32:49","slug":"palaute-suomi","status":"publish","type":"page","link":"https:\/\/blogi.eoppimispalvelut.fi\/tourismabc\/palaute-suomi\/","title":{"rendered":"Anna palautetta"},"content":{"rendered":"\n<p><\/p>\n\n\n<p>Arvostamme palautetta, joka auttaa meit\u00e4 parantamaan sivuston sis\u00e4lt\u00f6\u00e4.<br \/>Kehitt\u00e4misehdotuksia voi l\u00e4hett\u00e4\u00e4 osoitteeseen:<br \/><strong>Mirva.Tapaninen@lapinamk.fi<\/strong><\/p>\n\n\n<p><\/p>\n","protected":false},"excerpt":{"rendered":"<p>Arvostamme palautetta, joka auttaa meit\u00e4 parantamaan sivuston sis\u00e4lt\u00f6\u00e4.Kehitt\u00e4misehdotuksia voi l\u00e4hett\u00e4\u00e4 osoitteeseen:Mirva.Tapaninen@lapinamk.fi<\/p>\n","protected":false},"author":36,"featured_media":0,"parent":0,"menu_order":0,"comment_status":"closed","ping_status":"closed","template":"","meta":{"_et_pb_use_builder":"off","_et_pb_old_content":"<!-- wp:paragraph -->\n<p><\/p>\n<!-- \/wp:paragraph -->\n\n<p>Arvostamme palautetta, joka auttaa meit\u00e4 parantamaan sivuston sis\u00e4lt\u00f6\u00e4.<br \/>Kehitt\u00e4misehdotuksia voi l\u00e4hett\u00e4\u00e4 osoitteeseen:<br \/><strong>Mirva.Tapaninen@lapinamk.fi<\/strong><\/p>\n\n<!-- wp:paragraph -->\n<p><\/p>\n<!-- \/wp:paragraph -->","_et_gb_content_width":"1080","footnotes":""},"class_list":["post-1457","page","type-page","status-publish","hentry"],"_links":{"self":[{"href":"https:\/\/blogi.eoppimispalvelut.fi\/tourismabc\/wp-json\/wp\/v2\/pages\/1457","targetHints":{"allow":["GET"]}}],"collection":[{"href":"https:\/\/blogi.eoppimispalvelut.fi\/tourismabc\/wp-json\/wp\/v2\/pages"}],"about":[{"href":"https:\/\/blogi.eoppimispalvelut.fi\/tourismabc\/wp-json\/wp\/v2\/types\/page"}],"author":[{"embeddable":true,"href":"https:\/\/blogi.eoppimispalvelut.fi\/tourismabc\/wp-json\/wp\/v2\/users\/36"}],"replies":[{"embeddable":true,"href":"https:\/\/blogi.eoppimispalvelut.fi\/tourismabc\/wp-json\/wp\/v2\/comments?post=1457"}],"version-history":[{"count":19,"href":"https:\/\/blogi.eoppimispalvelut.fi\/tourismabc\/wp-json\/wp\/v2\/pages\/1457\/revisions"}],"predecessor-version":[{"id":2467,"href":"https:\/\/blogi.eoppimispalvelut.fi\/tourismabc\/wp-json\/wp\/v2\/pages\/1457\/revisions\/2467"}],"wp:attachment":[{"href":"https:\/\/blogi.eoppimispalvelut.fi\/tourismabc\/wp-json\/wp\/v2\/media?parent=1457"}],"curies":[{"name":"wp","href":"https:\/\/api.w.org\/{rel}","templated":true}]}}