{"id":1667,"date":"2020-03-23T14:01:25","date_gmt":"2020-03-23T12:01:25","guid":{"rendered":"https:\/\/blogi.eoppimispalvelut.fi\/tourismabc\/?page_id=1667"},"modified":"2020-03-31T08:37:20","modified_gmt":"2020-03-31T05:37:20","slug":"identiteettiprisma","status":"publish","type":"page","link":"https:\/\/blogi.eoppimispalvelut.fi\/tourismabc\/identiteettiprisma\/","title":{"rendered":"Identiteettiprisma"},"content":{"rendered":"<p>&nbsp;<\/p>\n<p>Kohdeidentiteetti on kohdekokemuksen kehitt\u00e4misen l\u00e4ht\u00f6kohta. Jokainen kohde voi valita itselleen sopivan l\u00e4hestymistavan identiteettins\u00e4 m\u00e4\u00e4rittelyyn. Kohteissa pyrit\u00e4\u00e4n tuomaan esille ne ominaisuudet ja kulttuuri, joilla erottaudutaan muista kohteista. Identiteettiprisma on jaettu kuuteen osaan, joista kolme kertoo yrityksen omakuvasta ja kolme tavoiteltavasta asiakasmielikuvasta. \u200b<img loading=\"lazy\" decoding=\"async\" class=\"aligncenter wp-image-1676\" src=\"https:\/\/blogi.eoppimispalvelut.fi\/tourismabc\/files\/2020\/03\/prisma_kuva-600x594.png\" alt=\"\" width=\"303\" height=\"300\" srcset=\"https:\/\/blogi.eoppimispalvelut.fi\/tourismabc\/files\/2020\/03\/prisma_kuva-600x594.png 600w, https:\/\/blogi.eoppimispalvelut.fi\/tourismabc\/files\/2020\/03\/prisma_kuva-110x110.png 110w, https:\/\/blogi.eoppimispalvelut.fi\/tourismabc\/files\/2020\/03\/prisma_kuva-768x760.png 768w, https:\/\/blogi.eoppimispalvelut.fi\/tourismabc\/files\/2020\/03\/prisma_kuva.png 900w\" sizes=\"(max-width: 303px) 100vw, 303px\" \/><\/p>\n<p>Kohteen identiteetti eli oma kuva muodostuu kohteen persoonallisuudesta, fyysisist\u00e4 ominaisuuksista sek\u00e4 kohteen toimijoiden v\u00e4lisest\u00e4 vuorovaikutuksesta ja toiminnan kulttuurista. Kohteen persoonallisuuden m\u00e4\u00e4ritt\u00e4minen on t\u00e4rke\u00e4\u00e4 siksi, ett\u00e4 jokainen toimija ymm\u00e4rt\u00e4isi tavoiteltavan identiteetin samalla tavalla. T\u00e4m\u00e4 luo perusteet yhdenmukaiselle toiminnalle kohteen eri toimipisteiss\u00e4. Vahvasta kohdeidentiteetist\u00e4 on hy\u00f6ty\u00e4 kohteen toimijoille ja sen avulla kohde pystyy luomaan kest\u00e4v\u00e4n ja luotettavan suhteen sidosryhmiins\u00e4.<\/p>\n<h2>Interaktiiviset identiteettiprismat<\/h2>\n<p><a href=\"https:\/\/blogi.eoppimispalvelut.fi\/tourismabc\/yleinen-identiteettiprisma\/\">Yleinen identiteettiprisma<\/a><\/p>\n<h3>Editori omien interaktiivisten identiteettiprismojen valmistamiseen<\/h3>\n<p><a href=\"https:\/\/drive.google.com\/file\/d\/1Y1lRWjFbwvUkEkowNCdhWXTtJRaM_pMT\/view?usp=sharing\">Lataa t\u00e4st\u00e4 zip-tiedosto, jonka sis\u00e4ll\u00e4 on verkkoselaimessa toimiva editori ja ohje sen k\u00e4ynnist\u00e4miseen.<\/a><\/p>\n<h3>Esimerkit<\/h3>\n<p><a href=\"https:\/\/blogi.eoppimispalvelut.fi\/tourismabc\/ranuan-identiteettiprisma\/\">Ranuan identiteettiprisma<\/a><\/p>\n<p><a href=\"https:\/\/blogi.eoppimispalvelut.fi\/tourismabc\/sompion-identiteettiprisma\/\">Sompion identiteettiprisma<\/a><\/p>\n<p><a href=\"https:\/\/blogi.eoppimispalvelut.fi\/tourismabc\/utsjoen-identiteettiprisma\/\">Utsjoen identiteettiprisma<\/a><\/p>\n<p>&nbsp;<\/p>\n","protected":false},"excerpt":{"rendered":"<p>&nbsp; Kohdeidentiteetti on kohdekokemuksen kehitt\u00e4misen l\u00e4ht\u00f6kohta. Jokainen kohde voi valita itselleen sopivan l\u00e4hestymistavan identiteettins\u00e4 m\u00e4\u00e4rittelyyn. Kohteissa pyrit\u00e4\u00e4n tuomaan esille ne ominaisuudet ja kulttuuri, joilla erottaudutaan muista kohteista. Identiteettiprisma on jaettu kuuteen osaan, joista kolme kertoo yrityksen omakuvasta ja kolme tavoiteltavasta asiakasmielikuvasta. \u200b Kohteen identiteetti eli oma kuva muodostuu kohteen persoonallisuudesta, fyysisist\u00e4 ominaisuuksista sek\u00e4 kohteen toimijoiden [&hellip;]<\/p>\n","protected":false},"author":4340,"featured_media":0,"parent":0,"menu_order":0,"comment_status":"closed","ping_status":"closed","template":"","meta":{"_et_pb_use_builder":"","_et_pb_old_content":"","_et_gb_content_width":"","footnotes":""},"class_list":["post-1667","page","type-page","status-publish","hentry"],"_links":{"self":[{"href":"https:\/\/blogi.eoppimispalvelut.fi\/tourismabc\/wp-json\/wp\/v2\/pages\/1667","targetHints":{"allow":["GET"]}}],"collection":[{"href":"https:\/\/blogi.eoppimispalvelut.fi\/tourismabc\/wp-json\/wp\/v2\/pages"}],"about":[{"href":"https:\/\/blogi.eoppimispalvelut.fi\/tourismabc\/wp-json\/wp\/v2\/types\/page"}],"author":[{"embeddable":true,"href":"https:\/\/blogi.eoppimispalvelut.fi\/tourismabc\/wp-json\/wp\/v2\/users\/4340"}],"replies":[{"embeddable":true,"href":"https:\/\/blogi.eoppimispalvelut.fi\/tourismabc\/wp-json\/wp\/v2\/comments?post=1667"}],"version-history":[{"count":12,"href":"https:\/\/blogi.eoppimispalvelut.fi\/tourismabc\/wp-json\/wp\/v2\/pages\/1667\/revisions"}],"predecessor-version":[{"id":1723,"href":"https:\/\/blogi.eoppimispalvelut.fi\/tourismabc\/wp-json\/wp\/v2\/pages\/1667\/revisions\/1723"}],"wp:attachment":[{"href":"https:\/\/blogi.eoppimispalvelut.fi\/tourismabc\/wp-json\/wp\/v2\/media?parent=1667"}],"curies":[{"name":"wp","href":"https:\/\/api.w.org\/{rel}","templated":true}]}}