{"id":14,"date":"2018-01-09T14:44:26","date_gmt":"2018-01-09T12:44:26","guid":{"rendered":"https:\/\/blogi.eoppimispalvelut.fi\/tuutorointi\/?page_id=14"},"modified":"2018-04-22T23:32:47","modified_gmt":"2018-04-22T20:32:47","slug":"yliopistoymparisto","status":"publish","type":"page","link":"https:\/\/blogi.eoppimispalvelut.fi\/tuutorointi\/yliopistoymparisto\/","title":{"rendered":"Yliopistoymp\u00e4rist\u00f6"},"content":{"rendered":"<p><strong>Yliopistoyhteis\u00f6<\/strong><\/p>\n<ul>\n<li>Yhteis\u00f6llisyys\n<ul>\n<li>Lapin yliopisto on poikkeuksellisen tiivis ja yhteis\u00f6llinen yliopistoyhteis\u00f6. T\u00e4m\u00e4 seikka kannattaa pit\u00e4\u00e4 mieless\u00e4 ja ennen kaikkea hy\u00f6dynt\u00e4\u00e4 tuutoroinnin aikana. Apua saa helposti ja kynnys sen hakemiseen on matala monella tapaa. T\u00e4t\u00e4 kannattaa korostaa uusille opiskelijoille sek\u00e4 my\u00f6s muistaa itse tuutorina toimiessa!<\/li>\n<\/ul>\n<\/li>\n<\/ul>\n<ul>\n<li>\u00a0Ainej\u00e4rjest\u00f6t\n<ul>\n<li>Ainej\u00e4rjest\u00f6t ovat yksitt\u00e4iselle opiskelijalle n\u00e4kyvin osa opiskelijakulttuuria ja toimintaa, sek\u00e4 osaltaan t\u00e4rke\u00e4 osa omaa opiskelijaidentiteetti\u00e4. Vaikka ainej\u00e4rjest\u00f6\u00f6n liittyminen on vapaaehtoista, kannattaa uudelle opiskelijalla korostaa ainej\u00e4rjest\u00f6jen roolia ja t\u00e4rkeytt\u00e4 uuden opiskelijan integroitumisessa sek\u00e4 opiskelijoita yhteen vet\u00e4v\u00e4n\u00e4 voimana.<\/li>\n<\/ul>\n<\/li>\n<\/ul>\n<ul>\n<li>LYYn toiminta\n<ul>\n<li>LYY yhdist\u00e4\u00e4 kaikkia Lapin yliopiston opiskelijoita jo sill\u00e4, ett\u00e4 kaikki opiskelijat ovat automaattisesti sen j\u00e4seni\u00e4. N\u00e4kyvin osa LYY:n toimintaa ovat tapahtumat, mutta se tekee my\u00f6s paljon ty\u00f6t\u00e4 opiskeljoiden eteen, joka ei v\u00e4ltt\u00e4m\u00e4tt\u00e4 aina n\u00e4y riviopiskelijalle, esimerkiksi edunvalvontapuolella.<\/li>\n<\/ul>\n<\/li>\n<\/ul>\n<ul>\n<li>Vaikuttaminen yliopistoyhteis\u00f6ss\u00e4\n<ul>\n<li>Opiskelija voi vaikuttaa yliopistoyhteis\u00f6ss\u00e4 monin eri tavoin, joten n\u00e4ist\u00e4 mahdollisuuksista kannattaa uusille opiskelijoille kertoa kattavasti. Vaikutuskanavia ovat mm. oma ainej\u00e4rjest\u00f6, halloped -toiminta, ylioppilaskunnan hallitus ja edustajisto sek\u00e4 erin\u00e4iset harrastej\u00e4rjest\u00f6t ja niiden toiminta.<\/li>\n<\/ul>\n<\/li>\n<\/ul>\n<p><strong>Opiskelijan oikeusturva<\/strong><\/p>\n<ul>\n<li>Tutustu opiskelijan oikeusturvaoppaaseen ja kerro sen olemassaolosta my\u00f6s uusille opiskelijoille. LYY:ll\u00e4 on my\u00f6s tarjottavana oikeusapua opiskelijoille, joten muista mainita my\u00f6s t\u00e4st\u00e4.<\/li>\n<\/ul>\n<p>&nbsp;<\/p>\n<p><strong>Opiskelijan hyvinvointi<\/strong><\/p>\n<ul>\n<li>YTHS\n<ul>\n<li>Ylioppilaiden terveydenhuoltos\u00e4\u00e4ti\u00f6 on opiskeljoiden ensisijainen v\u00e4yl\u00e4 terveydenhuollon saralla. Muista kertoa t\u00e4m\u00e4n palvelun olemassaolosta ja esittele miss\u00e4 Rovaniemen toimipiste sijaitsee.<\/li>\n<\/ul>\n<\/li>\n<li>Korkeakouluopintojen ohjaaja\n<ul>\n<li>Korkeakouluopintojen ohjaaja auttaa opiskelijoita opiskeluun liittyviss\u00e4 ongelmissa. Esittele mahdollisuus n\u00e4ihin palveluihin ja miten niihin saa yhteyden. (toimisto A-siiven alakerrassa, linkki sivuille:\u00a0<a href=\"https:\/\/www.ulapland.fi\/FI\/Opiskelu\/Opintojen-aikana\/Opintojen-ohjaus\">https:\/\/www.ulapland.fi\/FI\/Opiskelu\/Opintojen-aikana\/Opintojen-ohjaus<\/a> )<\/li>\n<\/ul>\n<\/li>\n<li>LUC-sport\n<ul>\n<li>j\u00e4rjest\u00e4\u00e4 korkeakoululiikuntaa ja organisoi erin\u00e4ist\u00e4 liikuntatoimintaa lappilaisille opiskelijoille. Kerro Rovaniemen monipuolisista liikuntapalveluista ja korkeakoululiikuntapalveluiden j\u00e4rjest\u00e4mist\u00e4 liikuntamahdollisuuksista, kuten sporttipassista ja palloilusarjoista. Yhteiset ja matalan kynnyksen liikuntataphtumat ovat my\u00f6s mainio ryhm\u00e4ytt\u00e4miskeino<\/li>\n<\/ul>\n<\/li>\n<li>H\u00e4irint\u00e4yhdyshenkil\u00f6toiminta\n<ul>\n<li>Kerro h\u00e4irint\u00e4yhdyshenkil\u00f6ist\u00e4, joihin on mahdollisuus ottaa yhteytt\u00e4 h\u00e4irint\u00e4tapauksissa. LYY:ll\u00e4 on omat h\u00e4irint\u00e4yhdyshenkil\u00f6t ja my\u00f6s joillakin ainej\u00e4rjest\u00f6ill\u00e4 on omat h\u00e4irint\u00e4yhdyshenkil\u00f6ns\u00e4. Muista ett\u00e4 h\u00e4irint\u00e4 on jokaisen oma subjektiivinen kokemuksensa ja jokainen ihminen kokee h\u00e4irinn\u00e4n eri tavalla. Korosta ett\u00e4 h\u00e4irint\u00e4\u00e4 kohtaan on yhteis\u00f6ss\u00e4mme nollatoleranssi nin opiskelijoiden kuin henkil\u00f6kunnankin taholta ja h\u00e4irint\u00e4yhdyshenkil\u00f6iden kontaktointi on t\u00e4ysin luottamuksellista ja heihin voi olla yhteydess\u00e4 aina halutessaan. (linkki LYY:n h\u00e4irint\u00e4yhdyshenkil\u00f6iden sivulle:\u00a0<a href=\"http:\/\/www.lyy.fi\/opiskelijalle\/hairi\/\">http:\/\/www.lyy.fi\/opiskelijalle\/hairi\/<\/a><\/li>\n<\/ul>\n<\/li>\n<\/ul>\n","protected":false},"excerpt":{"rendered":"<p>Yliopistoyhteis\u00f6 Yhteis\u00f6llisyys Lapin yliopisto on poikkeuksellisen tiivis ja yhteis\u00f6llinen yliopistoyhteis\u00f6. T\u00e4m\u00e4 seikka kannattaa pit\u00e4\u00e4 mieless\u00e4 ja ennen kaikkea hy\u00f6dynt\u00e4\u00e4 tuutoroinnin aikana. Apua saa helposti ja kynnys sen&hellip; <span class=\"read-more\"><a class=\"more-link\" href=\"https:\/\/blogi.eoppimispalvelut.fi\/tuutorointi\/yliopistoymparisto\/\" rel=\"bookmark\">Read more <span class=\"screen-reader-text\">&#8220;Yliopistoymp\u00e4rist\u00f6&#8221;<\/span><\/a><\/span><\/p>\n","protected":false},"author":2861,"featured_media":0,"parent":0,"menu_order":0,"comment_status":"closed","ping_status":"closed","template":"","meta":{"footnotes":""},"class_list":["post-14","page","type-page","status-publish","hentry"],"_links":{"self":[{"href":"https:\/\/blogi.eoppimispalvelut.fi\/tuutorointi\/wp-json\/wp\/v2\/pages\/14","targetHints":{"allow":["GET"]}}],"collection":[{"href":"https:\/\/blogi.eoppimispalvelut.fi\/tuutorointi\/wp-json\/wp\/v2\/pages"}],"about":[{"href":"https:\/\/blogi.eoppimispalvelut.fi\/tuutorointi\/wp-json\/wp\/v2\/types\/page"}],"author":[{"embeddable":true,"href":"https:\/\/blogi.eoppimispalvelut.fi\/tuutorointi\/wp-json\/wp\/v2\/users\/2861"}],"replies":[{"embeddable":true,"href":"https:\/\/blogi.eoppimispalvelut.fi\/tuutorointi\/wp-json\/wp\/v2\/comments?post=14"}],"version-history":[{"count":11,"href":"https:\/\/blogi.eoppimispalvelut.fi\/tuutorointi\/wp-json\/wp\/v2\/pages\/14\/revisions"}],"predecessor-version":[{"id":82,"href":"https:\/\/blogi.eoppimispalvelut.fi\/tuutorointi\/wp-json\/wp\/v2\/pages\/14\/revisions\/82"}],"wp:attachment":[{"href":"https:\/\/blogi.eoppimispalvelut.fi\/tuutorointi\/wp-json\/wp\/v2\/media?parent=14"}],"curies":[{"name":"wp","href":"https:\/\/api.w.org\/{rel}","templated":true}]}}