{"id":45,"date":"2018-04-22T21:13:36","date_gmt":"2018-04-22T18:13:36","guid":{"rendered":"https:\/\/blogi.eoppimispalvelut.fi\/tuutorointi\/?page_id=45"},"modified":"2018-04-22T22:35:25","modified_gmt":"2018-04-22T19:35:25","slug":"tuutoroinnin-aikana","status":"publish","type":"page","link":"https:\/\/blogi.eoppimispalvelut.fi\/tuutorointi\/tuutoroinnin-aikana\/","title":{"rendered":"Tuutoroinnin aikana"},"content":{"rendered":"<p><strong>Opiskelijatuutoroinnin ohjausteemat<\/strong><\/p>\n<p>&nbsp;<\/p>\n<ol>\n<li><strong>Tutustuminen yliopistoymp\u00e4rist\u00f6\u00f6n<\/strong><\/li>\n<\/ol>\n<p>&nbsp;<\/p>\n<p>Yliopistoymp\u00e4rist\u00f6\u00f6n tutustuminen on hyv\u00e4 aloittaa heti uusien opiskelijoiden saapuessa kampusalueelle. He tulevat viett\u00e4m\u00e4\u00e4n tulevien vuosien aikana todella ison osan ajastaan kampusalueella, ja sen vuoksi on hyv\u00e4 osata l\u00f6yt\u00e4\u00e4 oikeat palvelut ja tiet\u00e4\u00e4, mit\u00e4 kampus pit\u00e4\u00e4 sis\u00e4ll\u00e4\u00e4n.<\/p>\n<p>K\u00e4sittele uusien opiskelijoiden kanssa seuraavia asioita:<\/p>\n<p>&nbsp;<\/p>\n<ul>\n<li>Tee\u00a0<strong>tiedekunta\u00a0<\/strong>tutuksi uudelle opiskelijalle, kerro my\u00f6s muista tiedekunnista<\/li>\n<li>Vie ryhm\u00e4si opiskelijat sy\u00f6m\u00e4\u00e4n ja tutustuta heid\u00e4t <strong>opiskelijaruokailuun.\u00a0<\/strong>(korosta opiskelijaruokailun helppoutta ja monipuolisuutta hintaansa n\u00e4hden. Ruokailu on my\u00f6s mainio keino yhteis\u00f6llisyyden luonnille, sill\u00e4 sy\u00f6minen on yleens\u00e4 mukavampaa yhdess\u00e4 kuin yksin)<\/li>\n<li>K\u00e4yt\u00e4 ryhm\u00e4\u00e4si tutustumassa <strong>opiskelupalveluihin\u00a0<\/strong>(sijainti E-siivess\u00e4)<\/li>\n<li>Vierailkaa <strong>kv-yksik\u00f6ss\u00e4<\/strong>, vaihto-opinnot ovat monella t\u00e4ht\u00e4imess\u00e4 opintojen aikana<\/li>\n<li><strong>Helpdesk <\/strong>auttaa opiskelijaa teknisiss\u00e4 pulmissa. Uuden opiskelijan on hyv\u00e4 tiet\u00e4\u00e4 Helpdeskin sijainti<\/li>\n<li><strong>Kirjastosta <\/strong>voi tulla opintojen aikana opiskelijan toinen koti. Esittele kirjaston tiloja uusille opiskelijoille ja kerro lainausk\u00e4yt\u00e4nteist\u00e4.<\/li>\n<li>Opiskelijat maksavat j\u00e4senmaksunsa yhteydess\u00e4 my\u00f6s <strong>YTHS:<\/strong>n j\u00e4senmaksun. Opasta uusille opiskelijoille YTHS-palveluiden sijainti. Kannattaa my\u00f6s muistaa kertoa mik\u00e4 YTHS on.<\/li>\n<li>Jokainen yliopisto-opiskelija kuuluu ylioppilaskuntaan. Kerro ryhm\u00e4si opiskelijoille miss\u00e4 sijaitsee <strong>Lapin yliopiston ylioppilaskunnan (LYY)\u00a0<\/strong>toimisto (osoite: Ahkiomaantie 23 B)<\/li>\n<\/ul>\n<p>&nbsp;<\/p>\n<p>&nbsp;<\/p>\n<p>&nbsp;<\/p>\n<ol start=\"2\">\n<li><strong>Opintoihin perehdytt\u00e4minen<\/strong><\/li>\n<\/ol>\n<p>&nbsp;<\/p>\n<p>Uudelle opiskelijalle yliopistomaailma voi olla t\u00e4ysin tuntematon ja opintojen alkuun saattamisessa voi olla ongelmia. Opiskelijatuutorilla on ensiarvoisen t\u00e4rke\u00e4 rooli uuden opiskelijan perehdytt\u00e4misess\u00e4 opintojen pariin. Kerro omista kokemuksistasi, muistele mit\u00e4 vinkkej\u00e4 olet itse saanut ja opasta opiskelijalle parhaat tiet\u00e4m\u00e4si tekniikat.<\/p>\n<p>&nbsp;<\/p>\n<p>Opintojen perehdytt\u00e4misen teeman alla olisi hyv\u00e4 k\u00e4sitell\u00e4 seuraavia asioita:<\/p>\n<ul>\n<li>K\u00e4y l\u00e4pi uuden opiskelijan kanssa <strong>tutkintorakenne<\/strong>. Mist\u00e4 alan tutkinto koostuu ja mihin se t\u00e4ht\u00e4\u00e4. Muista opettajatuutorin apu tutkintorakenteen l\u00e4pik\u00e4ynniss\u00e4!<\/li>\n<li>Kerro uudelle opiskelijalle <strong>ajank\u00e4yt\u00f6n suunnittelusta ja hallinnasta.\u00a0<\/strong>Uudelle opiskelijalle voi kuulostaa yliopiston suoritusm\u00e4\u00e4r\u00e4t isoilta, mutta hyv\u00e4ll\u00e4 suunnittelulla niist\u00e4 kyll\u00e4 selvi\u00e4\u00e4!<\/li>\n<li><strong>Opiskelumuodot- ja menetelm\u00e4t\u00a0<\/strong>ovat keskeisi\u00e4 opintojen suorittamisen kannalta. Kerro kirjallisten t\u00f6iden ulkoasuohjeista ja millaisia opiskelumuotoja- ja menetelmi\u00e4 eri kursseilla voi olla.<\/li>\n<li>Perehdyt\u00e4 uudet opiskelijat <strong>Weboodin\u00a0<\/strong>k\u00e4ytt\u00f6\u00f6n. Weboodista tulee k\u00e4yd\u00e4 l\u00e4pi opinto-oppaiden ja kurssien kuvaus, aikataulutietojen hakeminen, suoritusten seuranta ja kursseille ilmoittautuminen. Muista varata tilat Weboodi-koulutukselle.<\/li>\n<li>Kerro <strong>Examin\u00a0<\/strong>k\u00e4yt\u00f6st\u00e4 ja siit\u00e4 miss\u00e4 se sijaitsee.<\/li>\n<li>Opasta uutta opiskelijaa\u00a0<strong>tenttik\u00e4yt\u00e4nteist\u00e4\u00a0<\/strong>ja kerro milloin yleiset tenttip\u00e4iv\u00e4t ovat.<\/li>\n<li>Lapin yliopistossa on <strong>vapaa sivuaineoikeus<\/strong>. Opiskelijat voivat t\u00e4ydent\u00e4\u00e4 omia opintojaan erin\u00e4isill\u00e4 sivuaineopinnoilla. Sivuaineista voit kysy\u00e4 aineen vastuuopettajalta, opettajatuutorilta tai opintop\u00e4\u00e4llik\u00f6lt\u00e4.<\/li>\n<li>Muistuta opiskelijaa <strong>palautteen\u00a0<\/strong>t\u00e4rkeydest\u00e4, jotta opettaja voi hy\u00f6dynt\u00e4\u00e4 palautetta opetusta kehitt\u00e4ess\u00e4.<\/li>\n<li><strong>AHOT- k\u00e4yt\u00e4nteit\u00e4\u00a0<\/strong>on hyv\u00e4 korostaa uusille opiskelijoille. Kannustakaa opiskelijoita selvitt\u00e4m\u00e4\u00e4n AHOT-tarpeet.<\/li>\n<\/ul>\n<p>&nbsp;<\/p>\n<p><strong>Opiskelijalle hy\u00f6dyllisi\u00e4 v\u00e4lineit\u00e4<\/strong><\/p>\n<ul>\n<li>Frank app\/opiskelijakortti\n<ul>\n<li>Opiskelijakortti on valttikortti moniin rahanarvoisiin alennuksiin esimerkiksi opiskelijaruokaloissa, VR:n junassa ja paikallisen ravintolan tiskill\u00e4. Fyysiseen opiskelijakorttiin pit\u00e4\u00e4 hakea voimassaolotarra LYY:lt\u00e4 tai vaihtoehtoisesti voi k\u00e4ytt\u00e4\u00e4 s\u00e4hk\u00f6ist\u00e4 opiskelijakorttia Frank appin kautta.<\/li>\n<\/ul>\n<\/li>\n<li>Tuudo\n<ul>\n<li>Tuudo mobiilisovellus on opiskelijalle, etenkin uudelle, kullanarvoinen apu. Sielt\u00e4 n\u00e4kee opetustilat, ravintoloiden ruokalistat ja yliopiston kartan<\/li>\n<\/ul>\n<\/li>\n<li>Kirjastokortti\n<ul>\n<li>Kirjastokortti on k\u00e4yt\u00e4nn\u00f6ss\u00e4 v\u00e4ltt\u00e4m\u00e4t\u00f6n v\u00e4line jokaiselle opiskelijalle. Kerro uusille opiskelijoille miten kirjastokortti hankitaan.<\/li>\n<\/ul>\n<\/li>\n<li>Kulkul\u00e4tk\u00e4\n<ul>\n<li>Kulkul\u00e4tk\u00e4 mahdollistaa kirjaston k\u00e4yt\u00f6n ymp\u00e4ri vuorokauden. Kerro kulkul\u00e4tk\u00e4st\u00e4, miten se toimii ja mist\u00e4 sen voi hankkia (p\u00e4\u00e4aulasta virastomestareilta, he my\u00f6s opastavat sen k\u00e4yt\u00f6st\u00e4 ja k\u00e4ytt\u00f6ehdoista)<\/li>\n<\/ul>\n<\/li>\n<li>S\u00e4hk\u00f6postin k\u00e4ytt\u00f6\n<ul>\n<li>Kerro uusille opiskelijoille miten he aktivoivat omat ulapland -tunnuksensa ja mihin niit\u00e4 k\u00e4ytet\u00e4\u00e4n. (s\u00e4hk\u00f6posti, weboodi, optima jne.)<\/li>\n<\/ul>\n<\/li>\n<\/ul>\n","protected":false},"excerpt":{"rendered":"<p>Opiskelijatuutoroinnin ohjausteemat &nbsp; Tutustuminen yliopistoymp\u00e4rist\u00f6\u00f6n &nbsp; Yliopistoymp\u00e4rist\u00f6\u00f6n tutustuminen on hyv\u00e4 aloittaa heti uusien opiskelijoiden saapuessa kampusalueelle. He tulevat viett\u00e4m\u00e4\u00e4n tulevien vuosien aikana todella ison osan ajastaan kampusalueella,&hellip; <span class=\"read-more\"><a class=\"more-link\" href=\"https:\/\/blogi.eoppimispalvelut.fi\/tuutorointi\/tuutoroinnin-aikana\/\" rel=\"bookmark\">Read more <span class=\"screen-reader-text\">&#8220;Tuutoroinnin aikana&#8221;<\/span><\/a><\/span><\/p>\n","protected":false},"author":2870,"featured_media":0,"parent":0,"menu_order":0,"comment_status":"closed","ping_status":"closed","template":"","meta":{"footnotes":""},"class_list":["post-45","page","type-page","status-publish","hentry"],"_links":{"self":[{"href":"https:\/\/blogi.eoppimispalvelut.fi\/tuutorointi\/wp-json\/wp\/v2\/pages\/45","targetHints":{"allow":["GET"]}}],"collection":[{"href":"https:\/\/blogi.eoppimispalvelut.fi\/tuutorointi\/wp-json\/wp\/v2\/pages"}],"about":[{"href":"https:\/\/blogi.eoppimispalvelut.fi\/tuutorointi\/wp-json\/wp\/v2\/types\/page"}],"author":[{"embeddable":true,"href":"https:\/\/blogi.eoppimispalvelut.fi\/tuutorointi\/wp-json\/wp\/v2\/users\/2870"}],"replies":[{"embeddable":true,"href":"https:\/\/blogi.eoppimispalvelut.fi\/tuutorointi\/wp-json\/wp\/v2\/comments?post=45"}],"version-history":[{"count":4,"href":"https:\/\/blogi.eoppimispalvelut.fi\/tuutorointi\/wp-json\/wp\/v2\/pages\/45\/revisions"}],"predecessor-version":[{"id":76,"href":"https:\/\/blogi.eoppimispalvelut.fi\/tuutorointi\/wp-json\/wp\/v2\/pages\/45\/revisions\/76"}],"wp:attachment":[{"href":"https:\/\/blogi.eoppimispalvelut.fi\/tuutorointi\/wp-json\/wp\/v2\/media?parent=45"}],"curies":[{"name":"wp","href":"https:\/\/api.w.org\/{rel}","templated":true}]}}