{"id":201,"date":"2021-08-05T13:05:39","date_gmt":"2021-08-05T10:05:39","guid":{"rendered":"https:\/\/blogi.eoppimispalvelut.fi\/tyohyve\/?page_id=201"},"modified":"2025-08-12T11:22:26","modified_gmt":"2025-08-12T08:22:26","slug":"toimituskunta","status":"publish","type":"page","link":"https:\/\/blogi.eoppimispalvelut.fi\/tyohyve\/?page_id=201","title":{"rendered":"Toimituskunta"},"content":{"rendered":"<p>Vanhusty\u00f6n uudelleen muotoilu -blogin Blogin julkaisija on Lapin ammattikorkeakoulu ja sis\u00e4ll\u00f6st\u00e4 vastaa toimituskunta, johon kuuluvat:<\/p>\n<p><strong>Eija Jumisko (yhdyshenkil\u00f6)<br \/>\n<\/strong>FT, TtM, yliopettaja<br \/>\nOsallisuus ja toimintakyky osaamisryhm\u00e4<br \/>\nLapin ammattikorkeakoulu<br \/>\netunimi.sukunimi@lapinamk.fi<\/p>\n<p><strong>Sari Arolaakso (yhdyshenkil\u00f6)<\/strong><br \/>\nTtM, erityisasiantuntija, v\u00e4it\u00f6skirjatutkija (Oulu yo)<br \/>\nOsaallisuus ja toimintakyky osaamisryhm\u00e4<br \/>\nLapin ammattikorkeakoulu<br \/>\netunimi.sukunimi@lapinamk.fi<\/p>\n<p><strong>Anniina Tohmola (yhdyshenkil\u00f6)<\/strong><br \/>\nTtT, yliopettaja, PostDoc (Oulu yo)<br \/>\nTulevaisuuden terveyspalvelut osaamisryhm\u00e4<br \/>\nLapin ammattikorkeakoulu<br \/>\netunimi.sukunimi@lapinamk.fi<\/p>\n<p><strong>Sinikka Lotvonen<\/strong><br \/>\nTtT, tutkijatohtori<em><br \/>\n<\/em>GeroNursing Centre, Hoitotieteen ja terveyshallintotieteen tutkimusyksikk\u00f6<br \/>\nOulun yliopisto<br \/>\netunimi.sukunimi@oulu.fi<\/p>\n<p><strong>Heidi Siira<\/strong><br \/>\nTtT, yliopisto-opettaja<br \/>\nGeroNursing Centre, Hoitotieteen ja terveyshallintotieteen tutkimusyksikk\u00f6<br \/>\nOulun yliopisto<br \/>\netunimi.sukunimi@oulu.fi<\/p>\n<blockquote><p>Haluatko kirjoittaa blogiimme? Ota yhteytt\u00e4 toimituskuntaan!<\/p><\/blockquote>\n","protected":false},"excerpt":{"rendered":"<p>Vanhusty\u00f6n uudelleen muotoilu -blogin Blogin julkaisija on Lapin ammattikorkeakoulu ja sis\u00e4ll\u00f6st\u00e4 vastaa toimituskunta, johon kuuluvat: Eija Jumisko (yhdyshenkil\u00f6) FT, TtM, yliopettaja Osallisuus ja toimintakyky osaamisryhm\u00e4 Lapin ammattikorkeakoulu etunimi.sukunimi@lapinamk.fi Sari Arolaakso (yhdyshenkil\u00f6) TtM, erityisasiantuntija, v\u00e4it\u00f6skirjatutkija (Oulu yo) Osaallisuus ja toimintakyky osaamisryhm\u00e4 Lapin ammattikorkeakoulu etunimi.sukunimi@lapinamk.fi Anniina Tohmola (yhdyshenkil\u00f6) TtT, yliopettaja, PostDoc (Oulu yo) Tulevaisuuden terveyspalvelut osaamisryhm\u00e4 Lapin &hellip; <\/p>\n<p><a class=\"more-link btn\" href=\"https:\/\/blogi.eoppimispalvelut.fi\/tyohyve\/?page_id=201\">Jatka lukemista<\/a><\/p>\n","protected":false},"author":19903,"featured_media":0,"parent":0,"menu_order":0,"comment_status":"closed","ping_status":"closed","template":"","meta":{"_monsterinsights_skip_tracking":false,"_monsterinsights_sitenote_active":false,"_monsterinsights_sitenote_note":"","_monsterinsights_sitenote_category":0,"footnotes":""},"class_list":["post-201","page","type-page","status-publish","hentry","nodate","item-wrap"],"_links":{"self":[{"href":"https:\/\/blogi.eoppimispalvelut.fi\/tyohyve\/index.php?rest_route=\/wp\/v2\/pages\/201","targetHints":{"allow":["GET"]}}],"collection":[{"href":"https:\/\/blogi.eoppimispalvelut.fi\/tyohyve\/index.php?rest_route=\/wp\/v2\/pages"}],"about":[{"href":"https:\/\/blogi.eoppimispalvelut.fi\/tyohyve\/index.php?rest_route=\/wp\/v2\/types\/page"}],"author":[{"embeddable":true,"href":"https:\/\/blogi.eoppimispalvelut.fi\/tyohyve\/index.php?rest_route=\/wp\/v2\/users\/19903"}],"replies":[{"embeddable":true,"href":"https:\/\/blogi.eoppimispalvelut.fi\/tyohyve\/index.php?rest_route=%2Fwp%2Fv2%2Fcomments&post=201"}],"version-history":[{"count":6,"href":"https:\/\/blogi.eoppimispalvelut.fi\/tyohyve\/index.php?rest_route=\/wp\/v2\/pages\/201\/revisions"}],"predecessor-version":[{"id":466,"href":"https:\/\/blogi.eoppimispalvelut.fi\/tyohyve\/index.php?rest_route=\/wp\/v2\/pages\/201\/revisions\/466"}],"wp:attachment":[{"href":"https:\/\/blogi.eoppimispalvelut.fi\/tyohyve\/index.php?rest_route=%2Fwp%2Fv2%2Fmedia&parent=201"}],"curies":[{"name":"wp","href":"https:\/\/api.w.org\/{rel}","templated":true}]}}