{"id":62,"date":"2016-08-29T14:13:48","date_gmt":"2016-08-29T11:13:48","guid":{"rendered":"https:\/\/blogi.eoppimispalvelut.fi\/korkeakoululiikunta\/?page_id=62"},"modified":"2016-08-29T14:13:48","modified_gmt":"2016-08-29T11:13:48","slug":"tarjonta-rovaniemella","status":"publish","type":"page","link":"https:\/\/blogi.eoppimispalvelut.fi\/universitysports\/sporttipassi\/tarjonta-rovaniemella\/","title":{"rendered":"Tarjonta Rovaniemell\u00e4"},"content":{"rendered":"<h5>\u00a0T\u00e4m\u00e4 sivu ei sis\u00e4ll\u00e4 tietoa.<\/h5>\n<h5><\/h5>\n<div class=\"iw_modulcontent_inner\"><\/div>\n<div class=\"iw_modulcontent_inner\"><\/div>\n<h5 class=\"iw_modulcontent_inner\"><\/h5>\n","protected":false},"excerpt":{"rendered":"<p>\u00a0T\u00e4m\u00e4 sivu ei sis\u00e4ll\u00e4 tietoa.<\/p>\n","protected":false},"author":1,"featured_media":0,"parent":30,"menu_order":0,"comment_status":"closed","ping_status":"closed","template":"","meta":{"jetpack_post_was_ever_published":false,"footnotes":""},"class_list":["post-62","page","type-page","status-publish","hentry"],"jetpack_sharing_enabled":true,"jetpack_shortlink":"https:\/\/wp.me\/P9bZoj-10","_links":{"self":[{"href":"https:\/\/blogi.eoppimispalvelut.fi\/universitysports\/wp-json\/wp\/v2\/pages\/62","targetHints":{"allow":["GET"]}}],"collection":[{"href":"https:\/\/blogi.eoppimispalvelut.fi\/universitysports\/wp-json\/wp\/v2\/pages"}],"about":[{"href":"https:\/\/blogi.eoppimispalvelut.fi\/universitysports\/wp-json\/wp\/v2\/types\/page"}],"author":[{"embeddable":true,"href":"https:\/\/blogi.eoppimispalvelut.fi\/universitysports\/wp-json\/wp\/v2\/users\/1"}],"replies":[{"embeddable":true,"href":"https:\/\/blogi.eoppimispalvelut.fi\/universitysports\/wp-json\/wp\/v2\/comments?post=62"}],"version-history":[{"count":0,"href":"https:\/\/blogi.eoppimispalvelut.fi\/universitysports\/wp-json\/wp\/v2\/pages\/62\/revisions"}],"up":[{"embeddable":true,"href":"https:\/\/blogi.eoppimispalvelut.fi\/universitysports\/wp-json\/wp\/v2\/pages\/30"}],"wp:attachment":[{"href":"https:\/\/blogi.eoppimispalvelut.fi\/universitysports\/wp-json\/wp\/v2\/media?parent=62"}],"curies":[{"name":"wp","href":"https:\/\/api.w.org\/{rel}","templated":true}]}}