{"id":22,"date":"2020-11-24T14:51:23","date_gmt":"2020-11-24T12:51:23","guid":{"rendered":"https:\/\/blogi.eoppimispalvelut.fi\/valleytex2020\/?page_id=22"},"modified":"2021-02-10T16:48:39","modified_gmt":"2021-02-10T14:48:39","slug":"pesulapalvelu","status":"publish","type":"page","link":"https:\/\/blogi.eoppimispalvelut.fi\/valleytex2020\/pesulapalvelu\/","title":{"rendered":"Pesulapalvelu"},"content":{"rendered":"<h2>Ty\u00f6ntekij\u00e4nne eiv\u00e4t en\u00e4\u00e4 koskaan pese ty\u00f6vaatteita itse.<\/h2>\n<p>&nbsp;<\/p>\n<p>Tarjoamme painetuille ja brodeeratuille vaatteille pesulapalveluun hintaan <strong>249\u20ac\/kk.\u00a0<\/strong><\/p>\n<p>Haemme vaatteet pesuun kahdesti kuussa ja toimitamme ne puhtaina takaisin.<\/p>\n<p>Kysyth\u00e4n pesulapalvelun mahdollisuudesta tilatessasi vaatteita. Avajaistarjouksena tarjoamme ensimm\u00e4isen kuukauden hintaan <strong>99\u20ac.<\/strong><\/p>\n","protected":false},"excerpt":{"rendered":"<p>Ty\u00f6ntekij\u00e4nne eiv\u00e4t en\u00e4\u00e4 koskaan pese ty\u00f6vaatteita itse. &nbsp; Tarjoamme painetuille ja brodeeratuille vaatteille pesulapalveluun hintaan 249\u20ac\/kk.\u00a0 Haemme vaatteet pesuun kahdesti &hellip; <a href=\"https:\/\/blogi.eoppimispalvelut.fi\/valleytex2020\/pesulapalvelu\/\" class=\"more-link\">Continue reading<span class=\"screen-reader-text\"> &#8220;Pesulapalvelu&#8221;<\/span><\/a><\/p>\n","protected":false},"author":4905,"featured_media":0,"parent":0,"menu_order":0,"comment_status":"closed","ping_status":"closed","template":"","meta":{"footnotes":""},"class_list":["post-22","page","type-page","status-publish","hentry"],"_links":{"self":[{"href":"https:\/\/blogi.eoppimispalvelut.fi\/valleytex2020\/wp-json\/wp\/v2\/pages\/22","targetHints":{"allow":["GET"]}}],"collection":[{"href":"https:\/\/blogi.eoppimispalvelut.fi\/valleytex2020\/wp-json\/wp\/v2\/pages"}],"about":[{"href":"https:\/\/blogi.eoppimispalvelut.fi\/valleytex2020\/wp-json\/wp\/v2\/types\/page"}],"author":[{"embeddable":true,"href":"https:\/\/blogi.eoppimispalvelut.fi\/valleytex2020\/wp-json\/wp\/v2\/users\/4905"}],"replies":[{"embeddable":true,"href":"https:\/\/blogi.eoppimispalvelut.fi\/valleytex2020\/wp-json\/wp\/v2\/comments?post=22"}],"version-history":[{"count":6,"href":"https:\/\/blogi.eoppimispalvelut.fi\/valleytex2020\/wp-json\/wp\/v2\/pages\/22\/revisions"}],"predecessor-version":[{"id":55,"href":"https:\/\/blogi.eoppimispalvelut.fi\/valleytex2020\/wp-json\/wp\/v2\/pages\/22\/revisions\/55"}],"wp:attachment":[{"href":"https:\/\/blogi.eoppimispalvelut.fi\/valleytex2020\/wp-json\/wp\/v2\/media?parent=22"}],"curies":[{"name":"wp","href":"https:\/\/api.w.org\/{rel}","templated":true}]}}