{"id":272,"date":"2023-03-07T14:38:49","date_gmt":"2023-03-07T12:38:49","guid":{"rendered":"https:\/\/blogi.eoppimispalvelut.fi\/value\/?page_id=272"},"modified":"2023-03-27T14:01:33","modified_gmt":"2023-03-27T11:01:33","slug":"digitaalisen-vastuullisuusviestinnan-syventava-itsearviointityokalu","status":"publish","type":"page","link":"https:\/\/blogi.eoppimispalvelut.fi\/value\/digitaalisen-vastuullisuusviestinnan-syventava-itsearviointityokalu\/","title":{"rendered":"Yksityiskohtaisempien toimenpiteiden tarkistuslista"},"content":{"rendered":"<p><\/p>\n\n\n<\/p>\n<p>Klikkaamalla alla olevia linkkej\u00e4 voit tarkastella ja suunnitella digitaalisen vastuullisuusviestinn\u00e4n tavoitteita ja toimenpiteit\u00e4 yksityiskohtaisemmin.&nbsp;<br><\/p><p><br><\/p><p><a href=\"https:\/\/blogi.eoppimispalvelut.fi\/value\/files\/2023\/03\/Miksi.pdf\" target=\"_blank\" rel=\"noopener\" style=\"font-family: var( --e-global-typography-text-font-family ), Sans-serif;font-weight: var( --e-global-typography-text-font-weight )\">Miksi viestimme vastuullisuudesta?<\/a><br><\/p>\n<p>\n\n\n\n<\/p>\n<p><a href=\"https:\/\/blogi.eoppimispalvelut.fi\/value\/files\/2023\/03\/Kenen-kanssa.pdf\">Kenen kanssa viestimme vastuullisuudesta<\/a>?<\/p>\n<p>\n\n\n\n<\/p>\n<p><a href=\"https:\/\/blogi.eoppimispalvelut.fi\/value\/files\/2023\/03\/Mita.pdf\">Mit\u00e4 viestimme vastuullisuudesta?<\/a><\/p>\n<p>\n\n\n\n<\/p>\n<p><a href=\"https:\/\/blogi.eoppimispalvelut.fi\/value\/files\/2023\/03\/Miten.pdf\">Miten viestimme vastuullisuudesta?<\/a><\/p>\n<p>\n\n\n\n<\/p>\n<p><a href=\"https:\/\/blogi.eoppimispalvelut.fi\/value\/files\/2023\/03\/Missa.pdf\">Miss\u00e4 viestimme vastuullisuudesta?<\/a><\/p>\n<p><a href=\"https:\/\/blogi.eoppimispalvelut.fi\/value\/files\/2023\/03\/Milloin.pdf\">Milloin viestimme vastuullisuudesta?<\/a><\/p>\n<p><a style=\"background-color: #ffffff\" href=\"https:\/\/blogi.eoppimispalvelut.fi\/value\/files\/2023\/03\/Vastuullisesti.pdf\">Kuinka viestimme vastuullisuudesta vastuullisesti?<\/a><\/p>\n<p><a href=\"https:\/\/blogi.eoppimispalvelut.fi\/value\/files\/2023\/03\/Kuka-vastaa.pdf\">Kuka vastaa vastuullisuusviestinn\u00e4st\u00e4mme?<\/a><\/p>\n<p><a href=\"https:\/\/blogi.eoppimispalvelut.fi\/value\/files\/2023\/03\/Kuinka-tehokkaasti.pdf\">Kuinka tehokkaasti viestimme vastuullisuudestamme?<\/a><\/p>\n<p><a style=\"background-color: #ffffff\" href=\"https:\/\/blogi.eoppimispalvelut.fi\/value\/files\/2023\/03\/Mita-maksaa.pdf\">Mit\u00e4 vastuullisuusviestint\u00e4 maksaa<\/a>?<\/p>\n<p>\n\n\n<p><\/p>\n<p><!-- \/wp:post-content --><\/p>","protected":false},"excerpt":{"rendered":"<p>Klikkaamalla alla olevia linkkej\u00e4 voit tarkastella ja suunnitella digitaalisen vastuullisuusviestinn\u00e4n tavoitteita ja toimenpiteit\u00e4 yksityiskohtaisemmin.&nbsp; Miksi viestimme vastuullisuudesta?<\/p>\n","protected":false},"author":6208,"featured_media":0,"parent":0,"menu_order":0,"comment_status":"closed","ping_status":"closed","template":"","meta":{"footnotes":""},"class_list":["post-272","page","type-page","status-publish","hentry","nodate","item-wrap"],"_links":{"self":[{"href":"https:\/\/blogi.eoppimispalvelut.fi\/value\/wp-json\/wp\/v2\/pages\/272","targetHints":{"allow":["GET"]}}],"collection":[{"href":"https:\/\/blogi.eoppimispalvelut.fi\/value\/wp-json\/wp\/v2\/pages"}],"about":[{"href":"https:\/\/blogi.eoppimispalvelut.fi\/value\/wp-json\/wp\/v2\/types\/page"}],"author":[{"embeddable":true,"href":"https:\/\/blogi.eoppimispalvelut.fi\/value\/wp-json\/wp\/v2\/users\/6208"}],"replies":[{"embeddable":true,"href":"https:\/\/blogi.eoppimispalvelut.fi\/value\/wp-json\/wp\/v2\/comments?post=272"}],"version-history":[{"count":30,"href":"https:\/\/blogi.eoppimispalvelut.fi\/value\/wp-json\/wp\/v2\/pages\/272\/revisions"}],"predecessor-version":[{"id":412,"href":"https:\/\/blogi.eoppimispalvelut.fi\/value\/wp-json\/wp\/v2\/pages\/272\/revisions\/412"}],"wp:attachment":[{"href":"https:\/\/blogi.eoppimispalvelut.fi\/value\/wp-json\/wp\/v2\/media?parent=272"}],"curies":[{"name":"wp","href":"https:\/\/api.w.org\/{rel}","templated":true}]}}