{"id":37,"date":"2021-11-10T16:51:35","date_gmt":"2021-11-10T14:51:35","guid":{"rendered":"https:\/\/blogi.eoppimispalvelut.fi\/value\/?page_id=37"},"modified":"2023-03-24T15:28:07","modified_gmt":"2023-03-24T13:28:07","slug":"mita-on-vastuullisuusviestinta","status":"publish","type":"page","link":"https:\/\/blogi.eoppimispalvelut.fi\/value\/mita-on-vastuullisuusviestinta\/","title":{"rendered":"Mit\u00e4 on vastuullisuusviestint\u00e4"},"content":{"rendered":"\t\t<div data-elementor-type=\"wp-page\" data-elementor-id=\"37\" class=\"elementor elementor-37\">\n\t\t\t\t\t\t<section class=\"elementor-section elementor-top-section elementor-element elementor-element-2f704183 elementor-section-boxed elementor-section-height-default elementor-section-height-default\" data-id=\"2f704183\" data-element_type=\"section\" data-e-type=\"section\">\n\t\t\t\t\t\t<div class=\"elementor-container elementor-column-gap-default\">\n\t\t\t\t\t<div class=\"elementor-column elementor-col-100 elementor-top-column elementor-element elementor-element-4ca3bfd5\" data-id=\"4ca3bfd5\" data-element_type=\"column\" data-e-type=\"column\">\n\t\t\t<div class=\"elementor-widget-wrap elementor-element-populated\">\n\t\t\t\t\t\t<div class=\"elementor-element elementor-element-25cb629b elementor-widget elementor-widget-text-editor\" data-id=\"25cb629b\" data-element_type=\"widget\" data-e-type=\"widget\" data-widget_type=\"text-editor.default\">\n\t\t\t\t<div class=\"elementor-widget-container\">\n\t\t\t\t\t\t\t\t\t<h3><strong>Vastuullisuusviestinn\u00e4n teht\u00e4v\u00e4t ja tavoitteet<\/strong><\/h3>\n<div><strong>\u00a0<\/strong><\/div>\n<p><img fetchpriority=\"high\" decoding=\"async\" class=\"alignleft size-full wp-image-149\" src=\"https:\/\/blogi.eoppimispalvelut.fi\/value\/files\/2021\/11\/Vastuullisuusviestinnan-tehtavat-ja-tavoitteet_Page_1-scaled.jpg\" alt=\"\" width=\"2560\" height=\"1440\" srcset=\"https:\/\/blogi.eoppimispalvelut.fi\/value\/files\/2021\/11\/Vastuullisuusviestinnan-tehtavat-ja-tavoitteet_Page_1-scaled.jpg 2560w, https:\/\/blogi.eoppimispalvelut.fi\/value\/files\/2021\/11\/Vastuullisuusviestinnan-tehtavat-ja-tavoitteet_Page_1-300x169.jpg 300w, https:\/\/blogi.eoppimispalvelut.fi\/value\/files\/2021\/11\/Vastuullisuusviestinnan-tehtavat-ja-tavoitteet_Page_1-1024x576.jpg 1024w, https:\/\/blogi.eoppimispalvelut.fi\/value\/files\/2021\/11\/Vastuullisuusviestinnan-tehtavat-ja-tavoitteet_Page_1-768x432.jpg 768w, https:\/\/blogi.eoppimispalvelut.fi\/value\/files\/2021\/11\/Vastuullisuusviestinnan-tehtavat-ja-tavoitteet_Page_1-1536x864.jpg 1536w, https:\/\/blogi.eoppimispalvelut.fi\/value\/files\/2021\/11\/Vastuullisuusviestinnan-tehtavat-ja-tavoitteet_Page_1-2048x1152.jpg 2048w, https:\/\/blogi.eoppimispalvelut.fi\/value\/files\/2021\/11\/Vastuullisuusviestinnan-tehtavat-ja-tavoitteet_Page_1-750x422.jpg 750w\" sizes=\"(max-width: 2560px) 100vw, 2560px\" \/> <img decoding=\"async\" class=\"alignleft size-full wp-image-150\" src=\"https:\/\/blogi.eoppimispalvelut.fi\/value\/files\/2021\/11\/Vastuullisuusviestinnan-tehtavat-ja-tavoitteet_Page_2-scaled.jpg\" alt=\"\" width=\"2560\" height=\"1440\" srcset=\"https:\/\/blogi.eoppimispalvelut.fi\/value\/files\/2021\/11\/Vastuullisuusviestinnan-tehtavat-ja-tavoitteet_Page_2-scaled.jpg 2560w, https:\/\/blogi.eoppimispalvelut.fi\/value\/files\/2021\/11\/Vastuullisuusviestinnan-tehtavat-ja-tavoitteet_Page_2-300x169.jpg 300w, https:\/\/blogi.eoppimispalvelut.fi\/value\/files\/2021\/11\/Vastuullisuusviestinnan-tehtavat-ja-tavoitteet_Page_2-1024x576.jpg 1024w, https:\/\/blogi.eoppimispalvelut.fi\/value\/files\/2021\/11\/Vastuullisuusviestinnan-tehtavat-ja-tavoitteet_Page_2-768x432.jpg 768w, https:\/\/blogi.eoppimispalvelut.fi\/value\/files\/2021\/11\/Vastuullisuusviestinnan-tehtavat-ja-tavoitteet_Page_2-1536x864.jpg 1536w, https:\/\/blogi.eoppimispalvelut.fi\/value\/files\/2021\/11\/Vastuullisuusviestinnan-tehtavat-ja-tavoitteet_Page_2-2048x1152.jpg 2048w, https:\/\/blogi.eoppimispalvelut.fi\/value\/files\/2021\/11\/Vastuullisuusviestinnan-tehtavat-ja-tavoitteet_Page_2-750x422.jpg 750w\" sizes=\"(max-width: 2560px) 100vw, 2560px\" \/><\/p>\n<p>\u00a0<\/p>\n<p><!-- \/wp:paragraph --><\/p>\n<p><!-- wp:pdfemb\/pdf-embedder-viewer {\"pdfID\":355,\"url\":\"https:\/\/blogi.eoppimispalvelut.fi\/value\/files\/2023\/03\/B_5_2022_Digitaalinen_vastuullisuusviestinta.pdf\"} --><\/p>\n<p class=\"wp-block-pdfemb-pdf-embedder-viewer\">\u00a0<\/p>\n<p><!-- \/wp:pdfemb\/pdf-embedder-viewer --><\/p>\t\t\t\t\t\t\t\t<\/div>\n\t\t\t\t<\/div>\n\t\t\t\t\t<\/div>\n\t\t<\/div>\n\t\t\t\t\t<\/div>\n\t\t<\/section>\n\t\t\t\t<\/div>\n\t\t","protected":false},"excerpt":{"rendered":"<p>Vastuullisuusviestinn\u00e4n teht\u00e4v\u00e4t ja tavoitteet \u00a0 \u00a0 \u00a0<\/p>\n","protected":false},"author":6208,"featured_media":0,"parent":0,"menu_order":0,"comment_status":"closed","ping_status":"closed","template":"template-onecolumn.php","meta":{"footnotes":""},"class_list":["post-37","page","type-page","status-publish","hentry","nodate","item-wrap"],"_links":{"self":[{"href":"https:\/\/blogi.eoppimispalvelut.fi\/value\/wp-json\/wp\/v2\/pages\/37","targetHints":{"allow":["GET"]}}],"collection":[{"href":"https:\/\/blogi.eoppimispalvelut.fi\/value\/wp-json\/wp\/v2\/pages"}],"about":[{"href":"https:\/\/blogi.eoppimispalvelut.fi\/value\/wp-json\/wp\/v2\/types\/page"}],"author":[{"embeddable":true,"href":"https:\/\/blogi.eoppimispalvelut.fi\/value\/wp-json\/wp\/v2\/users\/6208"}],"replies":[{"embeddable":true,"href":"https:\/\/blogi.eoppimispalvelut.fi\/value\/wp-json\/wp\/v2\/comments?post=37"}],"version-history":[{"count":14,"href":"https:\/\/blogi.eoppimispalvelut.fi\/value\/wp-json\/wp\/v2\/pages\/37\/revisions"}],"predecessor-version":[{"id":378,"href":"https:\/\/blogi.eoppimispalvelut.fi\/value\/wp-json\/wp\/v2\/pages\/37\/revisions\/378"}],"wp:attachment":[{"href":"https:\/\/blogi.eoppimispalvelut.fi\/value\/wp-json\/wp\/v2\/media?parent=37"}],"curies":[{"name":"wp","href":"https:\/\/api.w.org\/{rel}","templated":true}]}}