{"id":64,"date":"2021-11-11T07:59:16","date_gmt":"2021-11-11T05:59:16","guid":{"rendered":"https:\/\/blogi.eoppimispalvelut.fi\/value\/?page_id=64"},"modified":"2023-06-27T11:55:03","modified_gmt":"2023-06-27T08:55:03","slug":"ohjausryhma","status":"publish","type":"page","link":"https:\/\/blogi.eoppimispalvelut.fi\/value\/ohjausryhma\/","title":{"rendered":"VALUE -hanke"},"content":{"rendered":"<p><strong>Vastuullisuusviestinn\u00e4st\u00e4 lis\u00e4arvoa liiketoimintaan \u2013 VALUE<\/strong> oli EAKR-rahoitteinen hanke, jonka toteutti Lapin ammattikorkeakoulu 1.5.2021 \u2013 31.3.2023. Yhteisty\u00f6kumppaneina ja pilottialueina olivat Visit Levi ja Visit Meri-Lappi.<\/p>\n<p>Hankkeen tavoitteena oli tukea lappilaisten matkailuyritysten kest\u00e4v\u00e4\u00e4 yritystoimintaa ja kasvua digitaalista vastuullisuusviestint\u00e4\u00e4 kehitt\u00e4m\u00e4ll\u00e4. Tavoitteena oli luoda digitaalisen vastuullisuusviestinn\u00e4n arvioinnin malli, jolla matkailuyritys pystyy itse tarkastelemaan, arvioimaan ja mittaamaan toimintaansa liittyv\u00e4\u00e4 vastuullisuusviestint\u00e4\u00e4 ja edelleen kehitt\u00e4m\u00e4\u00e4n sit\u00e4.<\/p>\n<p>Hankkeen tulokset:<\/p>\n<p>1. Raportti, joka sis\u00e4lt\u00e4\u00e4 selvityksen vastuullisuusviestinn\u00e4n tietoperustaksi sek\u00e4 pilottialueiden l\u00e4ht\u00f6tilakartoitukset ja kehitt\u00e4misehdotukset.<br \/>\n2. Dokumentaatio arviointimallista, sen pilotoinnista ja elinkaarisuunnitelmasta sek\u00e4 kaksi artikkelia vastuullisuusviestinn\u00e4n prosessista.<\/p>\n<p>Hankkeen kokonaisbudjetti oli 99 260 \u20ac, josta EAKR ja valtionrahoitus on 79 408 \u20ac (80 %), yksityinen rahoitus 1 000 \u20ac (1,00 %) ja Lapin AMK:n omarahoitus 18 852 \u20ac (19 %).<\/p>\n<p>Yhteyshenkil\u00f6t:<\/p>\n<p>Eija Raasakka, projektip\u00e4\u00e4llikk\u00f6, 0407098160<br \/>\nSisko H\u00e4iki\u00f6, lehtori\/viestint\u00e4<br \/>\nKati Koivunen, lehtori\/viestint\u00e4<br \/>\nMerja Koikkalainen, yliopettaja\/innovatiivinen matkailualan johtaminen<br \/>\nMaarit Tihinen, yliopettaja\/digiajan palvelujohtaminen<\/p>\n<p>S\u00e4hk\u00f6postit:\u00a0<a href=\"mailto:etunimi.sukunimi@lapinamk.fi\" target=\"_blank\" rel=\"noreferrer noopener\">etunimi.sukunimi@lapinamk.fi<\/a><\/p>\n<p>Ohjausryhm\u00e4n vakituiset j\u00e4senet:<\/p>\n<ol>\n<li>Aittokoski Virpi, Manager, Outdoor Activities &amp; Sports, Visit Finland\/Sustainable Travel Finland<\/li>\n<li>Garc\u00eda-Rosell Jos\u00e9-Carlos, yliopistonlehtori, Lapin yliopisto\/Lapin vastuullisen matkailun verkosto<\/li>\n<li>Harju-Myllyaho Anu, osaamisp\u00e4\u00e4llikk\u00f6, Lapin ammattikorkeakoulu\/matkailu<\/li>\n<li>Luiro Satu, strategiap\u00e4\u00e4llikk\u00f6 (sij.), Lapin liitto\/matkailun, urheilun ja liikunnan, sek\u00e4 kulttuurin ja luovien alojen toimialat<\/li>\n<li>Mikkola Teija, myyntijohtaja, Visit Meri-Lappi<\/li>\n<li>Palosaari Maija, Head of Marketing, Visit Levi<\/li>\n<\/ol>\n<p>Asiantuntijaj\u00e4seniksi oli kutsuttu saman vastuullisuusteeman tiimoilla ty\u00f6skentelev\u00e4t projektip\u00e4\u00e4llik\u00f6t Eija Kinnunen, Kemin kaupunki ja Mirva Tapaninen, Lapin AMK. Ohjausryhm\u00e4\u00e4n kutsuttiin aina hankkeen rahoittajan yhteyshenkil\u00f6 Samu R\u00f6tk\u00f6nen, Lapin liitto. Projektip\u00e4\u00e4llikk\u00f6 Eija Raasakka toimi ohjausryhm\u00e4n sihteerin\u00e4 ja lis\u00e4ksi hankkeen asiantuntijahenkil\u00f6st\u00f6 oli tervetullut osallistumaan ohjausryhm\u00e4n kokouksiin.<\/p>\n<p>Ohjausryhm\u00e4 kokoontui puolen vuoden v\u00e4lein.<\/p>\n","protected":false},"excerpt":{"rendered":"<p>Vastuullisuusviestinn\u00e4st\u00e4 lis\u00e4arvoa liiketoimintaan \u2013 VALUE oli EAKR-rahoitteinen hanke, jonka toteutti Lapin ammattikorkeakoulu 1.5.2021 \u2013 31.3.2023. Yhteisty\u00f6kumppaneina ja pilottialueina olivat Visit Levi ja Visit Meri-Lappi. Hankkeen tavoitteena oli tukea lappilaisten matkailuyritysten kest\u00e4v\u00e4\u00e4 yritystoimintaa ja kasvua digitaalista vastuullisuusviestint\u00e4\u00e4 kehitt\u00e4m\u00e4ll\u00e4. Tavoitteena oli luoda digitaalisen vastuullisuusviestinn\u00e4n arvioinnin malli, jolla matkailuyritys pystyy itse tarkastelemaan, arvioimaan ja mittaamaan toimintaansa liittyv\u00e4\u00e4 vastuullisuusviestint\u00e4\u00e4 &hellip; <\/p>\n<p><a class=\"more-link btn\" href=\"https:\/\/blogi.eoppimispalvelut.fi\/value\/ohjausryhma\/\">Jatka lukemista<\/a><\/p>\n","protected":false},"author":6208,"featured_media":0,"parent":0,"menu_order":0,"comment_status":"closed","ping_status":"closed","template":"template-onecolumn.php","meta":{"footnotes":""},"class_list":["post-64","page","type-page","status-publish","hentry","nodate","item-wrap"],"_links":{"self":[{"href":"https:\/\/blogi.eoppimispalvelut.fi\/value\/wp-json\/wp\/v2\/pages\/64","targetHints":{"allow":["GET"]}}],"collection":[{"href":"https:\/\/blogi.eoppimispalvelut.fi\/value\/wp-json\/wp\/v2\/pages"}],"about":[{"href":"https:\/\/blogi.eoppimispalvelut.fi\/value\/wp-json\/wp\/v2\/types\/page"}],"author":[{"embeddable":true,"href":"https:\/\/blogi.eoppimispalvelut.fi\/value\/wp-json\/wp\/v2\/users\/6208"}],"replies":[{"embeddable":true,"href":"https:\/\/blogi.eoppimispalvelut.fi\/value\/wp-json\/wp\/v2\/comments?post=64"}],"version-history":[{"count":7,"href":"https:\/\/blogi.eoppimispalvelut.fi\/value\/wp-json\/wp\/v2\/pages\/64\/revisions"}],"predecessor-version":[{"id":461,"href":"https:\/\/blogi.eoppimispalvelut.fi\/value\/wp-json\/wp\/v2\/pages\/64\/revisions\/461"}],"wp:attachment":[{"href":"https:\/\/blogi.eoppimispalvelut.fi\/value\/wp-json\/wp\/v2\/media?parent=64"}],"curies":[{"name":"wp","href":"https:\/\/api.w.org\/{rel}","templated":true}]}}