{"id":152,"date":"2023-10-26T11:54:27","date_gmt":"2023-10-26T08:54:27","guid":{"rendered":"https:\/\/blogi.eoppimispalvelut.fi\/vasama\/?page_id=152"},"modified":"2023-10-31T14:39:07","modified_gmt":"2023-10-31T12:39:07","slug":"kayttoliittyma","status":"publish","type":"page","link":"https:\/\/blogi.eoppimispalvelut.fi\/vasama\/kayttoliittyma\/","title":{"rendered":"K\u00e4ytt\u00f6liittym\u00e4"},"content":{"rendered":"\n<h4 class=\"wp-block-heading\">Tekniikan rajoitteet k\u00e4ytt\u00f6liittym\u00e4lle<\/h4>\n\n\n\n<p>K\u00e4ytt\u00f6liittym\u00e4\u00e4 suunnitellessa valitut tekniikat asettavat rajoitteita. Alla listattu eri vaiheissa yleiset rajoitteet.<\/p>\n\n\n\n<h4 class=\"wp-block-heading\">Ennen maastossa k\u00e4ynti\u00e4<\/h4>\n\n\n\n<p>Ohjelmaan on tarve kirjautua, jotta voi hakea kirjautumisen takana olevan korvamerkkirekisterin tiedot. Tiedot ladataan ohjelmalla.<\/p>\n\n\n\n<h4 class=\"wp-block-heading\">Maastossa<\/h4>\n\n\n\n<p>Tarvittavaa ker\u00e4tt\u00e4v\u00e4\u00e4 tietoa minimiss\u00e4\u00e4n on teuraskirjan tiedot, jossa pilttanumero yhdistet\u00e4\u00e4n omistajaan. Lis\u00e4ksi voidaan tallentaa muut tarvittavat lis\u00e4tiedot maastosta, kuten konttorityyppi. \u00a0Sijainti ja aika, eli erotustapahtuma, voidaan tallentaa v\u00e4liaikaisella tiedolla. Tieto ker\u00e4t\u00e4\u00e4n mobiililaitteelle, joka tallentaa ker\u00e4tyn tiedon ensisijaisesti laitteelle itseens\u00e4 toimien siis verkon ulkopuolellakin.<\/p>\n\n\n\n<h4 class=\"wp-block-heading\">Maastokeruun j\u00e4lkeen<\/h4>\n\n\n\n<p>Ennen lukuporoon tuontia, on tarve lis\u00e4t\u00e4 informaatiota. Mm. ruhon painot ja muuta metatietoa tarvitaan. Tieto tuodaan laitteesta lukuporoon lataamalla netist\u00e4 verkko-osoitteesta.<\/p>\n\n\n\n<div class=\"wp-block-columns alignwide is-layout-flex wp-container-core-columns-is-layout-28f84493 wp-block-columns-is-layout-flex\">\n<div class=\"wp-block-column is-layout-flow wp-block-column-is-layout-flow\">\n<div class=\"wp-block-cover is-light\"><span aria-hidden=\"true\" class=\"wp-block-cover__background has-background-dim\"><\/span><img loading=\"lazy\" decoding=\"async\" width=\"350\" height=\"480\" class=\"wp-block-cover__image-background wp-image-193\" alt=\"\" src=\"https:\/\/blogi.eoppimispalvelut.fi\/vasama\/files\/2023\/10\/eteuras.png\" data-object-fit=\"cover\" srcset=\"https:\/\/blogi.eoppimispalvelut.fi\/vasama\/files\/2023\/10\/eteuras.png 350w, https:\/\/blogi.eoppimispalvelut.fi\/vasama\/files\/2023\/10\/eteuras-219x300.png 219w\" sizes=\"auto, (max-width: 350px) 100vw, 350px\" \/><div class=\"wp-block-cover__inner-container has-global-padding is-layout-constrained wp-block-cover-is-layout-constrained\">\n<p class=\"has-text-align-center has-base-color has-text-color has-large-font-size\">Eteuraslauta<\/p>\n\n\n\n<div class=\"wp-block-buttons is-content-justification-center is-layout-flex wp-container-core-buttons-is-layout-a89b3969 wp-block-buttons-is-layout-flex\">\n<div class=\"wp-block-button\"><a class=\"wp-block-button__link wp-element-button\" href=\"https:\/\/blogi.eoppimispalvelut.fi\/vasama\/kayttoliittyma\/eteuraslauta\/\">LUE LIS\u00c4\u00c4<\/a><\/div>\n<\/div>\n<\/div><\/div>\n<\/div>\n\n\n\n<div class=\"wp-block-column is-layout-flow wp-block-column-is-layout-flow\">\n<div class=\"wp-block-cover is-light\"><span aria-hidden=\"true\" class=\"wp-block-cover__background has-background-dim\"><\/span><img loading=\"lazy\" decoding=\"async\" width=\"216\" height=\"480\" class=\"wp-block-cover__image-background wp-image-194\" alt=\"\" src=\"https:\/\/blogi.eoppimispalvelut.fi\/vasama\/files\/2023\/10\/evasalauta.png\" data-object-fit=\"cover\" srcset=\"https:\/\/blogi.eoppimispalvelut.fi\/vasama\/files\/2023\/10\/evasalauta.png 216w, https:\/\/blogi.eoppimispalvelut.fi\/vasama\/files\/2023\/10\/evasalauta-135x300.png 135w\" sizes=\"auto, (max-width: 216px) 100vw, 216px\" \/><div class=\"wp-block-cover__inner-container has-global-padding is-layout-constrained wp-block-cover-is-layout-constrained\">\n<p class=\"has-text-align-center has-base-color has-text-color has-large-font-size\">eVasalauta kattelija<\/p>\n\n\n\n<div class=\"wp-block-buttons is-content-justification-center is-layout-flex wp-container-core-buttons-is-layout-a89b3969 wp-block-buttons-is-layout-flex\">\n<div class=\"wp-block-button\"><a class=\"wp-block-button__link wp-element-button\" href=\"https:\/\/blogi.eoppimispalvelut.fi\/vasama\/kayttoliittyma\/evasalauta-kattelija\/\">LUE LIS\u00c4\u00c4<\/a><\/div>\n<\/div>\n<\/div><\/div>\n<\/div>\n<\/div>\n\n\n\n<div class=\"wp-block-columns alignwide is-layout-flex wp-container-core-columns-is-layout-28f84493 wp-block-columns-is-layout-flex\">\n<div class=\"wp-block-column is-layout-flow wp-block-column-is-layout-flow\">\n<div class=\"wp-block-cover is-light\"><span aria-hidden=\"true\" class=\"wp-block-cover__background has-background-dim\"><\/span><img loading=\"lazy\" decoding=\"async\" width=\"350\" height=\"480\" class=\"wp-block-cover__image-background wp-image-195\" alt=\"\" src=\"https:\/\/blogi.eoppimispalvelut.fi\/vasama\/files\/2023\/10\/ete_tyonjohtaha.png\" data-object-fit=\"cover\" srcset=\"https:\/\/blogi.eoppimispalvelut.fi\/vasama\/files\/2023\/10\/ete_tyonjohtaha.png 350w, https:\/\/blogi.eoppimispalvelut.fi\/vasama\/files\/2023\/10\/ete_tyonjohtaha-219x300.png 219w\" sizes=\"auto, (max-width: 350px) 100vw, 350px\" \/><div class=\"wp-block-cover__inner-container has-global-padding is-layout-constrained wp-block-cover-is-layout-constrained\">\n<p class=\"has-text-align-center has-base-color has-text-color has-large-font-size\">Evasalauta ty\u00f6njohtaja<\/p>\n\n\n\n<div class=\"wp-block-buttons is-content-justification-center is-layout-flex wp-container-core-buttons-is-layout-a89b3969 wp-block-buttons-is-layout-flex\">\n<div class=\"wp-block-button\"><a class=\"wp-block-button__link wp-element-button\" href=\"https:\/\/blogi.eoppimispalvelut.fi\/vasama\/kayttoliittyma\/evasalauta\/\">LUE LIS\u00c4\u00c4<\/a><\/div>\n<\/div>\n<\/div><\/div>\n<\/div>\n\n\n\n<div class=\"wp-block-column is-layout-flow wp-block-column-is-layout-flow\">\n<div class=\"wp-block-cover is-light\"><span aria-hidden=\"true\" class=\"wp-block-cover__background has-background-dim\"><\/span><img loading=\"lazy\" decoding=\"async\" width=\"350\" height=\"480\" class=\"wp-block-cover__image-background wp-image-196\" alt=\"\" src=\"https:\/\/blogi.eoppimispalvelut.fi\/vasama\/files\/2023\/10\/eloporo.png\" data-object-fit=\"cover\" srcset=\"https:\/\/blogi.eoppimispalvelut.fi\/vasama\/files\/2023\/10\/eloporo.png 350w, https:\/\/blogi.eoppimispalvelut.fi\/vasama\/files\/2023\/10\/eloporo-219x300.png 219w\" sizes=\"auto, (max-width: 350px) 100vw, 350px\" \/><div class=\"wp-block-cover__inner-container has-global-padding is-layout-constrained wp-block-cover-is-layout-constrained\">\n<p class=\"has-text-align-center has-base-color has-text-color has-large-font-size\">Eeloporo<\/p>\n\n\n\n<div class=\"wp-block-buttons is-content-justification-center is-layout-flex wp-container-core-buttons-is-layout-a89b3969 wp-block-buttons-is-layout-flex\">\n<div class=\"wp-block-button\"><a class=\"wp-block-button__link wp-element-button\" href=\"https:\/\/blogi.eoppimispalvelut.fi\/vasama\/kayttoliittyma\/eeloporo\/\">LUE LIS\u00c4\u00c4<\/a><\/div>\n<\/div>\n<\/div><\/div>\n<\/div>\n<\/div>\n\n\n\n<div class=\"wp-block-columns alignwide is-layout-flex wp-container-core-columns-is-layout-28f84493 wp-block-columns-is-layout-flex\">\n<div class=\"wp-block-column is-layout-flow wp-block-column-is-layout-flow\" style=\"flex-basis:25%\"><\/div>\n\n\n\n<div class=\"wp-block-column is-layout-flow wp-block-column-is-layout-flow\" style=\"flex-basis:50%\">\n<div class=\"wp-block-cover is-light\"><span aria-hidden=\"true\" class=\"wp-block-cover__background has-background-dim\"><\/span><img loading=\"lazy\" decoding=\"async\" width=\"480\" height=\"252\" class=\"wp-block-cover__image-background wp-image-197\" alt=\"\" src=\"https:\/\/blogi.eoppimispalvelut.fi\/vasama\/files\/2023\/10\/web_ikkuna.png\" style=\"object-position:21% 43%\" data-object-fit=\"cover\" data-object-position=\"21% 43%\" srcset=\"https:\/\/blogi.eoppimispalvelut.fi\/vasama\/files\/2023\/10\/web_ikkuna.png 480w, https:\/\/blogi.eoppimispalvelut.fi\/vasama\/files\/2023\/10\/web_ikkuna-300x158.png 300w\" sizes=\"auto, (max-width: 480px) 100vw, 480px\" \/><div class=\"wp-block-cover__inner-container has-global-padding is-layout-constrained wp-block-cover-is-layout-constrained\">\n<p class=\"has-text-align-center has-base-color has-text-color has-large-font-size\">Web-ikkuna<\/p>\n\n\n\n<div class=\"wp-block-buttons is-content-justification-center is-layout-flex wp-container-core-buttons-is-layout-a89b3969 wp-block-buttons-is-layout-flex\">\n<div class=\"wp-block-button\"><a class=\"wp-block-button__link wp-element-button\" href=\"https:\/\/blogi.eoppimispalvelut.fi\/vasama\/kayttoliittyma\/web-ikkuna\/\">LUE LIS\u00c4\u00c4<\/a><\/div>\n<\/div>\n<\/div><\/div>\n<\/div>\n\n\n\n<div class=\"wp-block-column is-layout-flow wp-block-column-is-layout-flow\" style=\"flex-basis:25%\"><\/div>\n<\/div>\n","protected":false},"excerpt":{"rendered":"<p>Tekniikan rajoitteet k\u00e4ytt\u00f6liittym\u00e4lle K\u00e4ytt\u00f6liittym\u00e4\u00e4 suunnitellessa valitut tekniikat asettavat rajoitteita. Alla listattu eri vaiheissa yleiset rajoitteet. Ennen maastossa k\u00e4ynti\u00e4 Ohjelmaan on tarve kirjautua, jotta voi hakea kirjautumisen takana olevan korvamerkkirekisterin tiedot. Tiedot ladataan ohjelmalla. Maastossa Tarvittavaa ker\u00e4tt\u00e4v\u00e4\u00e4 tietoa minimiss\u00e4\u00e4n on teuraskirjan tiedot, jossa pilttanumero yhdistet\u00e4\u00e4n omistajaan. Lis\u00e4ksi voidaan tallentaa muut tarvittavat lis\u00e4tiedot maastosta, kuten konttorityyppi. \u00a0Sijainti [&hellip;]<\/p>\n","protected":false},"author":39786,"featured_media":0,"parent":0,"menu_order":0,"comment_status":"closed","ping_status":"closed","template":"","meta":{"footnotes":""},"class_list":["post-152","page","type-page","status-publish","hentry"],"_links":{"self":[{"href":"https:\/\/blogi.eoppimispalvelut.fi\/vasama\/wp-json\/wp\/v2\/pages\/152","targetHints":{"allow":["GET"]}}],"collection":[{"href":"https:\/\/blogi.eoppimispalvelut.fi\/vasama\/wp-json\/wp\/v2\/pages"}],"about":[{"href":"https:\/\/blogi.eoppimispalvelut.fi\/vasama\/wp-json\/wp\/v2\/types\/page"}],"author":[{"embeddable":true,"href":"https:\/\/blogi.eoppimispalvelut.fi\/vasama\/wp-json\/wp\/v2\/users\/39786"}],"replies":[{"embeddable":true,"href":"https:\/\/blogi.eoppimispalvelut.fi\/vasama\/wp-json\/wp\/v2\/comments?post=152"}],"version-history":[{"count":6,"href":"https:\/\/blogi.eoppimispalvelut.fi\/vasama\/wp-json\/wp\/v2\/pages\/152\/revisions"}],"predecessor-version":[{"id":267,"href":"https:\/\/blogi.eoppimispalvelut.fi\/vasama\/wp-json\/wp\/v2\/pages\/152\/revisions\/267"}],"wp:attachment":[{"href":"https:\/\/blogi.eoppimispalvelut.fi\/vasama\/wp-json\/wp\/v2\/media?parent=152"}],"curies":[{"name":"wp","href":"https:\/\/api.w.org\/{rel}","templated":true}]}}