{"id":159,"date":"2023-10-26T11:56:21","date_gmt":"2023-10-26T08:56:21","guid":{"rendered":"https:\/\/blogi.eoppimispalvelut.fi\/vasama\/?page_id=159"},"modified":"2023-11-06T09:40:46","modified_gmt":"2023-11-06T07:40:46","slug":"evasalauta-kattelija","status":"publish","type":"page","link":"https:\/\/blogi.eoppimispalvelut.fi\/vasama\/kayttoliittyma\/evasalauta-kattelija\/","title":{"rendered":"Evasalauta kattelija"},"content":{"rendered":"\n<div class=\"wp-block-columns is-layout-flex wp-container-core-columns-is-layout-28f84493 wp-block-columns-is-layout-flex\">\n<div class=\"wp-block-column is-layout-flow wp-block-column-is-layout-flow\">\n<figure class=\"wp-block-image size-full\"><img loading=\"lazy\" decoding=\"async\" width=\"423\" height=\"924\" src=\"https:\/\/blogi.eoppimispalvelut.fi\/vasama\/files\/2023\/10\/kattelu_lista.png\" alt=\"\" class=\"wp-image-292\" srcset=\"https:\/\/blogi.eoppimispalvelut.fi\/vasama\/files\/2023\/10\/kattelu_lista.png 423w, https:\/\/blogi.eoppimispalvelut.fi\/vasama\/files\/2023\/10\/kattelu_lista-137x300.png 137w\" sizes=\"auto, (max-width: 423px) 100vw, 423px\" \/><\/figure>\n<\/div>\n\n\n\n<div class=\"wp-block-column is-layout-flow wp-block-column-is-layout-flow\">\n<figure class=\"wp-block-image size-full\"><img loading=\"lazy\" decoding=\"async\" width=\"417\" height=\"923\" src=\"https:\/\/blogi.eoppimispalvelut.fi\/vasama\/files\/2023\/10\/kattelu_lisaa.png\" alt=\"\" class=\"wp-image-293\" srcset=\"https:\/\/blogi.eoppimispalvelut.fi\/vasama\/files\/2023\/10\/kattelu_lisaa.png 417w, https:\/\/blogi.eoppimispalvelut.fi\/vasama\/files\/2023\/10\/kattelu_lisaa-136x300.png 136w\" sizes=\"auto, (max-width: 417px) 100vw, 417px\" \/><\/figure>\n<\/div>\n<\/div>\n\n\n\n<p>Evasalauta kattelija on puhelimella k\u00e4ytett\u00e4v\u00e4ksi tarkoitettu sovellus, jonka avulla jokainen vasamerkint\u00e4\u00e4n osallistuva voi l\u00e4hett\u00e4\u00e4 katsellut porot ty\u00f6njohtajan laitteelle. K\u00e4ytt\u00e4j\u00e4 n\u00e4kee listan t\u00e4m\u00e4n katselemista vasoista. Rivi on v\u00e4ritetty, kun vasa on l\u00e4hetetty ty\u00f6njohtajalle hyv\u00e4ksytt\u00e4v\u00e4ksi.<\/p>\n\n\n\n<div class=\"wp-block-buttons is-layout-flex wp-block-buttons-is-layout-flex\">\n<div class=\"wp-block-button\"><a class=\"wp-block-button__link wp-element-button\" href=\"https:\/\/xd.adobe.com\/view\/d61bdedd-d365-499f-a958-6c110001effd-8348\/\">Linkki eVasalautaan<\/a><\/div>\n<\/div>\n\n\n\n<div class=\"wp-block-file\"><a id=\"wp-block-file--media-c786e034-0981-41e7-90fb-e45208378f4f\" href=\"https:\/\/blogi.eoppimispalvelut.fi\/vasama\/files\/2023\/10\/eVasalauta-kattelu-puhelin-v4.xd_.zip\">eVasalauta kattelija-k\u00e4ytt\u00f6liittym\u00e4kuvaus<\/a><a href=\"https:\/\/blogi.eoppimispalvelut.fi\/vasama\/files\/2023\/10\/eVasalauta-kattelu-puhelin-v4.xd_.zip\" class=\"wp-block-file__button wp-element-button\" download aria-describedby=\"wp-block-file--media-c786e034-0981-41e7-90fb-e45208378f4f\">LATAA<\/a><\/div>\n","protected":false},"excerpt":{"rendered":"<p>Evasalauta kattelija on puhelimella k\u00e4ytett\u00e4v\u00e4ksi tarkoitettu sovellus, jonka avulla jokainen vasamerkint\u00e4\u00e4n osallistuva voi l\u00e4hett\u00e4\u00e4 katsellut porot ty\u00f6njohtajan laitteelle. K\u00e4ytt\u00e4j\u00e4 n\u00e4kee listan t\u00e4m\u00e4n katselemista vasoista. Rivi on v\u00e4ritetty, kun vasa on l\u00e4hetetty ty\u00f6njohtajalle hyv\u00e4ksytt\u00e4v\u00e4ksi.<\/p>\n","protected":false},"author":39786,"featured_media":0,"parent":152,"menu_order":0,"comment_status":"closed","ping_status":"closed","template":"","meta":{"footnotes":""},"class_list":["post-159","page","type-page","status-publish","hentry"],"_links":{"self":[{"href":"https:\/\/blogi.eoppimispalvelut.fi\/vasama\/wp-json\/wp\/v2\/pages\/159","targetHints":{"allow":["GET"]}}],"collection":[{"href":"https:\/\/blogi.eoppimispalvelut.fi\/vasama\/wp-json\/wp\/v2\/pages"}],"about":[{"href":"https:\/\/blogi.eoppimispalvelut.fi\/vasama\/wp-json\/wp\/v2\/types\/page"}],"author":[{"embeddable":true,"href":"https:\/\/blogi.eoppimispalvelut.fi\/vasama\/wp-json\/wp\/v2\/users\/39786"}],"replies":[{"embeddable":true,"href":"https:\/\/blogi.eoppimispalvelut.fi\/vasama\/wp-json\/wp\/v2\/comments?post=159"}],"version-history":[{"count":3,"href":"https:\/\/blogi.eoppimispalvelut.fi\/vasama\/wp-json\/wp\/v2\/pages\/159\/revisions"}],"predecessor-version":[{"id":308,"href":"https:\/\/blogi.eoppimispalvelut.fi\/vasama\/wp-json\/wp\/v2\/pages\/159\/revisions\/308"}],"up":[{"embeddable":true,"href":"https:\/\/blogi.eoppimispalvelut.fi\/vasama\/wp-json\/wp\/v2\/pages\/152"}],"wp:attachment":[{"href":"https:\/\/blogi.eoppimispalvelut.fi\/vasama\/wp-json\/wp\/v2\/media?parent=159"}],"curies":[{"name":"wp","href":"https:\/\/api.w.org\/{rel}","templated":true}]}}