{"id":200,"date":"2023-10-26T15:39:50","date_gmt":"2023-10-26T12:39:50","guid":{"rendered":"https:\/\/blogi.eoppimispalvelut.fi\/vasama\/?page_id=200"},"modified":"2023-11-06T10:25:53","modified_gmt":"2023-11-06T08:25:53","slug":"eeloporo","status":"publish","type":"page","link":"https:\/\/blogi.eoppimispalvelut.fi\/vasama\/kayttoliittyma\/eeloporo\/","title":{"rendered":"Eeloporo"},"content":{"rendered":"\n<figure class=\"wp-block-image size-full\"><img loading=\"lazy\" decoding=\"async\" width=\"769\" height=\"1022\" src=\"https:\/\/blogi.eoppimispalvelut.fi\/vasama\/files\/2023\/10\/eloporo-2.png\" alt=\"\" class=\"wp-image-283\" srcset=\"https:\/\/blogi.eoppimispalvelut.fi\/vasama\/files\/2023\/10\/eloporo-2.png 769w, https:\/\/blogi.eoppimispalvelut.fi\/vasama\/files\/2023\/10\/eloporo-2-226x300.png 226w\" sizes=\"auto, (max-width: 769px) 100vw, 769px\" \/><\/figure>\n\n\n\n<p>K\u00e4ytt\u00f6liittym\u00e4n avulla voidaan merkit\u00e4 eloporot asiakkaille.<\/p>\n\n\n\n<div class=\"wp-block-buttons is-layout-flex wp-block-buttons-is-layout-flex\">\n<div class=\"wp-block-button\"><a class=\"wp-block-button__link wp-element-button\" href=\"https:\/\/xd.adobe.com\/view\/86c2e770-07e1-4375-8d7e-47ab6c4e20d6-d391\/\">Linkki eEloporoon<\/a><\/div>\n<\/div>\n\n\n\n<div class=\"wp-block-file\"><a id=\"wp-block-file--media-91bf56a2-ad77-4372-8496-a6d4be6d4da2\" href=\"https:\/\/blogi.eoppimispalvelut.fi\/vasama\/files\/2023\/10\/Vasama-Eloporot-v2.xd_.zip\">Eloporot-k\u00e4ytt\u00f6liittym\u00e4kuvaus<\/a><a href=\"https:\/\/blogi.eoppimispalvelut.fi\/vasama\/files\/2023\/10\/Vasama-Eloporot-v2.xd_.zip\" class=\"wp-block-file__button wp-element-button\" download aria-describedby=\"wp-block-file--media-91bf56a2-ad77-4372-8496-a6d4be6d4da2\">LATAA<\/a><\/div>\n","protected":false},"excerpt":{"rendered":"<p>K\u00e4ytt\u00f6liittym\u00e4n avulla voidaan merkit\u00e4 eloporot asiakkaille.<\/p>\n","protected":false},"author":39786,"featured_media":0,"parent":152,"menu_order":0,"comment_status":"closed","ping_status":"closed","template":"","meta":{"footnotes":""},"class_list":["post-200","page","type-page","status-publish","hentry"],"_links":{"self":[{"href":"https:\/\/blogi.eoppimispalvelut.fi\/vasama\/wp-json\/wp\/v2\/pages\/200","targetHints":{"allow":["GET"]}}],"collection":[{"href":"https:\/\/blogi.eoppimispalvelut.fi\/vasama\/wp-json\/wp\/v2\/pages"}],"about":[{"href":"https:\/\/blogi.eoppimispalvelut.fi\/vasama\/wp-json\/wp\/v2\/types\/page"}],"author":[{"embeddable":true,"href":"https:\/\/blogi.eoppimispalvelut.fi\/vasama\/wp-json\/wp\/v2\/users\/39786"}],"replies":[{"embeddable":true,"href":"https:\/\/blogi.eoppimispalvelut.fi\/vasama\/wp-json\/wp\/v2\/comments?post=200"}],"version-history":[{"count":4,"href":"https:\/\/blogi.eoppimispalvelut.fi\/vasama\/wp-json\/wp\/v2\/pages\/200\/revisions"}],"predecessor-version":[{"id":311,"href":"https:\/\/blogi.eoppimispalvelut.fi\/vasama\/wp-json\/wp\/v2\/pages\/200\/revisions\/311"}],"up":[{"embeddable":true,"href":"https:\/\/blogi.eoppimispalvelut.fi\/vasama\/wp-json\/wp\/v2\/pages\/152"}],"wp:attachment":[{"href":"https:\/\/blogi.eoppimispalvelut.fi\/vasama\/wp-json\/wp\/v2\/media?parent=200"}],"curies":[{"name":"wp","href":"https:\/\/api.w.org\/{rel}","templated":true}]}}