{"id":65,"date":"2023-10-26T08:09:40","date_gmt":"2023-10-26T05:09:40","guid":{"rendered":"https:\/\/blogi.eoppimispalvelut.fi\/vasama\/?page_id=65"},"modified":"2023-10-31T14:29:24","modified_gmt":"2023-10-31T12:29:24","slug":"starlink","status":"publish","type":"page","link":"https:\/\/blogi.eoppimispalvelut.fi\/vasama\/laitteisto\/starlink\/","title":{"rendered":"Starlink"},"content":{"rendered":"\n<figure class=\"wp-block-image size-full\"><img loading=\"lazy\" decoding=\"async\" width=\"451\" height=\"235\" src=\"https:\/\/blogi.eoppimispalvelut.fi\/vasama\/files\/2023\/10\/Picture-3.png\" alt=\"\" class=\"wp-image-66\" srcset=\"https:\/\/blogi.eoppimispalvelut.fi\/vasama\/files\/2023\/10\/Picture-3.png 451w, https:\/\/blogi.eoppimispalvelut.fi\/vasama\/files\/2023\/10\/Picture-3-300x156.png 300w\" sizes=\"auto, (max-width: 451px) 100vw, 451px\" \/><\/figure>\n\n\n\n<p>Starlink -laitteiston kokoonpano<\/p>\n\n\n\n<p>Starlink on internet-yhteyden tarjoava satelliittipohjainen j\u00e4rjestelm\u00e4. Teoriassa Starlink mahdollistaa nopean internet-yhteyden my\u00f6s syrj\u00e4isille seuduille, kuten poroerotusaidoille. Starlink-laitteisto sis\u00e4lt\u00e4\u00e4 reitittimen ja antennin (ks kuva yll\u00e4). Antennissa on moottori(t) ja se automaattisesti etsii ja kohdistaa itsens\u00e4 satelliittiin.<\/p>\n\n\n\n<p>Starlink-antennin ulkokest\u00e4vyys:<\/p>\n\n\n\n<p>Antenna&nbsp;&nbsp;&nbsp;&nbsp;&nbsp;&nbsp;&nbsp;&nbsp;&nbsp; &nbsp;&nbsp;&nbsp;&nbsp;&nbsp;&nbsp;&nbsp;&nbsp;&nbsp;&nbsp;&nbsp;&nbsp;&nbsp;&nbsp;&nbsp;&nbsp;&nbsp;&nbsp;&nbsp;&nbsp;&nbsp;&nbsp;&nbsp; Electronic Phased Array<br>Orientation&nbsp;&nbsp;&nbsp;&nbsp; &nbsp;&nbsp;&nbsp;&nbsp;&nbsp;&nbsp;&nbsp;&nbsp;&nbsp;&nbsp;&nbsp;&nbsp;&nbsp;&nbsp;&nbsp;&nbsp;&nbsp;&nbsp;&nbsp;&nbsp;&nbsp;&nbsp;&nbsp; Motorized Self Orienting<br>Environmental Rating&nbsp;&nbsp;&nbsp;&nbsp;&nbsp;&nbsp;&nbsp;&nbsp;&nbsp;&nbsp;&nbsp;&nbsp; IP54 (Kest\u00e4\u00e4 vesip\u00e4rskeit\u00e4 ja hieman p\u00f6ly\u00e4)<br>Snow Melt Capability&nbsp; &nbsp;&nbsp;&nbsp;&nbsp;&nbsp;&nbsp;&nbsp;&nbsp;&nbsp;&nbsp;&nbsp; Up to 40mm \/ hour (1.5in \/ hour)<br>Operating Temperature&nbsp;&nbsp;&nbsp;&nbsp;&nbsp;&nbsp;&nbsp;&nbsp;&nbsp; -30\u00b0C to 50\u00b0C (-22\u00b0F to 122\u00b0F)<br>Field of View&nbsp;&nbsp; &nbsp;&nbsp;&nbsp;&nbsp;&nbsp;&nbsp;&nbsp;&nbsp;&nbsp;&nbsp;&nbsp;&nbsp;&nbsp;&nbsp;&nbsp;&nbsp;&nbsp;&nbsp;&nbsp;&nbsp;&nbsp;&nbsp;&nbsp; 100\u00b0<br>Average Power Usage &nbsp;&nbsp;&nbsp;&nbsp;&nbsp;&nbsp;&nbsp;&nbsp;&nbsp;&nbsp;&nbsp; 50-75W<\/p>\n\n\n\n<p><br>Starlink-reitittimen ulkokest\u00e4vyys:<br>Wi-Fi Technology&nbsp;&nbsp;&nbsp;&nbsp;&nbsp;&nbsp;&nbsp; &nbsp;&nbsp;&nbsp;&nbsp;&nbsp;&nbsp;&nbsp;&nbsp;&nbsp;&nbsp;&nbsp; IEEE 802.11a\/b\/g\/n\/ac standards<br>Chipset&nbsp;&nbsp;&nbsp;&nbsp;&nbsp;&nbsp;&nbsp;&nbsp;&nbsp;&nbsp;&nbsp; &nbsp;&nbsp;&nbsp;&nbsp;&nbsp;&nbsp;&nbsp;&nbsp;&nbsp;&nbsp;&nbsp;&nbsp;&nbsp;&nbsp;&nbsp;&nbsp;&nbsp;&nbsp;&nbsp;&nbsp;&nbsp;&nbsp;&nbsp; Wi-Fi 5<br>Radio&nbsp;&nbsp; &nbsp;&nbsp;&nbsp;&nbsp;&nbsp;&nbsp;&nbsp;&nbsp;&nbsp;&nbsp;&nbsp;&nbsp;&nbsp;&nbsp;&nbsp;&nbsp;&nbsp;&nbsp;&nbsp;&nbsp;&nbsp;&nbsp;&nbsp;&nbsp;&nbsp;&nbsp;&nbsp;&nbsp;&nbsp;&nbsp;&nbsp;&nbsp;&nbsp;&nbsp;&nbsp; Dual Band &#8211; 3 x 3 MIMO<br>Security&nbsp;&nbsp;&nbsp;&nbsp;&nbsp;&nbsp;&nbsp;&nbsp;&nbsp;&nbsp; &nbsp;&nbsp;&nbsp;&nbsp;&nbsp;&nbsp;&nbsp;&nbsp;&nbsp;&nbsp;&nbsp;&nbsp;&nbsp;&nbsp;&nbsp;&nbsp;&nbsp;&nbsp;&nbsp;&nbsp;&nbsp;&nbsp;&nbsp; WPA2<br>Environmental Rating &nbsp;&nbsp;&nbsp;&nbsp;&nbsp;&nbsp;&nbsp;&nbsp;&nbsp;&nbsp;&nbsp; IP54, configured for indoor use<br>Range&nbsp; &nbsp;&nbsp;&nbsp;&nbsp;&nbsp;&nbsp;&nbsp;&nbsp;&nbsp;&nbsp;&nbsp;&nbsp;&nbsp;&nbsp;&nbsp;&nbsp;&nbsp;&nbsp;&nbsp;&nbsp;&nbsp;&nbsp;&nbsp;&nbsp;&nbsp;&nbsp;&nbsp;&nbsp;&nbsp;&nbsp;&nbsp;&nbsp;&nbsp;&nbsp;&nbsp; Up to 185m\u00b2 (2000sqft)<br>Operating Temperature&nbsp;&nbsp;&nbsp;&nbsp;&nbsp;&nbsp;&nbsp;&nbsp;&nbsp; -30\u00b0C to 50\u00b0C (-22\u00b0F to 122\u00b0F)<br>Mesh&nbsp;&nbsp; &nbsp;&nbsp;&nbsp;&nbsp;&nbsp;&nbsp;&nbsp;&nbsp;&nbsp;&nbsp;&nbsp;&nbsp;&nbsp;&nbsp;&nbsp;&nbsp;&nbsp;&nbsp;&nbsp;&nbsp;&nbsp;&nbsp;&nbsp;&nbsp;&nbsp;&nbsp;&nbsp;&nbsp;&nbsp;&nbsp;&nbsp;&nbsp;&nbsp;&nbsp;&nbsp; Compatible with up to 12 Starlink Mesh nodes<br>Ethernet Adapter&nbsp;&nbsp;&nbsp;&nbsp;&nbsp;&nbsp;&nbsp; &nbsp;&nbsp;&nbsp;&nbsp;&nbsp;&nbsp;&nbsp;&nbsp;&nbsp;&nbsp;&nbsp; Available to customers in shop<\/p>\n\n\n\n<p>Reitin ei ole luokiteltu ulkok\u00e4ytt\u00f6\u00f6n, joten se tulee teoriassa suojata lumelta ja vedelt\u00e4 esim. vedenkest\u00e4v\u00e4\u00e4n salkkuun. Kuitenkin reititin on IP54-luokiteltu, eli sen pit\u00e4isi kest\u00e4\u00e4 vesip\u00e4rskeit\u00e4 ja hieman p\u00f6ly\u00e4. L\u00e4mp\u00f6tilarajojen puolesta sen teoriassa siis pit\u00e4isi olla k\u00e4ytett\u00e4viss\u00e4 ulkona talvella.<\/p>\n\n\n\n<figure class=\"wp-block-image size-full\"><img loading=\"lazy\" decoding=\"async\" width=\"340\" height=\"139\" src=\"https:\/\/blogi.eoppimispalvelut.fi\/vasama\/files\/2023\/10\/s1.png\" alt=\"\" class=\"wp-image-67\" srcset=\"https:\/\/blogi.eoppimispalvelut.fi\/vasama\/files\/2023\/10\/s1.png 340w, https:\/\/blogi.eoppimispalvelut.fi\/vasama\/files\/2023\/10\/s1-300x123.png 300w\" sizes=\"auto, (max-width: 340px) 100vw, 340px\" \/><\/figure>\n\n\n\n<p>Kuva: <a href=\"https:\/\/satellitemap.space\/?constellation=starlink\">https:\/\/satellitemap.space\/?constellation=starlink<\/a><\/p>\n\n\n\n<p>Yll\u00e4 kuva tyypillisest\u00e4 m\u00e4\u00e4r\u00e4st\u00e4 Starlink-satelliitteja Suomen kohdalla. Tilanne muuttuu koko ajan, sill\u00e4 satelliitit liikkuvat matalalla kiertoradallaan hyvin nopeasti, mutta pohjoisella pallonpuoliskolla ei ole yht\u00e4\u00e4n niin tihe\u00e4 satelliittiverkko kuin etel\u00e4mp\u00e4n\u00e4.<\/p>\n\n\n\n<div class=\"wp-block-columns is-layout-flex wp-container-core-columns-is-layout-28f84493 wp-block-columns-is-layout-flex\">\n<div class=\"wp-block-column is-layout-flow wp-block-column-is-layout-flow\">\n<figure class=\"wp-block-image size-full\"><img loading=\"lazy\" decoding=\"async\" width=\"205\" height=\"217\" src=\"https:\/\/blogi.eoppimispalvelut.fi\/vasama\/files\/2023\/10\/s2.png\" alt=\"\" class=\"wp-image-68\" \/><\/figure>\n<\/div>\n\n\n\n<div class=\"wp-block-column is-layout-flow wp-block-column-is-layout-flow\">\n<figure class=\"wp-block-image size-full\"><img loading=\"lazy\" decoding=\"async\" width=\"181\" height=\"217\" src=\"https:\/\/blogi.eoppimispalvelut.fi\/vasama\/files\/2023\/10\/s3.png\" alt=\"\" class=\"wp-image-69\" \/><\/figure>\n<\/div>\n<\/div>\n\n\n\n<p>Maastotesteiss\u00e4 Inarin Kutuharjussa lopputalvesta 2023 huomattiin Starlink-yhteyden olevan keskim\u00e4\u00e4rin hyvin nopea ja toimiva. Kuitenkin tasaisesti internet-yhteydess\u00e4 ilmeni katkoja, jotka vaihtelivat sekunneista minuutteihin.<\/p>\n\n\n\n<p>Mukkajoenrovilla, vasamerkinn\u00f6iss\u00e4 Lokassa 21.6.2023 annettiin kaikille halukkaille p\u00e4\u00e4sy Starlink-yhteyteen ja ohjeistettiin somettamaan, katsomaan Youtubea jne. Reitittimen kantavuus oli suunnilleen 30m. Parhaimmillaan noin 8 henkil\u00f6\u00e4 oli kiinni yht\u00e4 aikaa ja yhteys toimi siihen asti hyvin. T\u00e4m\u00e4n (8hl\u00f6\u00e4) ylittyess\u00e4 yhteys alkoi hidastumaan. Alkuun toimi noin 1h hyvin, mink\u00e4 j\u00e4lkeen yhteys katkesi varmaankin satelliittien v\u00e4hyyden vuoksi. Katkoja tapahtui usein. K\u00e4yt\u00f6ss\u00e4 siis huomaa, ett\u00e4 satelliitteja on melko v\u00e4h\u00e4n. Satelliittiantenni oli puuttomalla alueella.<\/p>\n\n\n\n<p>Laitteiston hinta oli 450 \u20ac ja kuukausimaksu liittym\u00e4lle 110 \u20ac Rover-tyyppisen\u00e4. Rover-liittym\u00e4n voi katkaista ja aktivoida vapaasti, jolloin on mahdollista maksaa vain niin\u00e4 kuukausina, kun laite on k\u00e4yt\u00f6ss\u00e4.<\/p>\n\n\n\n<p>Pitk\u00e4jaksoisemmassa testiss\u00e4 tuloksena aika verkossa vs. ei verkossa \u2013kuvaaja kertoo positiivisen uutisen. 99,7 % ajasta internet yhteys oli toiminnassa. Tulos oli hanketiimille odotettua paljon parempi. Ajallisesti t\u00e4m\u00e4 tarkoitti sit\u00e4, ett\u00e4 yhteys oli toiminnassa noin 5 p\u00e4iv\u00e4\u00e4 ja 21 tuntia. Yhteys oli katkolla yhteens\u00e4 noin 24 minuuttia.<\/p>\n\n\n\n<figure class=\"wp-block-image size-large\"><img loading=\"lazy\" decoding=\"async\" width=\"1024\" height=\"819\" src=\"https:\/\/blogi.eoppimispalvelut.fi\/vasama\/files\/2023\/10\/s4-1024x819.png\" alt=\"\" class=\"wp-image-70\" srcset=\"https:\/\/blogi.eoppimispalvelut.fi\/vasama\/files\/2023\/10\/s4-1024x819.png 1024w, https:\/\/blogi.eoppimispalvelut.fi\/vasama\/files\/2023\/10\/s4-300x240.png 300w, https:\/\/blogi.eoppimispalvelut.fi\/vasama\/files\/2023\/10\/s4-768x614.png 768w, https:\/\/blogi.eoppimispalvelut.fi\/vasama\/files\/2023\/10\/s4.png 1500w\" sizes=\"auto, (max-width: 1024px) 100vw, 1024px\" \/><\/figure>\n\n\n\n<p>Yhteish\u00e4iri\u00f6iden pituuden jakautuminen \u2013kuvaaja kertoo, ett\u00e4 p\u00e4\u00e4osa katkoista kesti alle minuutin. Vain muutama pidempi katko havaittiin testauksen aikana. Pisin katko oli liki viisi minuuttia.<\/p>\n\n\n\n<figure class=\"wp-block-image size-large\"><img loading=\"lazy\" decoding=\"async\" width=\"1024\" height=\"819\" src=\"https:\/\/blogi.eoppimispalvelut.fi\/vasama\/files\/2023\/10\/s5-1024x819.png\" alt=\"\" class=\"wp-image-71\" srcset=\"https:\/\/blogi.eoppimispalvelut.fi\/vasama\/files\/2023\/10\/s5-1024x819.png 1024w, https:\/\/blogi.eoppimispalvelut.fi\/vasama\/files\/2023\/10\/s5-300x240.png 300w, https:\/\/blogi.eoppimispalvelut.fi\/vasama\/files\/2023\/10\/s5-768x614.png 768w, https:\/\/blogi.eoppimispalvelut.fi\/vasama\/files\/2023\/10\/s5.png 1500w\" sizes=\"auto, (max-width: 1024px) 100vw, 1024px\" \/><\/figure>\n\n\n\n<p>Yhteyden tila ajan suhteen -kuvaaja kertoo katkojen tapahtuneen jatkuvasti ja suhteellisen satunnaisesti. T\u00e4rkein tieto on se, ett\u00e4 katkoilla ei tunnu olevan selke\u00e4t\u00e4 ajallista kaavaa. Oletus siit\u00e4, ett\u00e4 katkot tapahtuvat rypp\u00e4iss\u00e4 ja yhteyden oton alussa on t\u00e4ll\u00e4 tuloksella liian aikaista todentaa.<\/p>\n\n\n\n<figure class=\"wp-block-image size-large\"><img loading=\"lazy\" decoding=\"async\" width=\"1024\" height=\"819\" src=\"https:\/\/blogi.eoppimispalvelut.fi\/vasama\/files\/2023\/10\/s6-1024x819.png\" alt=\"\" class=\"wp-image-72\" srcset=\"https:\/\/blogi.eoppimispalvelut.fi\/vasama\/files\/2023\/10\/s6-1024x819.png 1024w, https:\/\/blogi.eoppimispalvelut.fi\/vasama\/files\/2023\/10\/s6-300x240.png 300w, https:\/\/blogi.eoppimispalvelut.fi\/vasama\/files\/2023\/10\/s6-768x614.png 768w, https:\/\/blogi.eoppimispalvelut.fi\/vasama\/files\/2023\/10\/s6.png 1500w\" sizes=\"auto, (max-width: 1024px) 100vw, 1024px\" \/><\/figure>\n\n\n\n<p><\/p>\n","protected":false},"excerpt":{"rendered":"<p>Starlink -laitteiston kokoonpano Starlink on internet-yhteyden tarjoava satelliittipohjainen j\u00e4rjestelm\u00e4. Teoriassa Starlink mahdollistaa nopean internet-yhteyden my\u00f6s syrj\u00e4isille seuduille, kuten poroerotusaidoille. Starlink-laitteisto sis\u00e4lt\u00e4\u00e4 reitittimen ja antennin (ks kuva yll\u00e4). Antennissa on moottori(t) ja se automaattisesti etsii ja kohdistaa itsens\u00e4 satelliittiin. Starlink-antennin ulkokest\u00e4vyys: Antenna&nbsp;&nbsp;&nbsp;&nbsp;&nbsp;&nbsp;&nbsp;&nbsp;&nbsp; &nbsp;&nbsp;&nbsp;&nbsp;&nbsp;&nbsp;&nbsp;&nbsp;&nbsp;&nbsp;&nbsp;&nbsp;&nbsp;&nbsp;&nbsp;&nbsp;&nbsp;&nbsp;&nbsp;&nbsp;&nbsp;&nbsp;&nbsp; Electronic Phased ArrayOrientation&nbsp;&nbsp;&nbsp;&nbsp; &nbsp;&nbsp;&nbsp;&nbsp;&nbsp;&nbsp;&nbsp;&nbsp;&nbsp;&nbsp;&nbsp;&nbsp;&nbsp;&nbsp;&nbsp;&nbsp;&nbsp;&nbsp;&nbsp;&nbsp;&nbsp;&nbsp;&nbsp; Motorized Self OrientingEnvironmental Rating&nbsp;&nbsp;&nbsp;&nbsp;&nbsp;&nbsp;&nbsp;&nbsp;&nbsp;&nbsp;&nbsp;&nbsp; IP54 (Kest\u00e4\u00e4 vesip\u00e4rskeit\u00e4 ja hieman [&hellip;]<\/p>\n","protected":false},"author":4340,"featured_media":0,"parent":56,"menu_order":0,"comment_status":"closed","ping_status":"closed","template":"","meta":{"footnotes":""},"class_list":["post-65","page","type-page","status-publish","hentry"],"_links":{"self":[{"href":"https:\/\/blogi.eoppimispalvelut.fi\/vasama\/wp-json\/wp\/v2\/pages\/65","targetHints":{"allow":["GET"]}}],"collection":[{"href":"https:\/\/blogi.eoppimispalvelut.fi\/vasama\/wp-json\/wp\/v2\/pages"}],"about":[{"href":"https:\/\/blogi.eoppimispalvelut.fi\/vasama\/wp-json\/wp\/v2\/types\/page"}],"author":[{"embeddable":true,"href":"https:\/\/blogi.eoppimispalvelut.fi\/vasama\/wp-json\/wp\/v2\/users\/4340"}],"replies":[{"embeddable":true,"href":"https:\/\/blogi.eoppimispalvelut.fi\/vasama\/wp-json\/wp\/v2\/comments?post=65"}],"version-history":[{"count":2,"href":"https:\/\/blogi.eoppimispalvelut.fi\/vasama\/wp-json\/wp\/v2\/pages\/65\/revisions"}],"predecessor-version":[{"id":263,"href":"https:\/\/blogi.eoppimispalvelut.fi\/vasama\/wp-json\/wp\/v2\/pages\/65\/revisions\/263"}],"up":[{"embeddable":true,"href":"https:\/\/blogi.eoppimispalvelut.fi\/vasama\/wp-json\/wp\/v2\/pages\/56"}],"wp:attachment":[{"href":"https:\/\/blogi.eoppimispalvelut.fi\/vasama\/wp-json\/wp\/v2\/media?parent=65"}],"curies":[{"name":"wp","href":"https:\/\/api.w.org\/{rel}","templated":true}]}}