{"id":74,"date":"2023-10-26T08:10:53","date_gmt":"2023-10-26T05:10:53","guid":{"rendered":"https:\/\/blogi.eoppimispalvelut.fi\/vasama\/?page_id=74"},"modified":"2023-10-31T14:00:04","modified_gmt":"2023-10-31T12:00:04","slug":"4g-reititin","status":"publish","type":"page","link":"https:\/\/blogi.eoppimispalvelut.fi\/vasama\/laitteisto\/4g-reititin\/","title":{"rendered":"4G reititin"},"content":{"rendered":"\n<p>Yli puolelta erotuspaikoista voi l\u00f6yty\u00e4 heikosti tai hyvin toimiva 4G-verkko. T\u00e4t\u00e4 voi hy\u00f6dynt\u00e4\u00e4 parhaiten erillisell\u00e4 reitittimell\u00e4. Erillisen reitittimen edut voivat olla:<\/p>\n\n\n\n<ul class=\"wp-block-list\">\n<li>Ulkoiset antennit. Puhelinta isommat antennit voivat mahdollistaa heikomman 4G-verkon hy\u00f6dynt\u00e4misen.<\/li>\n\n\n\n<li>Antenniliit\u00e4nt\u00e4. 4G-reitittimess\u00e4 voi olla liit\u00e4nn\u00e4t ulkoiselle antennille. N\u00e4ihin voidaan liitt\u00e4\u00e4 suunta-antenni, joka voi mahdollisesti hy\u00f6dynt\u00e4\u00e4 4G-verkon puhelinta tai tablettia paremmin.<\/li>\n\n\n\n<li>Tabletin yhteys verkkoon tapahtuisi reitittimen muodostaman WiFi-verkon kautta. T\u00e4m\u00e4 voi auttaa siin\u00e4, ett\u00e4 tabletin\/puhelimen ei tarvitse kuluttaa virtaa heikon 4G-verkon datansiirron vahvistamisessa, kun paikan p\u00e4\u00e4ll\u00e4 on l\u00e4hell\u00e4 WiFi-verkko jolla laite saa yhteyden pienemm\u00e4ll\u00e4 virrankulutuksella.<\/li>\n<\/ul>\n\n\n\n<p>Reitittimen teknisi\u00e4 vaatimuksia ovat yll\u00e4 listattujen etujen saavuttamiseen vaadittavat ominaisuudet sek\u00e4 maasto-olosuhdekelpoisuus.<\/p>\n\n\n\n<ul class=\"wp-block-list\">\n<li>4G-modeemi (LTE800 tuki)<\/li>\n\n\n\n<li>Antenniliit\u00e4nn\u00e4t<\/li>\n\n\n\n<li>WiFi-verkon muodostaminen<\/li>\n\n\n\n<li>Toimivuus akulla, eli esim. toimiminen 12V tai 5V tasavirralla<\/li>\n\n\n\n<li>Broadcast -tuki sis\u00e4verkossa. Helpottaa laitteiden v\u00e4list\u00e4 kommunikaatiota yhteydett\u00f6m\u00e4ss\u00e4 tilassa. K\u00e4ytet\u00e4\u00e4n vasamerkinn\u00e4ss\u00e4 palvelimen IP-osoitteen tiedottamiseen sis\u00e4verkossa.<\/li>\n\n\n\n<li>Pakkasen ja helteen kesto. Toimivuus ilman l\u00e4mmityst\u00e4.<\/li>\n\n\n\n<li>Toivottavaa olisi p\u00f6ly- ja roiskeenkest\u00e4vyys<\/li>\n\n\n\n<li>Kohtuullisen hintainen<\/li>\n<\/ul>\n\n\n\n<p>Testilaitteeksi hankittiin yll\u00e4 mainittujen ominaisuuksien pohjalta Teltonika RUT241 -4G reititin (<a href=\"https:\/\/teltonika-networks.com\/products\/routers\/rut241\">https:\/\/teltonika-networks.com\/products\/routers\/rut241<\/a>).<\/p>\n\n\n\n<div class=\"wp-block-columns is-layout-flex wp-container-core-columns-is-layout-28f84493 wp-block-columns-is-layout-flex\">\n<div class=\"wp-block-column is-layout-flow wp-block-column-is-layout-flow\">\n<figure class=\"wp-block-image size-full\"><img loading=\"lazy\" decoding=\"async\" width=\"139\" height=\"124\" src=\"https:\/\/blogi.eoppimispalvelut.fi\/vasama\/files\/2023\/10\/g1.png\" alt=\"\" class=\"wp-image-75\" \/><\/figure>\n<\/div>\n\n\n\n<div class=\"wp-block-column is-layout-flow wp-block-column-is-layout-flow\">\n<figure class=\"wp-block-image size-full\"><img loading=\"lazy\" decoding=\"async\" width=\"139\" height=\"122\" src=\"https:\/\/blogi.eoppimispalvelut.fi\/vasama\/files\/2023\/10\/g2.png\" alt=\"\" class=\"wp-image-76\" \/><\/figure>\n<\/div>\n<\/div>\n\n\n\n<p>4G LTE reititin sis\u00e4lsi tarvittavat liit\u00e4nn\u00e4t. Laitteen virtal\u00e4hteeksi k\u00e4y vaihteleva 9-30V tasavirtal\u00e4hde. K\u00e4ytt\u00f6l\u00e4mp\u00f6tilarajat ovat -40\u201375\u00b0C. Laitteessa on IP30-luokitus (Protected from tools and wires greater than 2.5 millimetres. Not protected from liquids). Laite ei siis ole p\u00f6lysuojattu sek\u00e4 roiskesuojattu. Laitteen hinta n. 180 \u20ac. Lis\u00e4ksi tarvitaan 4G liittym\u00e4. Laitteessa on SIM-korttipaikka.<\/p>\n","protected":false},"excerpt":{"rendered":"<p>Yli puolelta erotuspaikoista voi l\u00f6yty\u00e4 heikosti tai hyvin toimiva 4G-verkko. T\u00e4t\u00e4 voi hy\u00f6dynt\u00e4\u00e4 parhaiten erillisell\u00e4 reitittimell\u00e4. Erillisen reitittimen edut voivat olla: Reitittimen teknisi\u00e4 vaatimuksia ovat yll\u00e4 listattujen etujen saavuttamiseen vaadittavat ominaisuudet sek\u00e4 maasto-olosuhdekelpoisuus. Testilaitteeksi hankittiin yll\u00e4 mainittujen ominaisuuksien pohjalta Teltonika RUT241 -4G reititin (https:\/\/teltonika-networks.com\/products\/routers\/rut241). 4G LTE reititin sis\u00e4lsi tarvittavat liit\u00e4nn\u00e4t. Laitteen virtal\u00e4hteeksi k\u00e4y vaihteleva 9-30V [&hellip;]<\/p>\n","protected":false},"author":4340,"featured_media":0,"parent":56,"menu_order":0,"comment_status":"closed","ping_status":"closed","template":"","meta":{"footnotes":""},"class_list":["post-74","page","type-page","status-publish","hentry"],"_links":{"self":[{"href":"https:\/\/blogi.eoppimispalvelut.fi\/vasama\/wp-json\/wp\/v2\/pages\/74","targetHints":{"allow":["GET"]}}],"collection":[{"href":"https:\/\/blogi.eoppimispalvelut.fi\/vasama\/wp-json\/wp\/v2\/pages"}],"about":[{"href":"https:\/\/blogi.eoppimispalvelut.fi\/vasama\/wp-json\/wp\/v2\/types\/page"}],"author":[{"embeddable":true,"href":"https:\/\/blogi.eoppimispalvelut.fi\/vasama\/wp-json\/wp\/v2\/users\/4340"}],"replies":[{"embeddable":true,"href":"https:\/\/blogi.eoppimispalvelut.fi\/vasama\/wp-json\/wp\/v2\/comments?post=74"}],"version-history":[{"count":2,"href":"https:\/\/blogi.eoppimispalvelut.fi\/vasama\/wp-json\/wp\/v2\/pages\/74\/revisions"}],"predecessor-version":[{"id":254,"href":"https:\/\/blogi.eoppimispalvelut.fi\/vasama\/wp-json\/wp\/v2\/pages\/74\/revisions\/254"}],"up":[{"embeddable":true,"href":"https:\/\/blogi.eoppimispalvelut.fi\/vasama\/wp-json\/wp\/v2\/pages\/56"}],"wp:attachment":[{"href":"https:\/\/blogi.eoppimispalvelut.fi\/vasama\/wp-json\/wp\/v2\/media?parent=74"}],"curies":[{"name":"wp","href":"https:\/\/api.w.org\/{rel}","templated":true}]}}