{"id":96,"date":"2023-10-26T08:19:16","date_gmt":"2023-10-26T05:19:16","guid":{"rendered":"https:\/\/blogi.eoppimispalvelut.fi\/vasama\/?page_id=96"},"modified":"2023-10-31T14:30:50","modified_gmt":"2023-10-31T12:30:50","slug":"tabletti","status":"publish","type":"page","link":"https:\/\/blogi.eoppimispalvelut.fi\/vasama\/laitteisto\/tabletti\/","title":{"rendered":"Tabletti"},"content":{"rendered":"\n<p>S\u00e4\u00e4lt\u00e4 suojaamisen tarve sek\u00e4 l\u00e4mmityksen aiheuttama virrankulutus johtuvat tabletin tarpeista. 4G-reitittimen voi suojata salkun sis\u00e4lle ja sen ominaisuuksien mukaan pit\u00e4isi kest\u00e4\u00e4 -40 asteen pakkasessa. Tabletin valinnalla siis voidaan lievent\u00e4\u00e4 useita vaatimuksia laitteistolle.<\/p>\n\n\n\n<figure class=\"wp-block-image size-full\"><img loading=\"lazy\" decoding=\"async\" width=\"268\" height=\"234\" src=\"https:\/\/blogi.eoppimispalvelut.fi\/vasama\/files\/2023\/10\/t1.png\" alt=\"\" class=\"wp-image-97\" \/><\/figure>\n\n\n\n<p>Hankkeen aikana testik\u00e4yt\u00f6ss\u00e4 oli Samsung Active Pro -tabletti. Lupaavat ominaisuudet porotalouden kannalta:<\/p>\n\n\n\n<ul class=\"wp-block-list\">\n<li>IP68 (P\u00f6ly- ja vedenkest\u00e4v\u00e4).<\/li>\n\n\n\n<li>Rugged-suojaus vakiona<\/li>\n\n\n\n<li>Stylus vakiona. Mahdollisuus kyn\u00e4n avulla k\u00e4ytt\u00e4\u00e4 rukkaset\/hanskat k\u00e4dess\u00e4<\/li>\n\n\n\n<li>Luvattu yli 10 tunnin akunkesto k\u00e4ytett\u00e4ess\u00e4<\/li>\n<\/ul>\n\n\n\n<figure class=\"wp-block-image size-full\"><img loading=\"lazy\" decoding=\"async\" width=\"408\" height=\"240\" src=\"https:\/\/blogi.eoppimispalvelut.fi\/vasama\/files\/2023\/10\/t2.png\" alt=\"\" class=\"wp-image-98\" srcset=\"https:\/\/blogi.eoppimispalvelut.fi\/vasama\/files\/2023\/10\/t2.png 408w, https:\/\/blogi.eoppimispalvelut.fi\/vasama\/files\/2023\/10\/t2-300x176.png 300w\" sizes=\"auto, (max-width: 408px) 100vw, 408px\" \/><\/figure>\n\n\n\n<p>Tabletin tekniset ominaisuudet kest\u00e4vyyden, virran ja styluksen osalta oletetaan riitt\u00e4v\u00e4n p\u00e4\u00e4osassa porotalouden maastot\u00f6it\u00e4. Kovimman pakkasen osalta (alle -15 astetta) on alustavasti suunniteltu l\u00e4mmityksen j\u00e4rjest\u00e4mist\u00e4.<\/p>\n\n\n\n<figure class=\"wp-block-image size-full\"><img loading=\"lazy\" decoding=\"async\" width=\"270\" height=\"360\" src=\"https:\/\/blogi.eoppimispalvelut.fi\/vasama\/files\/2023\/10\/t3.jpg\" alt=\"\" class=\"wp-image-99\" srcset=\"https:\/\/blogi.eoppimispalvelut.fi\/vasama\/files\/2023\/10\/t3.jpg 270w, https:\/\/blogi.eoppimispalvelut.fi\/vasama\/files\/2023\/10\/t3-225x300.jpg 225w\" sizes=\"auto, (max-width: 270px) 100vw, 270px\" \/><\/figure>\n\n\n\n<p>Kuvassa l\u00e4mmitetty kotelo k\u00e4yt\u00f6ss\u00e4 Poikaj\u00e4rven paliskunnassa 13.10.2023. K\u00e4ytt\u00e4j\u00e4 ilmaisi k\u00e4ytt\u00f6kokemuksena tyytyv\u00e4isyytens\u00e4 koteloon, mik\u00e4 lupaa hyv\u00e4\u00e4 l\u00e4mmityskoteloon pohjautuvaan digitalisaatioon.<\/p>\n","protected":false},"excerpt":{"rendered":"<p>S\u00e4\u00e4lt\u00e4 suojaamisen tarve sek\u00e4 l\u00e4mmityksen aiheuttama virrankulutus johtuvat tabletin tarpeista. 4G-reitittimen voi suojata salkun sis\u00e4lle ja sen ominaisuuksien mukaan pit\u00e4isi kest\u00e4\u00e4 -40 asteen pakkasessa. Tabletin valinnalla siis voidaan lievent\u00e4\u00e4 useita vaatimuksia laitteistolle. Hankkeen aikana testik\u00e4yt\u00f6ss\u00e4 oli Samsung Active Pro -tabletti. Lupaavat ominaisuudet porotalouden kannalta: Tabletin tekniset ominaisuudet kest\u00e4vyyden, virran ja styluksen osalta oletetaan riitt\u00e4v\u00e4n p\u00e4\u00e4osassa [&hellip;]<\/p>\n","protected":false},"author":4340,"featured_media":0,"parent":56,"menu_order":0,"comment_status":"closed","ping_status":"closed","template":"","meta":{"footnotes":""},"class_list":["post-96","page","type-page","status-publish","hentry"],"_links":{"self":[{"href":"https:\/\/blogi.eoppimispalvelut.fi\/vasama\/wp-json\/wp\/v2\/pages\/96","targetHints":{"allow":["GET"]}}],"collection":[{"href":"https:\/\/blogi.eoppimispalvelut.fi\/vasama\/wp-json\/wp\/v2\/pages"}],"about":[{"href":"https:\/\/blogi.eoppimispalvelut.fi\/vasama\/wp-json\/wp\/v2\/types\/page"}],"author":[{"embeddable":true,"href":"https:\/\/blogi.eoppimispalvelut.fi\/vasama\/wp-json\/wp\/v2\/users\/4340"}],"replies":[{"embeddable":true,"href":"https:\/\/blogi.eoppimispalvelut.fi\/vasama\/wp-json\/wp\/v2\/comments?post=96"}],"version-history":[{"count":2,"href":"https:\/\/blogi.eoppimispalvelut.fi\/vasama\/wp-json\/wp\/v2\/pages\/96\/revisions"}],"predecessor-version":[{"id":265,"href":"https:\/\/blogi.eoppimispalvelut.fi\/vasama\/wp-json\/wp\/v2\/pages\/96\/revisions\/265"}],"up":[{"embeddable":true,"href":"https:\/\/blogi.eoppimispalvelut.fi\/vasama\/wp-json\/wp\/v2\/pages\/56"}],"wp:attachment":[{"href":"https:\/\/blogi.eoppimispalvelut.fi\/vasama\/wp-json\/wp\/v2\/media?parent=96"}],"curies":[{"name":"wp","href":"https:\/\/api.w.org\/{rel}","templated":true}]}}