{"id":38,"date":"2017-11-20T17:39:41","date_gmt":"2017-11-20T15:39:41","guid":{"rendered":"https:\/\/blogi.eoppimispalvelut.fi\/villenverkkokauppa\/?post_type=product&#038;p=38"},"modified":"2026-04-20T15:16:55","modified_gmt":"2026-04-20T12:16:55","slug":"home-sweet-home-tarra","status":"publish","type":"product","link":"https:\/\/blogi.eoppimispalvelut.fi\/villenverkkokauppa\/product\/home-sweet-home-tarra\/","title":{"rendered":"Home sweet home &#8211; Tarra"},"content":{"rendered":"<p><img loading=\"lazy\" decoding=\"async\" class=\"alignnone size-medium wp-image-39\" src=\"https:\/\/blogi.eoppimispalvelut.fi\/villenverkkokauppa\/files\/2017\/11\/HOME-SWEET-HOME-300x178.jpg\" alt=\"\" width=\"300\" height=\"178\" \/><\/p>\n<p><span style=\"color: #000000\">Laadukas ja helposti asennettava vinyylitarra. Puhdista tarralle suunniteltu alusta miedolla puhdistusaineella. Pinnan pit\u00e4\u00e4 olla kuiva asennuksen alkaessa. Poista vain osa taustapaperista niin v\u00e4lt\u00e4t ryppyjen syntymisen. Mitat L x K 111 cm x 67 cm.<br \/>\n<\/span><\/p>\n","protected":false},"excerpt":{"rendered":"<p>Laadukas ja helposti asennettava vinyylitarra. Puhdista tarralle suunniteltu alusta miedolla puhdistusaineella. Pinnan pit\u00e4\u00e4 olla kuiva asennuksen alkaessa. Poista vain osa taustapaperista niin v\u00e4lt\u00e4t ryppyjen syntymisen. Mitat L x K 111 cm x 67 cm.<\/p>\n","protected":false},"featured_media":76,"comment_status":"open","ping_status":"closed","template":"","meta":[],"product_brand":[],"product_cat":[252393],"product_tag":[],"class_list":{"0":"post-38","1":"product","2":"type-product","3":"status-publish","4":"has-post-thumbnail","6":"product_cat-sisustustarrat","8":"first","9":"instock","10":"sold-individually","11":"taxable","12":"shipping-taxable","13":"purchasable","14":"product-type-simple"},"_links":{"self":[{"href":"https:\/\/blogi.eoppimispalvelut.fi\/villenverkkokauppa\/wp-json\/wp\/v2\/product\/38","targetHints":{"allow":["GET"]}}],"collection":[{"href":"https:\/\/blogi.eoppimispalvelut.fi\/villenverkkokauppa\/wp-json\/wp\/v2\/product"}],"about":[{"href":"https:\/\/blogi.eoppimispalvelut.fi\/villenverkkokauppa\/wp-json\/wp\/v2\/types\/product"}],"replies":[{"embeddable":true,"href":"https:\/\/blogi.eoppimispalvelut.fi\/villenverkkokauppa\/wp-json\/wp\/v2\/comments?post=38"}],"wp:featuredmedia":[{"embeddable":true,"href":"https:\/\/blogi.eoppimispalvelut.fi\/villenverkkokauppa\/wp-json\/wp\/v2\/media\/76"}],"wp:attachment":[{"href":"https:\/\/blogi.eoppimispalvelut.fi\/villenverkkokauppa\/wp-json\/wp\/v2\/media?parent=38"}],"wp:term":[{"taxonomy":"product_brand","embeddable":true,"href":"https:\/\/blogi.eoppimispalvelut.fi\/villenverkkokauppa\/wp-json\/wp\/v2\/product_brand?post=38"},{"taxonomy":"product_cat","embeddable":true,"href":"https:\/\/blogi.eoppimispalvelut.fi\/villenverkkokauppa\/wp-json\/wp\/v2\/product_cat?post=38"},{"taxonomy":"product_tag","embeddable":true,"href":"https:\/\/blogi.eoppimispalvelut.fi\/villenverkkokauppa\/wp-json\/wp\/v2\/product_tag?post=38"}],"curies":[{"name":"wp","href":"https:\/\/api.w.org\/{rel}","templated":true}]}}