{"id":92,"date":"2017-11-20T21:49:45","date_gmt":"2017-11-20T19:49:45","guid":{"rendered":"https:\/\/blogi.eoppimispalvelut.fi\/villenverkkokauppa\/?post_type=product&#038;p=92"},"modified":"2017-11-20T21:58:58","modified_gmt":"2017-11-20T19:58:58","slug":"t-paita-omalla-painatuksella","status":"publish","type":"product","link":"https:\/\/blogi.eoppimispalvelut.fi\/villenverkkokauppa\/product\/t-paita-omalla-painatuksella\/","title":{"rendered":"T-Paita omalla painatuksella"},"content":{"rendered":"<p><span style=\"color: #000000\">Suunnittele oma paitasi. Kirjoita haluamasi teksti viestikentt\u00e4\u00e4n. Max 32 merkki\u00e4.<br \/>\n<\/span><\/p>\n","protected":false},"excerpt":{"rendered":"<p>Suunnittele oma paitasi. Kirjoita haluamasi teksti viestikentt\u00e4\u00e4n. Max 32 merkki\u00e4.<\/p>\n","protected":false},"featured_media":93,"comment_status":"open","ping_status":"closed","template":"","meta":[],"product_brand":[],"product_cat":[196397],"product_tag":[41800,257215,256884],"class_list":{"0":"post-92","1":"product","2":"type-product","3":"status-publish","4":"has-post-thumbnail","6":"product_cat-t-paidat","7":"product_tag-oma-teksti","8":"product_tag-paita","9":"product_tag-t-paita","11":"first","12":"instock","13":"sold-individually","14":"taxable","15":"shipping-taxable","16":"purchasable","17":"product-type-variable","18":"has-default-attributes"},"_links":{"self":[{"href":"https:\/\/blogi.eoppimispalvelut.fi\/villenverkkokauppa\/wp-json\/wp\/v2\/product\/92","targetHints":{"allow":["GET"]}}],"collection":[{"href":"https:\/\/blogi.eoppimispalvelut.fi\/villenverkkokauppa\/wp-json\/wp\/v2\/product"}],"about":[{"href":"https:\/\/blogi.eoppimispalvelut.fi\/villenverkkokauppa\/wp-json\/wp\/v2\/types\/product"}],"replies":[{"embeddable":true,"href":"https:\/\/blogi.eoppimispalvelut.fi\/villenverkkokauppa\/wp-json\/wp\/v2\/comments?post=92"}],"wp:featuredmedia":[{"embeddable":true,"href":"https:\/\/blogi.eoppimispalvelut.fi\/villenverkkokauppa\/wp-json\/wp\/v2\/media\/93"}],"wp:attachment":[{"href":"https:\/\/blogi.eoppimispalvelut.fi\/villenverkkokauppa\/wp-json\/wp\/v2\/media?parent=92"}],"wp:term":[{"taxonomy":"product_brand","embeddable":true,"href":"https:\/\/blogi.eoppimispalvelut.fi\/villenverkkokauppa\/wp-json\/wp\/v2\/product_brand?post=92"},{"taxonomy":"product_cat","embeddable":true,"href":"https:\/\/blogi.eoppimispalvelut.fi\/villenverkkokauppa\/wp-json\/wp\/v2\/product_cat?post=92"},{"taxonomy":"product_tag","embeddable":true,"href":"https:\/\/blogi.eoppimispalvelut.fi\/villenverkkokauppa\/wp-json\/wp\/v2\/product_tag?post=92"}],"curies":[{"name":"wp","href":"https:\/\/api.w.org\/{rel}","templated":true}]}}