{"id":25,"date":"2020-02-14T09:01:15","date_gmt":"2020-02-14T07:01:15","guid":{"rendered":"https:\/\/blogi.eoppimispalvelut.fi\/yhdessakasvuun\/?page_id=25"},"modified":"2020-03-28T11:00:50","modified_gmt":"2020-03-28T09:00:50","slug":"toteutus-ja-julkistusvaihe","status":"publish","type":"page","link":"https:\/\/blogi.eoppimispalvelut.fi\/yhdessakasvuun\/yhdessa-kasvuun-opas\/toteutus-ja-julkistusvaihe\/","title":{"rendered":"Toteutus- ja julkistusvaihe"},"content":{"rendered":"<hr \/>\n<p>&nbsp;<\/p>\n<p><span class=\"TextRun SCXW244390371 BCX7\" lang=\"FI-FI\" xml:lang=\"FI-FI\" data-contrast=\"auto\"><span class=\"NormalTextRun SCXW244390371 BCX7\"><img loading=\"lazy\" decoding=\"async\" class=\"size-full wp-image-171 alignleft\" src=\"https:\/\/blogi.eoppimispalvelut.fi\/yhdessakasvuun\/files\/2020\/03\/kuvake3-e1583755315637.png\" alt=\"\" width=\"100\" height=\"101\" \/><a href=\"https:\/\/blogi.eoppimispalvelut.fi\/yhdessakasvuun\/laadi-kauppakirja-ja-tee-muut-ostoon-liittyvat-sopimukset\/\" target=\"_blank\" rel=\"noopener noreferrer\"><strong>Laadi kauppakirja<\/strong><\/a><\/span><\/span><strong><span class=\"TextRun SCXW244390371 BCX7\" lang=\"FI-FI\" xml:lang=\"FI-FI\" data-contrast=\"auto\"><span class=\"NormalTextRun SCXW244390371 BCX7\">\u00a0<a href=\"https:\/\/blogi.eoppimispalvelut.fi\/yhdessakasvuun\/laadi-kauppakirja-ja-tee-muut-ostoon-liittyvat-sopimukset\/\" target=\"_blank\" rel=\"noopener noreferrer\">ja tee muut\u00a0<\/a><\/span><\/span><a href=\"https:\/\/blogi.eoppimispalvelut.fi\/yhdessakasvuun\/laadi-kauppakirja-ja-tee-muut-ostoon-liittyvat-sopimukset\/\" target=\"_blank\" rel=\"noopener noreferrer\"><span class=\"TextRun SCXW244390371 BCX7\" lang=\"FI-FI\" xml:lang=\"FI-FI\" data-contrast=\"auto\"><span class=\"NormalTextRun SCXW244390371 BCX7\">ostoon liittyv\u00e4t s<\/span><\/span><span class=\"TextRun SCXW244390371 BCX7\" lang=\"FI-FI\" xml:lang=\"FI-FI\" data-contrast=\"auto\"><span class=\"NormalTextRun SCXW244390371 BCX7\">opimukset<\/span><\/span><span class=\"TextRun SCXW244390371 BCX7\" lang=\"FI-FI\" xml:lang=\"FI-FI\" data-contrast=\"auto\"><span class=\"NormalTextRun SCXW244390371 BCX7\">\u00a0<\/span><\/span><span class=\"EOP SCXW244390371 BCX7\" data-ccp-props=\"{&quot;201341983&quot;:0,&quot;335559739&quot;:160,&quot;335559740&quot;:259}\">\u00a0<\/span><\/a><\/strong><\/p>\n<p><em><span class=\"TextRun Highlight SCXW252541113 BCX7\" lang=\"FI-FI\" xml:lang=\"FI-FI\" data-contrast=\"auto\"><span class=\"NormalTextRun SCXW252541113 BCX7\">Yrityskaupan toteutuessa tehd\u00e4\u00e4n kauppakirja, mihin kaupan sitovat ehdot kirjataan. Kauppakirjasta k\u00e4y ilmi, kaupan kohde, hinta, myyj\u00e4n vastuut, ostajan vastuut sek\u00e4 mihin menness\u00e4 ostajan tulee reagoida tilanteisiin.<\/span><\/span><span class=\"EOP SCXW252541113 BCX7\" data-ccp-props=\"{&quot;201341983&quot;:0,&quot;335559739&quot;:160,&quot;335559740&quot;:259}\">\u00a0<\/span><\/em><\/p>\n<p><a href=\"https:\/\/blogi.eoppimispalvelut.fi\/yhdessakasvuun\/laadi-kauppakirja-ja-tee-muut-ostoon-liittyvat-sopimukset\/\"><span data-contrast=\"auto\">Lue lis\u00e4\u00e4&#8230;<\/span><\/a><span data-contrast=\"auto\">\u00a0<\/span><span data-ccp-props=\"{&quot;201341983&quot;:0,&quot;335559739&quot;:160,&quot;335559740&quot;:259}\">\u00a0<\/span><\/p>\n<hr \/>\n<p><b><span data-contrast=\"none\"><span class=\"TextRun SCXW206898941 BCX7\" lang=\"FI-FI\" xml:lang=\"FI-FI\" data-contrast=\"auto\"><span class=\"NormalTextRun SCXW206898941 BCX7\"><img loading=\"lazy\" decoding=\"async\" class=\"size-full wp-image-172 alignleft\" src=\"https:\/\/blogi.eoppimispalvelut.fi\/yhdessakasvuun\/files\/2020\/03\/kuvake4-e1583755421347.png\" alt=\"\" width=\"100\" height=\"100\" \/><\/span><\/span><\/span><\/b><a href=\"https:\/\/blogi.eoppimispalvelut.fi\/yhdessakasvuun\/tiedota-ja-viesti-kaupasta\/\" target=\"_blank\" rel=\"noopener noreferrer\"><strong><span class=\"TextRun SCXW206898941 BCX7\" lang=\"FI-FI\" xml:lang=\"FI-FI\" data-contrast=\"auto\"><span class=\"NormalTextRun SCXW206898941 BCX7\">Tiedota ja viesti kaupasta<\/span><\/span><\/strong><\/a><b><span data-contrast=\"none\"><br \/>\n<\/span><\/b><\/p>\n<p><em><span class=\"TextRun Highlight SCXW249032658 BCX7\" lang=\"FI-FI\" xml:lang=\"FI-FI\" data-contrast=\"auto\"><span class=\"NormalTextRun SCXW249032658 BCX7\">J\u00e4rjest\u00e4 tiedotustilaisuus henkil\u00f6st\u00f6lle<\/span><\/span><span class=\"TextRun Highlight SCXW249032658 BCX7\" lang=\"FI-FI\" xml:lang=\"FI-FI\" data-contrast=\"auto\"><span class=\"NormalTextRun SCXW249032658 BCX7\">, asiakkaille, t\u00e4rkeille sidosryhm\u00e4lle<\/span><\/span><span class=\"TextRun Highlight SCXW249032658 BCX7\" lang=\"FI-FI\" xml:lang=\"FI-FI\" data-contrast=\"auto\"><span class=\"NormalTextRun SCXW249032658 BCX7\">\u00a0sek\u00e4 medialle, t\u00e4rke<\/span><\/span><span class=\"TextRun Highlight SCXW249032658 BCX7\" lang=\"FI-FI\" xml:lang=\"FI-FI\" data-contrast=\"auto\"><span class=\"NormalTextRun SCXW249032658 BCX7\">i<\/span><\/span><span class=\"TextRun Highlight SCXW249032658 BCX7\" lang=\"FI-FI\" xml:lang=\"FI-FI\" data-contrast=\"auto\"><span class=\"NormalTextRun SCXW249032658 BCX7\">mp\u00e4n\u00e4 n\u00e4ist\u00e4 henkil\u00f6st\u00f6 ja asiakkaat.<\/span><\/span><span class=\"TextRun Highlight SCXW249032658 BCX7\" lang=\"FI-FI\" xml:lang=\"FI-FI\" data-contrast=\"auto\"><span class=\"NormalTextRun SCXW249032658 BCX7\">\u00a0<\/span><\/span><span class=\"TextRun Highlight SCXW249032658 BCX7\" lang=\"FI-FI\" xml:lang=\"FI-FI\" data-contrast=\"auto\"><span class=\"NormalTextRun SCXW249032658 BCX7\">Noudata tiedottamisessa annettuja lakeja<\/span><\/span><span class=\"TextRun Highlight SCXW249032658 BCX7\" lang=\"FI-FI\" xml:lang=\"FI-FI\" data-contrast=\"auto\"><span class=\"NormalTextRun SCXW249032658 BCX7\">\u00a0(<\/span><\/span><a href=\"https:\/\/www.finlex.fi\/fi\/laki\/alkup\/2007\/20070334\" target=\"_blank\" rel=\"noopener noreferrer\"><span class=\"TextRun Highlight SCXW249032658 BCX7\" lang=\"FI-FI\" xml:lang=\"FI-FI\" data-contrast=\"auto\"><span class=\"NormalTextRun SCXW249032658 BCX7\">yhteistoimintalaki<\/span><\/span><\/a> <span class=\"TextRun SCXW249032658 BCX7\" lang=\"FI-FI\" xml:lang=\"FI-FI\" data-contrast=\"auto\"><span class=\"NormalTextRun SCXW249032658 BCX7\">\u00a0<\/span><\/span><span class=\"TextRun Highlight SCXW249032658 BCX7\" lang=\"FI-FI\" xml:lang=\"FI-FI\" data-contrast=\"auto\"><span class=\"NormalTextRun SCXW249032658 BCX7\">ja <a href=\"https:\/\/www.finlex.fi\/fi\/laki\/ajantasa\/2011\/20110948\" target=\"_blank\" rel=\"noopener noreferrer\">kilpailulaki<\/a><\/span><\/span><span class=\"TextRun SCXW249032658 BCX7\" lang=\"FI-FI\" xml:lang=\"FI-FI\" data-contrast=\"auto\"><span class=\"NormalTextRun SCXW249032658 BCX7\">\u00a0<\/span><\/span><span class=\"TextRun Highlight SCXW249032658 BCX7\" lang=\"FI-FI\" xml:lang=\"FI-FI\" data-contrast=\"auto\"><span class=\"NormalTextRun SCXW249032658 BCX7\">)<\/span><\/span><span class=\"TextRun Highlight SCXW249032658 BCX7\" lang=\"FI-FI\" xml:lang=\"FI-FI\" data-contrast=\"auto\"><span class=\"NormalTextRun SCXW249032658 BCX7\">\u00a0ja muista viestin sis\u00e4l<\/span><\/span><span class=\"TextRun Highlight SCXW249032658 BCX7\" lang=\"FI-FI\" xml:lang=\"FI-FI\" data-contrast=\"auto\"><span class=\"NormalTextRun SCXW249032658 BCX7\">l\u00f6n kohdentaminen oikein<\/span><\/span><span class=\"TextRun Highlight SCXW249032658 BCX7\" lang=\"FI-FI\" xml:lang=\"FI-FI\" data-contrast=\"auto\"><span class=\"NormalTextRun SCXW249032658 BCX7\">\u00a0eri kohderyhmille<\/span><\/span><span class=\"TextRun Highlight SCXW249032658 BCX7\" lang=\"FI-FI\" xml:lang=\"FI-FI\" data-contrast=\"auto\"><span class=\"NormalTextRun SCXW249032658 BCX7\">.<\/span><\/span><span class=\"EOP SCXW249032658 BCX7\" data-ccp-props=\"{&quot;201341983&quot;:0,&quot;335559739&quot;:160,&quot;335559740&quot;:259}\">\u00a0<\/span><\/em><\/p>\n<p><a href=\"https:\/\/blogi.eoppimispalvelut.fi\/yhdessakasvuun\/tiedota-ja-viesti-kaupasta\/\">Lue lis\u00e4\u00e4&#8230;<\/a><\/p>\n<hr \/>\n<p><b><span data-contrast=\"auto\"><span class=\"TextRun SCXW28117805 BCX7\" lang=\"FI-FI\" xml:lang=\"FI-FI\" data-contrast=\"auto\"><span class=\"NormalTextRun SCXW28117805 BCX7\"><img loading=\"lazy\" decoding=\"async\" class=\"size-full wp-image-173 alignleft\" src=\"https:\/\/blogi.eoppimispalvelut.fi\/yhdessakasvuun\/files\/2020\/03\/kuvake5-e1583766011396.png\" alt=\"\" width=\"100\" height=\"101\" \/><\/span><\/span><\/span><\/b><a href=\"https:\/\/blogi.eoppimispalvelut.fi\/yhdessakasvuun\/laadi-puitesuunnitelma-haltuunotosta\/\" target=\"_blank\" rel=\"noopener noreferrer\"><strong><span class=\"TextRun SCXW28117805 BCX7\" lang=\"FI-FI\" xml:lang=\"FI-FI\" data-contrast=\"auto\"><span class=\"NormalTextRun SCXW28117805 BCX7\">Laadi <\/span><\/span><span class=\"TextRun SCXW28117805 BCX7\" lang=\"FI-FI\" xml:lang=\"FI-FI\" data-contrast=\"auto\"><span class=\"NormalTextRun SCXW28117805 BCX7\">puite<\/span><\/span><span class=\"TextRun SCXW28117805 BCX7\" lang=\"FI-FI\" xml:lang=\"FI-FI\" data-contrast=\"auto\"><span class=\"NormalTextRun SCXW28117805 BCX7\">suunnitelma <\/span><\/span><span class=\"TextRun SCXW28117805 BCX7\" lang=\"FI-FI\" xml:lang=\"FI-FI\" data-contrast=\"auto\"><span class=\"NormalTextRun SCXW28117805 BCX7\">haltuunotosta\u00a0<\/span><\/span><\/strong><\/a><\/p>\n<p><em>M\u00e4\u00e4rittele haltuunottoprojektille puitesuunnitelma, jotta saat ostosi tuottamaan tavoiteltua lis\u00e4arvoa suunnitellusti. Hyvin tehty puitesuunnitelma sis\u00e4lt\u00e4\u00e4 vision siit\u00e4, millaista yhteist\u00e4 tulevaisuutta halutaan tavoitella.<\/em><\/p>\n<p><a href=\"https:\/\/blogi.eoppimispalvelut.fi\/yhdessakasvuun\/laadi-puitesuunnitelma-haltuunotosta\/\"><span data-ccp-props=\"{&quot;201341983&quot;:0,&quot;335559739&quot;:160,&quot;335559740&quot;:259}\">Lue lis\u00e4\u00e4&#8230;<\/span><\/a><\/p>\n<hr \/>\n<p style=\"text-align: center\"><a href=\"https:\/\/blogi.eoppimispalvelut.fi\/yhdessakasvuun\/yhdessa-kasvuun-opas\/hankintavaihe\/\"><img loading=\"lazy\" decoding=\"async\" class=\"alignnone wp-image-159\" src=\"https:\/\/blogi.eoppimispalvelut.fi\/yhdessakasvuun\/files\/2020\/03\/1-300x171.png\" alt=\"\" width=\"124\" height=\"73\" \/><\/a>\u00a0 <a href=\"https:\/\/blogi.eoppimispalvelut.fi\/yhdessakasvuun\/yhdessa-kasvuun-opas\/toteutus-ja-julkistusvaihe\/\"><img loading=\"lazy\" decoding=\"async\" class=\"alignnone wp-image-160\" src=\"https:\/\/blogi.eoppimispalvelut.fi\/yhdessakasvuun\/files\/2020\/03\/2-300x171.png\" alt=\"\" width=\"124\" height=\"73\" \/><\/a> <a href=\"https:\/\/blogi.eoppimispalvelut.fi\/yhdessakasvuun\/yhdessa-kasvuun-opas\/haltuunottovaihe\/\"><img loading=\"lazy\" decoding=\"async\" class=\"alignnone wp-image-161\" src=\"https:\/\/blogi.eoppimispalvelut.fi\/yhdessakasvuun\/files\/2020\/03\/3-300x171.png\" alt=\"\" width=\"124\" height=\"73\" \/><\/a><\/p>\n<hr \/>\n<p>&nbsp;<\/p>\n","protected":false},"excerpt":{"rendered":"<p>&nbsp; Laadi kauppakirja\u00a0ja tee muut\u00a0ostoon liittyv\u00e4t sopimukset\u00a0\u00a0 Yrityskaupan toteutuessa tehd\u00e4\u00e4n kauppakirja, mihin kaupan sitovat ehdot kirjataan. Kauppakirjasta k\u00e4y ilmi, kaupan kohde, hinta, myyj\u00e4n vastuut, ostajan vastuut sek\u00e4 mihin menness\u00e4 ostajan tulee reagoida tilanteisiin.\u00a0 Lue lis\u00e4\u00e4&#8230;\u00a0\u00a0 Tiedota ja viesti kaupasta J\u00e4rjest\u00e4 &hellip; <a href=\"https:\/\/blogi.eoppimispalvelut.fi\/yhdessakasvuun\/yhdessa-kasvuun-opas\/toteutus-ja-julkistusvaihe\/\">Continue reading <span class=\"meta-nav\">&rarr;<\/span><\/a><\/p>\n","protected":false},"author":4242,"featured_media":0,"parent":19,"menu_order":2,"comment_status":"closed","ping_status":"closed","template":"","meta":{"_monsterinsights_skip_tracking":false,"_monsterinsights_sitenote_active":false,"_monsterinsights_sitenote_note":"","_monsterinsights_sitenote_category":0,"footnotes":""},"class_list":["post-25","page","type-page","status-publish","hentry"],"_links":{"self":[{"href":"https:\/\/blogi.eoppimispalvelut.fi\/yhdessakasvuun\/wp-json\/wp\/v2\/pages\/25","targetHints":{"allow":["GET"]}}],"collection":[{"href":"https:\/\/blogi.eoppimispalvelut.fi\/yhdessakasvuun\/wp-json\/wp\/v2\/pages"}],"about":[{"href":"https:\/\/blogi.eoppimispalvelut.fi\/yhdessakasvuun\/wp-json\/wp\/v2\/types\/page"}],"author":[{"embeddable":true,"href":"https:\/\/blogi.eoppimispalvelut.fi\/yhdessakasvuun\/wp-json\/wp\/v2\/users\/4242"}],"replies":[{"embeddable":true,"href":"https:\/\/blogi.eoppimispalvelut.fi\/yhdessakasvuun\/wp-json\/wp\/v2\/comments?post=25"}],"version-history":[{"count":18,"href":"https:\/\/blogi.eoppimispalvelut.fi\/yhdessakasvuun\/wp-json\/wp\/v2\/pages\/25\/revisions"}],"predecessor-version":[{"id":615,"href":"https:\/\/blogi.eoppimispalvelut.fi\/yhdessakasvuun\/wp-json\/wp\/v2\/pages\/25\/revisions\/615"}],"up":[{"embeddable":true,"href":"https:\/\/blogi.eoppimispalvelut.fi\/yhdessakasvuun\/wp-json\/wp\/v2\/pages\/19"}],"wp:attachment":[{"href":"https:\/\/blogi.eoppimispalvelut.fi\/yhdessakasvuun\/wp-json\/wp\/v2\/media?parent=25"}],"curies":[{"name":"wp","href":"https:\/\/api.w.org\/{rel}","templated":true}]}}