{"id":260,"date":"2020-03-14T13:40:39","date_gmt":"2020-03-14T11:40:39","guid":{"rendered":"https:\/\/blogi.eoppimispalvelut.fi\/yhdessakasvuun\/?page_id=260"},"modified":"2020-03-22T20:37:09","modified_gmt":"2020-03-22T18:37:09","slug":"suunnittele-ja-neuvottele-rahoitus","status":"publish","type":"page","link":"https:\/\/blogi.eoppimispalvelut.fi\/yhdessakasvuun\/suunnittele-ja-neuvottele-rahoitus\/","title":{"rendered":"Suunnittele ja neuvottele rahoitus"},"content":{"rendered":"<p><strong><em><img loading=\"lazy\" decoding=\"async\" class=\"size-full wp-image-171 alignleft\" src=\"https:\/\/blogi.eoppimispalvelut.fi\/yhdessakasvuun\/files\/2020\/03\/kuvake3-e1583755315637.png\" alt=\"\" width=\"100\" height=\"101\" \/>K\u00e4y rahoittajan kanssa keskusteluja jo ennen prosessiin ryhtymist\u00e4, jolloin voit selvitt\u00e4\u00e4, mink\u00e4laista rahoitusta on saatavilla.<\/em><\/strong><\/p>\n<p>&nbsp;<\/p>\n<p>&nbsp;<\/p>\n<p><span data-contrast=\"auto\">Rahoittajan kanssa on hyv\u00e4 k\u00e4yd\u00e4 keskusteluja jo ennen prosessiin ryhtymist\u00e4, jolloin ostaja voi selvitt\u00e4\u00e4, mink\u00e4laista rahoitusta h\u00e4nelle on saatavilla. Rahoittaja kiinnitt\u00e4\u00e4 huomioita mm. siihen, onko liiketoiminta vakaalla pohjalla, ostajan osaamiseen sek\u00e4 taloudelliseen tilanteeseen, onko kauppahinta oikea suhteessa yrityksen tuottoon sek\u00e4 onko omistajavaihdoksen muutosvaihe hyvin suunniteltu.<\/span><span data-contrast=\"auto\">\u00a0Rahoitusta my\u00f6nt\u00e4\u00e4 mm. Finnvera, pankit ja p\u00e4\u00e4omasijoittajat.<\/span><span data-ccp-props=\"{&quot;201341983&quot;:0,&quot;335559739&quot;:160,&quot;335559740&quot;:259}\">\u00a0<\/span><\/p>\n<p>Aiheesta lis\u00e4\u00e4:<\/p>\n<p><a href=\"https:\/\/www.finnvera.fi\/finnvera\/uutishuone\/artikkelit\/miljoona-ei-vaadi-miljoonaa-omasta-pussista-yrityskaupassa\" target=\"_blank\" rel=\"noopener noreferrer\">Miljoona ei vaadi miljoonaa omasta pussista yrityskaupassa,<\/a> Finnvera<\/p>\n<p>&nbsp;<\/p>\n<p><iframe loading=\"lazy\" title=\"Yrityskaupan rahoitus\" width=\"584\" height=\"329\" src=\"https:\/\/www.youtube.com\/embed\/n7BfGhI3x2U?feature=oembed\" frameborder=\"0\" allow=\"accelerometer; autoplay; clipboard-write; encrypted-media; gyroscope; picture-in-picture; web-share\" referrerpolicy=\"strict-origin-when-cross-origin\" allowfullscreen><\/iframe><\/p>\n<p><iframe loading=\"lazy\" title=\"Yrityskaupan rahoittaminen\" width=\"584\" height=\"329\" src=\"https:\/\/www.youtube.com\/embed\/w7Hrlhn0y3w?feature=oembed\" frameborder=\"0\" allow=\"accelerometer; autoplay; clipboard-write; encrypted-media; gyroscope; picture-in-picture; web-share\" referrerpolicy=\"strict-origin-when-cross-origin\" allowfullscreen><\/iframe><\/p>\n<p><a href=\"https:\/\/blogi.eoppimispalvelut.fi\/yhdessakasvuun\/yhdessa-kasvuun-opas\/hankintavaihe\/\"><br \/>\n<img loading=\"lazy\" decoding=\"async\" class=\"wp-image-540 aligncenter\" src=\"https:\/\/blogi.eoppimispalvelut.fi\/yhdessakasvuun\/files\/2020\/03\/Takaisin-painike-300x171.png\" alt=\"\" width=\"70\" height=\"44\" \/><\/a><\/p>\n<hr \/>\n<p style=\"text-align: center\"><a href=\"https:\/\/blogi.eoppimispalvelut.fi\/yhdessakasvuun\/yhdessa-kasvuun-opas\/hankintavaihe\/\"><img loading=\"lazy\" decoding=\"async\" class=\"alignnone wp-image-159\" src=\"https:\/\/blogi.eoppimispalvelut.fi\/yhdessakasvuun\/files\/2020\/03\/1-300x171.png\" alt=\"\" width=\"124\" height=\"73\" \/><\/a>\u00a0 <a href=\"https:\/\/blogi.eoppimispalvelut.fi\/yhdessakasvuun\/yhdessa-kasvuun-opas\/toteutus-ja-julkistusvaihe\/\"><img loading=\"lazy\" decoding=\"async\" class=\"alignnone wp-image-160\" src=\"https:\/\/blogi.eoppimispalvelut.fi\/yhdessakasvuun\/files\/2020\/03\/2-300x171.png\" alt=\"\" width=\"124\" height=\"73\" \/><\/a> <a href=\"https:\/\/blogi.eoppimispalvelut.fi\/yhdessakasvuun\/yhdessa-kasvuun-opas\/haltuunottovaihe\/\"><img loading=\"lazy\" decoding=\"async\" class=\"alignnone wp-image-161\" src=\"https:\/\/blogi.eoppimispalvelut.fi\/yhdessakasvuun\/files\/2020\/03\/3-300x171.png\" alt=\"\" width=\"124\" height=\"73\" \/><\/a><\/p>\n<hr \/>\n<p>&nbsp;<\/p>\n<p>&nbsp;<\/p>\n","protected":false},"excerpt":{"rendered":"<p>K\u00e4y rahoittajan kanssa keskusteluja jo ennen prosessiin ryhtymist\u00e4, jolloin voit selvitt\u00e4\u00e4, mink\u00e4laista rahoitusta on saatavilla. &nbsp; &nbsp; Rahoittajan kanssa on hyv\u00e4 k\u00e4yd\u00e4 keskusteluja jo ennen prosessiin ryhtymist\u00e4, jolloin ostaja voi selvitt\u00e4\u00e4, mink\u00e4laista rahoitusta h\u00e4nelle on saatavilla. Rahoittaja kiinnitt\u00e4\u00e4 huomioita mm. &hellip; <a href=\"https:\/\/blogi.eoppimispalvelut.fi\/yhdessakasvuun\/suunnittele-ja-neuvottele-rahoitus\/\">Continue reading <span class=\"meta-nav\">&rarr;<\/span><\/a><\/p>\n","protected":false},"author":4242,"featured_media":0,"parent":0,"menu_order":0,"comment_status":"closed","ping_status":"closed","template":"","meta":{"_monsterinsights_skip_tracking":false,"_monsterinsights_sitenote_active":false,"_monsterinsights_sitenote_note":"","_monsterinsights_sitenote_category":0,"footnotes":""},"class_list":["post-260","page","type-page","status-publish","hentry"],"_links":{"self":[{"href":"https:\/\/blogi.eoppimispalvelut.fi\/yhdessakasvuun\/wp-json\/wp\/v2\/pages\/260","targetHints":{"allow":["GET"]}}],"collection":[{"href":"https:\/\/blogi.eoppimispalvelut.fi\/yhdessakasvuun\/wp-json\/wp\/v2\/pages"}],"about":[{"href":"https:\/\/blogi.eoppimispalvelut.fi\/yhdessakasvuun\/wp-json\/wp\/v2\/types\/page"}],"author":[{"embeddable":true,"href":"https:\/\/blogi.eoppimispalvelut.fi\/yhdessakasvuun\/wp-json\/wp\/v2\/users\/4242"}],"replies":[{"embeddable":true,"href":"https:\/\/blogi.eoppimispalvelut.fi\/yhdessakasvuun\/wp-json\/wp\/v2\/comments?post=260"}],"version-history":[{"count":9,"href":"https:\/\/blogi.eoppimispalvelut.fi\/yhdessakasvuun\/wp-json\/wp\/v2\/pages\/260\/revisions"}],"predecessor-version":[{"id":557,"href":"https:\/\/blogi.eoppimispalvelut.fi\/yhdessakasvuun\/wp-json\/wp\/v2\/pages\/260\/revisions\/557"}],"wp:attachment":[{"href":"https:\/\/blogi.eoppimispalvelut.fi\/yhdessakasvuun\/wp-json\/wp\/v2\/media?parent=260"}],"curies":[{"name":"wp","href":"https:\/\/api.w.org\/{rel}","templated":true}]}}