{"id":288,"date":"2020-03-14T14:16:34","date_gmt":"2020-03-14T12:16:34","guid":{"rendered":"https:\/\/blogi.eoppimispalvelut.fi\/yhdessakasvuun\/?page_id=288"},"modified":"2020-04-04T12:00:55","modified_gmt":"2020-04-04T09:00:55","slug":"tiedota-ja-viesti-kaupasta","status":"publish","type":"page","link":"https:\/\/blogi.eoppimispalvelut.fi\/yhdessakasvuun\/tiedota-ja-viesti-kaupasta\/","title":{"rendered":"Tiedota ja viesti kaupasta"},"content":{"rendered":"<p><em><span class=\"TextRun Highlight SCXW249032658 BCX7\" lang=\"FI-FI\" xml:lang=\"FI-FI\" data-contrast=\"auto\"><span class=\"NormalTextRun SCXW249032658 BCX7\"><img loading=\"lazy\" decoding=\"async\" class=\"size-full wp-image-172 alignleft\" src=\"https:\/\/blogi.eoppimispalvelut.fi\/yhdessakasvuun\/files\/2020\/03\/kuvake4-e1583755421347.png\" alt=\"\" width=\"100\" height=\"100\" \/><strong>J\u00e4rjest\u00e4 tiedotustilaisuus henkil\u00f6st\u00f6lle<\/strong><\/span><\/span><strong><span class=\"TextRun Highlight SCXW249032658 BCX7\" lang=\"FI-FI\" xml:lang=\"FI-FI\" data-contrast=\"auto\"><span class=\"NormalTextRun SCXW249032658 BCX7\">, asiakkaille, t\u00e4rkeille sidosryhm\u00e4lle<\/span><\/span><span class=\"TextRun Highlight SCXW249032658 BCX7\" lang=\"FI-FI\" xml:lang=\"FI-FI\" data-contrast=\"auto\"><span class=\"NormalTextRun SCXW249032658 BCX7\">\u00a0sek\u00e4 medialle, t\u00e4rke<\/span><\/span><span class=\"TextRun Highlight SCXW249032658 BCX7\" lang=\"FI-FI\" xml:lang=\"FI-FI\" data-contrast=\"auto\"><span class=\"NormalTextRun SCXW249032658 BCX7\">i<\/span><\/span><span class=\"TextRun Highlight SCXW249032658 BCX7\" lang=\"FI-FI\" xml:lang=\"FI-FI\" data-contrast=\"auto\"><span class=\"NormalTextRun SCXW249032658 BCX7\">mp\u00e4n\u00e4 n\u00e4ist\u00e4 henkil\u00f6st\u00f6 ja asiakkaat.<\/span><\/span><span class=\"TextRun Highlight SCXW249032658 BCX7\" lang=\"FI-FI\" xml:lang=\"FI-FI\" data-contrast=\"auto\"><span class=\"NormalTextRun SCXW249032658 BCX7\">\u00a0<\/span><\/span><span class=\"TextRun Highlight SCXW249032658 BCX7\" lang=\"FI-FI\" xml:lang=\"FI-FI\" data-contrast=\"auto\"><span class=\"NormalTextRun SCXW249032658 BCX7\">Noudata tiedottamisessa annettuja lakeja<\/span><\/span><span class=\"TextRun Highlight SCXW249032658 BCX7\" lang=\"FI-FI\" xml:lang=\"FI-FI\" data-contrast=\"auto\"><span class=\"NormalTextRun SCXW249032658 BCX7\">\u00a0(<\/span><\/span><a href=\"https:\/\/www.finlex.fi\/fi\/laki\/alkup\/2007\/20070334\" target=\"_blank\" rel=\"noopener noreferrer\"><span class=\"TextRun Highlight SCXW249032658 BCX7\" lang=\"FI-FI\" xml:lang=\"FI-FI\" data-contrast=\"auto\"><span class=\"NormalTextRun SCXW249032658 BCX7\">yhteistoimintalaki<\/span><\/span><\/a> <span class=\"TextRun SCXW249032658 BCX7\" lang=\"FI-FI\" xml:lang=\"FI-FI\" data-contrast=\"auto\"><span class=\"NormalTextRun SCXW249032658 BCX7\">\u00a0<\/span><\/span><span class=\"TextRun Highlight SCXW249032658 BCX7\" lang=\"FI-FI\" xml:lang=\"FI-FI\" data-contrast=\"auto\"><span class=\"NormalTextRun SCXW249032658 BCX7\">ja <a href=\"https:\/\/www.finlex.fi\/fi\/laki\/ajantasa\/2011\/20110948\" target=\"_blank\" rel=\"noopener noreferrer\">kilpailulaki<\/a><\/span><\/span><span class=\"TextRun SCXW249032658 BCX7\" lang=\"FI-FI\" xml:lang=\"FI-FI\" data-contrast=\"auto\"><span class=\"NormalTextRun SCXW249032658 BCX7\">\u00a0<\/span><\/span><span class=\"TextRun Highlight SCXW249032658 BCX7\" lang=\"FI-FI\" xml:lang=\"FI-FI\" data-contrast=\"auto\"><span class=\"NormalTextRun SCXW249032658 BCX7\">)<\/span><\/span><span class=\"TextRun Highlight SCXW249032658 BCX7\" lang=\"FI-FI\" xml:lang=\"FI-FI\" data-contrast=\"auto\"><span class=\"NormalTextRun SCXW249032658 BCX7\">\u00a0ja muista viestin sis\u00e4l<\/span><\/span><span class=\"TextRun Highlight SCXW249032658 BCX7\" lang=\"FI-FI\" xml:lang=\"FI-FI\" data-contrast=\"auto\"><span class=\"NormalTextRun SCXW249032658 BCX7\">l\u00f6n kohdentaminen oikein<\/span><\/span><span class=\"TextRun Highlight SCXW249032658 BCX7\" lang=\"FI-FI\" xml:lang=\"FI-FI\" data-contrast=\"auto\"><span class=\"NormalTextRun SCXW249032658 BCX7\">\u00a0eri kohderyhmille<\/span><\/span><span class=\"TextRun Highlight SCXW249032658 BCX7\" lang=\"FI-FI\" xml:lang=\"FI-FI\" data-contrast=\"auto\"><span class=\"NormalTextRun SCXW249032658 BCX7\">.<\/span><\/span><span class=\"EOP SCXW249032658 BCX7\" data-ccp-props=\"{&quot;201341983&quot;:0,&quot;335559739&quot;:160,&quot;335559740&quot;:259}\">\u00a0<\/span><\/strong><\/em><\/p>\n<p><span class=\"TextRun SCXW181675835 BCX7\" lang=\"FI-FI\" xml:lang=\"FI-FI\" data-contrast=\"none\"><span class=\"NormalTextRun SCXW181675835 BCX7\">Laadi ajoissa viestint\u00e4suunnitelma<\/span><\/span><span class=\"TextRun SCXW181675835 BCX7\" lang=\"FI-FI\" xml:lang=\"FI-FI\" data-contrast=\"none\"><span class=\"NormalTextRun SCXW181675835 BCX7\">, jossa\u00a0<\/span><\/span><span class=\"TextRun SCXW181675835 BCX7\" lang=\"FI-FI\" xml:lang=\"FI-FI\" data-contrast=\"none\"><span class=\"NormalTextRun SCXW181675835 BCX7\">kullekin sidosryhm\u00e4lle<\/span><\/span><span class=\"TextRun SCXW181675835 BCX7\" lang=\"FI-FI\" xml:lang=\"FI-FI\" data-contrast=\"none\"><span class=\"NormalTextRun SCXW181675835 BCX7\">\u00a0omat osuudet, t\u00e4rkeimpi<\/span><\/span><span class=\"TextRun SCXW181675835 BCX7\" lang=\"FI-FI\" xml:lang=\"FI-FI\" data-contrast=\"none\"><span class=\"NormalTextRun SCXW181675835 BCX7\">n\u00e4 niist\u00e4 henkil\u00f6st\u00f6<\/span><\/span><span class=\"TextRun SCXW181675835 BCX7\" lang=\"FI-FI\" xml:lang=\"FI-FI\" data-contrast=\"none\"><span class=\"NormalTextRun SCXW181675835 BCX7\"> ja asiakkaat<\/span><\/span><span class=\"TextRun SCXW181675835 BCX7\" lang=\"FI-FI\" xml:lang=\"FI-FI\" data-contrast=\"none\"><span class=\"NormalTextRun SCXW181675835 BCX7\">;\u00a0<\/span><\/span><span class=\"TextRun SCXW181675835 BCX7\" lang=\"FI-FI\" xml:lang=\"FI-FI\" data-contrast=\"none\"><span class=\"NormalTextRun SCXW181675835 BCX7\">suunnittele <\/span><\/span><span class=\"TextRun SCXW181675835 BCX7\" lang=\"FI-FI\" xml:lang=\"FI-FI\" data-contrast=\"none\"><span class=\"NormalTextRun SCXW181675835 BCX7\">mit\u00e4<\/span><\/span><span class=\"TextRun SCXW181675835 BCX7\" lang=\"FI-FI\" xml:lang=\"FI-FI\" data-contrast=\"none\"><span class=\"NormalTextRun SCXW181675835 BCX7\">\u00a0ja\u00a0<\/span><\/span><span class=\"TextRun SCXW181675835 BCX7\" lang=\"FI-FI\" xml:lang=\"FI-FI\" data-contrast=\"none\"><span class=\"NormalTextRun SCXW181675835 BCX7\">miten<\/span><\/span><span class=\"TextRun SCXW181675835 BCX7\" lang=\"FI-FI\" xml:lang=\"FI-FI\" data-contrast=\"none\"><span class=\"NormalTextRun SCXW181675835 BCX7\"> viestit\u00e4\u00e4n ja m<\/span><\/span><span class=\"TextRun SCXW181675835 BCX7\" lang=\"FI-FI\" xml:lang=\"FI-FI\" data-contrast=\"none\"><span class=\"NormalTextRun SCXW181675835 BCX7\">ieti kullekin sidosryhm\u00e4lle oma ydinviesti.<\/span><\/span><span class=\"TextRun SCXW181675835 BCX7\" lang=\"FI-FI\" xml:lang=\"FI-FI\" data-contrast=\"none\"><span class=\"NormalTextRun SCXW181675835 BCX7\">\u00a0Sis\u00e4llyt\u00e4 ydinviestiin asiat, miksi yrityskauppa<\/span><\/span><span class=\"TextRun SCXW181675835 BCX7\" lang=\"FI-FI\" xml:lang=\"FI-FI\" data-contrast=\"none\"><span class=\"NormalTextRun SCXW181675835 BCX7\"> on toteutettu, mit\u00e4 hyv\u00e4\u00e4<\/span><\/span><span class=\"TextRun SCXW181675835 BCX7\" lang=\"FI-FI\" xml:lang=\"FI-FI\" data-contrast=\"none\"><span class=\"NormalTextRun SCXW181675835 BCX7\">\u00a0kauppa tuo kohderyhm\u00e4lle ja mit\u00e4 kaupalla tavoitellaan.<\/span><\/span><span class=\"TextRun SCXW181675835 BCX7\" lang=\"FI-FI\" xml:lang=\"FI-FI\" data-contrast=\"none\"><span class=\"NormalTextRun SCXW181675835 BCX7\">\u00a0Onnistuneella viestinn\u00e4ll\u00e4 v<\/span><\/span><span class=\"TextRun SCXW181675835 BCX7\" lang=\"FI-FI\" xml:lang=\"FI-FI\" data-contrast=\"none\"><span class=\"NormalTextRun SCXW181675835 BCX7\">\u00e4hennet\u00e4\u00e4n levottom<\/span><\/span><span class=\"TextRun SCXW181675835 BCX7\" lang=\"FI-FI\" xml:lang=\"FI-FI\" data-contrast=\"none\"><span class=\"NormalTextRun SCXW181675835 BCX7\">uutta sek\u00e4<\/span><\/span><span class=\"TextRun SCXW181675835 BCX7\" lang=\"FI-FI\" xml:lang=\"FI-FI\" data-contrast=\"none\"><span class=\"NormalTextRun SCXW181675835 BCX7\">\u00a0henkil\u00f6st\u00f6n ett\u00e4 asiakkaiden keskuudessa.<\/span><\/span><span class=\"TextRun SCXW181675835 BCX7\" lang=\"FI-FI\" xml:lang=\"FI-FI\" data-contrast=\"none\"><span class=\"NormalTextRun SCXW181675835 BCX7\">\u00a0<\/span><\/span><span class=\"TextRun SCXW181675835 BCX7\" lang=\"FI-FI\" xml:lang=\"FI-FI\" data-contrast=\"none\"><span class=\"NormalTextRun SCXW181675835 BCX7\">M<\/span><\/span><span class=\"TextRun SCXW181675835 BCX7\" lang=\"FI-FI\" xml:lang=\"FI-FI\" data-contrast=\"none\"><span class=\"NormalTextRun SCXW181675835 BCX7\">ik\u00e4li viestint\u00e4<\/span><\/span><span class=\"TextRun SCXW181675835 BCX7\" lang=\"FI-FI\" xml:lang=\"FI-FI\" data-contrast=\"none\"><span class=\"NormalTextRun SCXW181675835 BCX7\"> ep\u00e4onnistuu<\/span><\/span><span class=\"TextRun SCXW181675835 BCX7\" lang=\"FI-FI\" xml:lang=\"FI-FI\" data-contrast=\"none\"><span class=\"NormalTextRun SCXW181675835 BCX7\">, kilpailijat<\/span><\/span><span class=\"TextRun SCXW181675835 BCX7\" lang=\"FI-FI\" xml:lang=\"FI-FI\" data-contrast=\"none\"><span class=\"NormalTextRun SCXW181675835 BCX7\">\u00a0ovat valmiina<\/span><\/span><span class=\"TextRun SCXW181675835 BCX7\" lang=\"FI-FI\" xml:lang=\"FI-FI\" data-contrast=\"none\"><span class=\"NormalTextRun SCXW181675835 BCX7\">\u00a0<\/span><\/span><span class=\"TextRun SCXW181675835 BCX7\" lang=\"FI-FI\" xml:lang=\"FI-FI\" data-contrast=\"none\"><span class=\"NormalTextRun SCXW181675835 BCX7\">viem\u00e4\u00e4n<\/span><\/span><span class=\"TextRun SCXW181675835 BCX7\" lang=\"FI-FI\" xml:lang=\"FI-FI\" data-contrast=\"none\"><span class=\"NormalTextRun SCXW181675835 BCX7\">\u00a0<\/span><\/span><span class=\"TextRun SCXW181675835 BCX7\" lang=\"FI-FI\" xml:lang=\"FI-FI\" data-contrast=\"none\"><span class=\"NormalTextRun SCXW181675835 BCX7\">sek\u00e4 avainty\u00f6ntekij\u00e4t <\/span><\/span><span class=\"TextRun SCXW181675835 BCX7\" lang=\"FI-FI\" xml:lang=\"FI-FI\" data-contrast=\"none\"><span class=\"NormalTextRun SCXW181675835 BCX7\">ett\u00e4 asiakkaa<\/span><\/span><span class=\"TextRun SCXW181675835 BCX7\" lang=\"FI-FI\" xml:lang=\"FI-FI\" data-contrast=\"none\"><span class=\"NormalTextRun SCXW181675835 BCX7\">t<\/span><\/span><span class=\"TextRun SCXW181675835 BCX7\" lang=\"FI-FI\" xml:lang=\"FI-FI\" data-contrast=\"none\"><span class=\"NormalTextRun SCXW181675835 BCX7\">.\u00a0<\/span><\/span><span class=\"TextRun SCXW181675835 BCX7\" lang=\"FI-FI\" xml:lang=\"FI-FI\" data-contrast=\"none\"><span class=\"NormalTextRun SCXW181675835 BCX7\">J\u00e4rjest\u00e4 vierailu asiakkaiden luona, jossa tiedotetaan toteutuneesta kaupasta. Mik\u00e4li resurssit eiv\u00e4t riit\u00e4 kaikkien asiakkaiden luona vierailuun heti kaupanteon j\u00e4lkeen, v<\/span><\/span><span class=\"TextRun SCXW181675835 BCX7\" lang=\"FI-FI\" xml:lang=\"FI-FI\" data-contrast=\"none\"><span class=\"NormalTextRun SCXW181675835 BCX7\">alitse asiakkaista ne avainasiakkaat, joiden luona k\u00e4yd\u00e4\u00e4n henkil\u00f6kohtaisesti kertom<\/span><\/span><span class=\"TextRun SCXW181675835 BCX7\" lang=\"FI-FI\" xml:lang=\"FI-FI\" data-contrast=\"none\"><span class=\"NormalTextRun SCXW181675835 BCX7\">as<\/span><\/span><span class=\"TextRun SCXW181675835 BCX7\" lang=\"FI-FI\" xml:lang=\"FI-FI\" data-contrast=\"none\"><span class=\"NormalTextRun SCXW181675835 BCX7\">sa syntyneest\u00e4 kaupasta. Tiedota muille asiakkaille kaupasta<\/span><\/span><span class=\"TextRun SCXW181675835 BCX7\" lang=\"FI-FI\" xml:lang=\"FI-FI\" data-contrast=\"none\"><span class=\"NormalTextRun SCXW181675835 BCX7\">\u00a0kirje<\/span><\/span><span class=\"TextRun SCXW181675835 BCX7\" lang=\"FI-FI\" xml:lang=\"FI-FI\" data-contrast=\"none\"><span class=\"NormalTextRun SCXW181675835 BCX7\">ell\u00e4<\/span><\/span><span class=\"TextRun SCXW181675835 BCX7\" lang=\"FI-FI\" xml:lang=\"FI-FI\" data-contrast=\"none\"><span class=\"NormalTextRun SCXW181675835 BCX7\">\u00a0tai tiedo<\/span><\/span><span class=\"TextRun SCXW181675835 BCX7\" lang=\"FI-FI\" xml:lang=\"FI-FI\" data-contrast=\"none\"><span class=\"NormalTextRun SCXW181675835 BCX7\">t<\/span><\/span><span class=\"TextRun SCXW181675835 BCX7\" lang=\"FI-FI\" xml:lang=\"FI-FI\" data-contrast=\"none\"><span class=\"NormalTextRun SCXW181675835 BCX7\">te<\/span><\/span><span class=\"TextRun SCXW181675835 BCX7\" lang=\"FI-FI\" xml:lang=\"FI-FI\" data-contrast=\"none\"><span class=\"NormalTextRun SCXW181675835 BCX7\">ella<\/span><\/span><span class=\"TextRun SCXW181675835 BCX7\" lang=\"FI-FI\" xml:lang=\"FI-FI\" data-contrast=\"none\"><span class=\"NormalTextRun SCXW181675835 BCX7\">\u00a0ja j\u00e4rjest\u00e4 vierailu\u00a0<\/span><\/span><span class=\"TextRun SCXW181675835 BCX7\" lang=\"FI-FI\" xml:lang=\"FI-FI\" data-contrast=\"none\"><span class=\"NormalTextRun SCXW181675835 BCX7\">heid\u00e4n\u00a0<\/span><span class=\"ContextualSpellingAndGrammarError SCXW181675835 BCX7\">l<\/span><\/span><span class=\"TextRun SCXW181675835 BCX7\" lang=\"FI-FI\" xml:lang=\"FI-FI\" data-contrast=\"none\"><span class=\"ContextualSpellingAndGrammarError SCXW181675835 BCX7\">uona<\/span><span class=\"NormalTextRun SCXW181675835 BCX7\">\u00a0my\u00f6hemmin.<\/span><\/span><span class=\"TextRun SCXW181675835 BCX7\" lang=\"FI-FI\" xml:lang=\"FI-FI\" data-contrast=\"none\"><span class=\"NormalTextRun SCXW181675835 BCX7\">\u00a0\u00a0<\/span><\/span><\/p>\n<p><span data-contrast=\"auto\"><img loading=\"lazy\" decoding=\"async\" class=\"size-medium wp-image-192 alignright\" src=\"https:\/\/blogi.eoppimispalvelut.fi\/yhdessakasvuun\/files\/2020\/03\/kasvuunyritysostollakirjakuva-211x300.jpg\" alt=\"\" width=\"211\" height=\"300\" srcset=\"https:\/\/blogi.eoppimispalvelut.fi\/yhdessakasvuun\/files\/2020\/03\/kasvuunyritysostollakirjakuva-211x300.jpg 211w, https:\/\/blogi.eoppimispalvelut.fi\/yhdessakasvuun\/files\/2020\/03\/kasvuunyritysostollakirjakuva-719x1024.jpg 719w, https:\/\/blogi.eoppimispalvelut.fi\/yhdessakasvuun\/files\/2020\/03\/kasvuunyritysostollakirjakuva-768x1094.jpg 768w, https:\/\/blogi.eoppimispalvelut.fi\/yhdessakasvuun\/files\/2020\/03\/kasvuunyritysostollakirjakuva.jpg 1000w\" sizes=\"auto, (max-width: 211px) 100vw, 211px\" \/>Yhteistoimintalaissa on m\u00e4\u00e4ritetty, ett\u00e4 t<\/span><span data-contrast=\"auto\">oteutuneesta k<\/span><span data-contrast=\"auto\">aupasta\u00a0<\/span><span data-contrast=\"auto\">tulee tiedottaa henkil\u00f6st\u00f6ryhmien edustajille luovutuksen ajankohta, sen syyt, ty\u00f6ntekij\u00f6ille aiheutuvat seuraukset sek\u00e4 suunnitellut toimenpiteet henkil\u00f6st\u00f6lle. Liikkeen luovutuksessa ty\u00f6ntekij\u00e4t siirtyv\u00e4t vanhoina ty\u00f6ntekij\u00f6in\u00e4, jolloin ainoastaan ty\u00f6nantaja vaihtuu.\u00a0<\/span><span data-contrast=\"auto\">Tiedottamisvelvollisuus on sek\u00e4 myyj\u00e4ll\u00e4 ett\u00e4 ostajalla ja henkil\u00f6st\u00f6n tulee saada tiedot liikkeen luovutuksesta kahteen otteeseen, jos ostajan ett\u00e4 myyj\u00e4n ty\u00f6ntekij\u00e4m\u00e4\u00e4r\u00e4 on yhteens\u00e4 v\u00e4hint\u00e4\u00e4n 20 tai yksinkertaisena, jos toisella kaupan osapuolella on yli 20 ty\u00f6ntekij\u00e4\u00e4. Tiedote kaupansyntymisest\u00e4 on syyt\u00e4 v\u00e4litt\u00e4\u00e4 my\u00f6s medialle sek\u00e4 yrityksen liikevaihdon mukaan tarvittaessa my\u00f6s kilpailu- ja kuluttajavirastolle.<\/span><span data-ccp-props=\"{&quot;201341983&quot;:0,&quot;335559739&quot;:160,&quot;335559740&quot;:259}\">\u00a0<\/span><\/p>\n<p><em>Aiheesta lis\u00e4\u00e4:<\/em><\/p>\n<p><span data-contrast=\"auto\">Antti Liimataisen ja Lauri L\u00e4hteenmaan kirja <a href=\"https:\/\/shop.almatalent.fi\/kasvuun-yritysostolla-onnistu-yrityskaupassa\" target=\"_blank\" rel=\"noopener noreferrer\">Kasvuun yritysostolla, onnistu yrityskaupassa<\/a><\/span><\/p>\n<p><a href=\"http:\/\/procom.fi\/wp-content\/uploads\/2019\/06\/procom_visiopaperi_020619_low.pdf\" target=\"_blank\" rel=\"noopener noreferrer\">Viestint\u00e4 on muutosvoima! &#8211; 2020-luvun uudet haasteet<\/a>, Procom<\/p>\n<p><a href=\"https:\/\/www.yrittajat.fi\/paakaupunkiseudun-yrittajat\/vantaan-yrittajat\/a\/blogit\/yrittajat-yhdessa-laurean-kanssa\/viestintaa-tarvitaan-joka-organisaatiossa\" target=\"_blank\" rel=\"noopener noreferrer\">Viestint\u00e4\u00e4 tarvitaan joka organisaatiossa<\/a>, Yritt\u00e4j\u00e4t<\/p>\n<p><a href=\"https:\/\/www.kkv.fi\/Tietoa-ja-ohjeita\/kilpailuasiat\/yrityskauppavalvonta\/yrityskaupasta-ilmoittaminen\/\">KKV &#8211; Yrityskaupasta ilmoittaminen<\/a><\/p>\n<p><a href=\"https:\/\/blogi.eoppimispalvelut.fi\/yhdessakasvuun\/2020\/03\/10\/sitouta-henkilosto-mukaan-yrityskauppaan\/\" target=\"_blank\" rel=\"noopener noreferrer\">Sitouta henkil\u00f6st\u00f6 mukaan yrityskauppaan!<\/a><\/p>\n<p><a href=\"https:\/\/blogi.eoppimispalvelut.fi\/yhdessakasvuun\/2020\/04\/04\/yrityskaupan-viestinnalla-kasvatat-yrityksen-arvoa-ja-kysyntaa\/\" target=\"_blank\" rel=\"noopener noreferrer\">Yrityskaupan viestinn\u00e4ll\u00e4 kasvatat yrityksen arvoa ja kysynt\u00e4\u00e4<\/a><\/p>\n<p>&nbsp;<\/p>\n<p><span data-contrast=\"auto\">L\u00e4hteen\u00e4 k\u00e4ytetty\u00a0Antti Liimataisen ja Lauri L\u00e4hteenmaan kirjaa <a href=\"https:\/\/shop.almatalent.fi\/kasvuun-yritysostolla-onnistu-yrityskaupassa\" target=\"_blank\" rel=\"noopener noreferrer\">Kasvuun yritysostolla, onnistu yrityskaupassa<\/a><\/span><\/p>\n<p><a href=\"https:\/\/blogi.eoppimispalvelut.fi\/yhdessakasvuun\/yhdessa-kasvuun-opas\/toteutus-ja-julkistusvaihe\/\"><img loading=\"lazy\" decoding=\"async\" class=\"wp-image-540 aligncenter\" src=\"https:\/\/blogi.eoppimispalvelut.fi\/yhdessakasvuun\/files\/2020\/03\/Takaisin-painike-300x171.png\" alt=\"\" width=\"70\" height=\"44\" \/><\/a><\/p>\n<hr \/>\n<p style=\"text-align: center\"><a href=\"https:\/\/blogi.eoppimispalvelut.fi\/yhdessakasvuun\/yhdessa-kasvuun-opas\/hankintavaihe\/\"><img loading=\"lazy\" decoding=\"async\" class=\"alignnone wp-image-159\" src=\"https:\/\/blogi.eoppimispalvelut.fi\/yhdessakasvuun\/files\/2020\/03\/1-300x171.png\" alt=\"\" width=\"124\" height=\"73\" \/><\/a>\u00a0 <a href=\"https:\/\/blogi.eoppimispalvelut.fi\/yhdessakasvuun\/yhdessa-kasvuun-opas\/toteutus-ja-julkistusvaihe\/\"><img loading=\"lazy\" decoding=\"async\" class=\"alignnone wp-image-160\" src=\"https:\/\/blogi.eoppimispalvelut.fi\/yhdessakasvuun\/files\/2020\/03\/2-300x171.png\" alt=\"\" width=\"124\" height=\"73\" \/><\/a> <a href=\"https:\/\/blogi.eoppimispalvelut.fi\/yhdessakasvuun\/yhdessa-kasvuun-opas\/haltuunottovaihe\/\"><img loading=\"lazy\" decoding=\"async\" class=\"alignnone wp-image-161\" src=\"https:\/\/blogi.eoppimispalvelut.fi\/yhdessakasvuun\/files\/2020\/03\/3-300x171.png\" alt=\"\" width=\"124\" height=\"73\" \/><\/a><\/p>\n<hr \/>\n<p>&nbsp;<\/p>\n<p>&nbsp;<\/p>\n","protected":false},"excerpt":{"rendered":"<p>J\u00e4rjest\u00e4 tiedotustilaisuus henkil\u00f6st\u00f6lle, asiakkaille, t\u00e4rkeille sidosryhm\u00e4lle\u00a0sek\u00e4 medialle, t\u00e4rkeimp\u00e4n\u00e4 n\u00e4ist\u00e4 henkil\u00f6st\u00f6 ja asiakkaat.\u00a0Noudata tiedottamisessa annettuja lakeja\u00a0(yhteistoimintalaki \u00a0ja kilpailulaki\u00a0)\u00a0ja muista viestin sis\u00e4ll\u00f6n kohdentaminen oikein\u00a0eri kohderyhmille.\u00a0 Laadi ajoissa viestint\u00e4suunnitelma, jossa\u00a0kullekin sidosryhm\u00e4lle\u00a0omat osuudet, t\u00e4rkeimpin\u00e4 niist\u00e4 henkil\u00f6st\u00f6 ja asiakkaat;\u00a0suunnittele mit\u00e4\u00a0ja\u00a0miten viestit\u00e4\u00e4n ja mieti kullekin sidosryhm\u00e4lle &hellip; <a href=\"https:\/\/blogi.eoppimispalvelut.fi\/yhdessakasvuun\/tiedota-ja-viesti-kaupasta\/\">Continue reading <span class=\"meta-nav\">&rarr;<\/span><\/a><\/p>\n","protected":false},"author":4242,"featured_media":0,"parent":0,"menu_order":0,"comment_status":"closed","ping_status":"closed","template":"","meta":{"_monsterinsights_skip_tracking":false,"_monsterinsights_sitenote_active":false,"_monsterinsights_sitenote_note":"","_monsterinsights_sitenote_category":0,"footnotes":""},"class_list":["post-288","page","type-page","status-publish","hentry"],"_links":{"self":[{"href":"https:\/\/blogi.eoppimispalvelut.fi\/yhdessakasvuun\/wp-json\/wp\/v2\/pages\/288","targetHints":{"allow":["GET"]}}],"collection":[{"href":"https:\/\/blogi.eoppimispalvelut.fi\/yhdessakasvuun\/wp-json\/wp\/v2\/pages"}],"about":[{"href":"https:\/\/blogi.eoppimispalvelut.fi\/yhdessakasvuun\/wp-json\/wp\/v2\/types\/page"}],"author":[{"embeddable":true,"href":"https:\/\/blogi.eoppimispalvelut.fi\/yhdessakasvuun\/wp-json\/wp\/v2\/users\/4242"}],"replies":[{"embeddable":true,"href":"https:\/\/blogi.eoppimispalvelut.fi\/yhdessakasvuun\/wp-json\/wp\/v2\/comments?post=288"}],"version-history":[{"count":14,"href":"https:\/\/blogi.eoppimispalvelut.fi\/yhdessakasvuun\/wp-json\/wp\/v2\/pages\/288\/revisions"}],"predecessor-version":[{"id":664,"href":"https:\/\/blogi.eoppimispalvelut.fi\/yhdessakasvuun\/wp-json\/wp\/v2\/pages\/288\/revisions\/664"}],"wp:attachment":[{"href":"https:\/\/blogi.eoppimispalvelut.fi\/yhdessakasvuun\/wp-json\/wp\/v2\/media?parent=288"}],"curies":[{"name":"wp","href":"https:\/\/api.w.org\/{rel}","templated":true}]}}