{"id":6,"date":"2017-05-02T08:36:52","date_gmt":"2017-05-02T05:36:52","guid":{"rendered":"https:\/\/blogi.eoppimispalvelut.fi\/hyvinvointiteknologia2017\/?page_id=6"},"modified":"2018-06-14T09:57:20","modified_gmt":"2018-06-14T06:57:20","slug":"etusivu","status":"publish","type":"page","link":"https:\/\/blogi.eoppimispalvelut.fi\/hyvinvointiteknologia2018\/","title":{"rendered":"Etusivu"},"content":{"rendered":"<h1><span style=\"color: #0000ff\">Tervetuloa hyvinvointiteknologian kes\u00e4opintojakson blogisivuille!<\/span><\/h1>\n<p><strong><span style=\"color: #ff0000\">HUOM! Opettajat lis\u00e4\u00e4v\u00e4t materiaaleja viel\u00e4 ennen opintojakson alkua\/opintojakson aikana!! <span style=\"color: #00ff00\"><em>*Opettaja Ritva on p\u00e4ivitt\u00e4nyt ao. linkit 14.6.2018!<\/em><\/span><\/span><\/strong><\/p>\n<p><em><strong>Etusivu<\/strong>\u00a0valikosta l\u00f6yd\u00e4t opintojakson <a href=\"https:\/\/blogi.eoppimispalvelut.fi\/hyvinvointiteknologia2018\/aikataulu-ja-tehtavat\/\">aikataulu<\/a>, <a href=\"https:\/\/blogi.eoppimispalvelut.fi\/hyvinvointiteknologia2018\/tehtavat\/\">teht\u00e4v\u00e4t<\/a>, <a href=\"https:\/\/blogi.eoppimispalvelut.fi\/hyvinvointiteknologia2018\/yleista\/\">yleist\u00e4 infoa (arviointi ym) <\/a>sek\u00e4 <a href=\"https:\/\/blogi.eoppimispalvelut.fi\/hyvinvointiteknologia2018\/i-linc\/\">ac-virtualiluokan ohjeet, <\/a><a href=\"https:\/\/blogi.eoppimispalvelut.fi\/hyvinvointiteknologia2018\/wordpress-ohjeet\/\">WordPressin ohjeet<\/a>, sek\u00e4\u00a0<a href=\"https:\/\/blogi.eoppimispalvelut.fi\/hyvinvointiteknologia2018\/ryhmat\/\">osallistujalista<\/a>. Etusivulle<\/em><em>\u00a0ker\u00e4t\u00e4\u00e4n muita ajankohtaisia asioita.<\/em><\/p>\n<p><strong>Opettajat ja materiaali<\/strong> valikosta l\u00f6yd\u00e4t opettajien omia sivuja johon julkaistaan materiaaleja, linkkej\u00e4, ajatukisa, ym.<\/p>\n<p><strong>Ryhm\u00e4t<\/strong> valikosta l\u00f6yd\u00e4t ryhmien omia sivuja &#8211; t\u00e4h\u00e4n julkaisette teid\u00e4n omia ajatuksia ja teht\u00e4vi\u00e4.<\/p>\n<p>&nbsp;<\/p>\n<p><a href=\"https:\/\/blogi.eoppimispalvelut.fi\/pakki\/\">Lapin AMK eoppimispalvelujen ty\u00f6kaluja<\/a><\/p>\n","protected":false},"excerpt":{"rendered":"<p>Tervetuloa hyvinvointiteknologian kes\u00e4opintojakson blogisivuille! HUOM! Opettajat lis\u00e4\u00e4v\u00e4t materiaaleja viel\u00e4 ennen opintojakson alkua\/opintojakson aikana!! *Opettaja Ritva on p\u00e4ivitt\u00e4nyt ao. linkit 14.6.2018! Etusivu\u00a0valikosta l\u00f6yd\u00e4t opintojakson aikataulu, teht\u00e4v\u00e4t, yleist\u00e4 infoa (arviointi ym) sek\u00e4 ac-virtualiluokan ohjeet, WordPressin ohjeet, sek\u00e4\u00a0osallistujalista. Etusivulle\u00a0ker\u00e4t\u00e4\u00e4n muita ajankohtaisia asioita. Opettajat &hellip; <a href=\"https:\/\/blogi.eoppimispalvelut.fi\/hyvinvointiteknologia2018\/\">Continue reading <span class=\"meta-nav\">&rarr;<\/span><\/a><\/p>\n","protected":false},"author":36,"featured_media":0,"parent":0,"menu_order":0,"comment_status":"closed","ping_status":"closed","template":"","meta":{"footnotes":""},"class_list":["post-6","page","type-page","status-publish","hentry"],"_links":{"self":[{"href":"https:\/\/blogi.eoppimispalvelut.fi\/hyvinvointiteknologia2018\/wp-json\/wp\/v2\/pages\/6","targetHints":{"allow":["GET"]}}],"collection":[{"href":"https:\/\/blogi.eoppimispalvelut.fi\/hyvinvointiteknologia2018\/wp-json\/wp\/v2\/pages"}],"about":[{"href":"https:\/\/blogi.eoppimispalvelut.fi\/hyvinvointiteknologia2018\/wp-json\/wp\/v2\/types\/page"}],"author":[{"embeddable":true,"href":"https:\/\/blogi.eoppimispalvelut.fi\/hyvinvointiteknologia2018\/wp-json\/wp\/v2\/users\/36"}],"replies":[{"embeddable":true,"href":"https:\/\/blogi.eoppimispalvelut.fi\/hyvinvointiteknologia2018\/wp-json\/wp\/v2\/comments?post=6"}],"version-history":[{"count":5,"href":"https:\/\/blogi.eoppimispalvelut.fi\/hyvinvointiteknologia2018\/wp-json\/wp\/v2\/pages\/6\/revisions"}],"predecessor-version":[{"id":796,"href":"https:\/\/blogi.eoppimispalvelut.fi\/hyvinvointiteknologia2018\/wp-json\/wp\/v2\/pages\/6\/revisions\/796"}],"wp:attachment":[{"href":"https:\/\/blogi.eoppimispalvelut.fi\/hyvinvointiteknologia2018\/wp-json\/wp\/v2\/media?parent=6"}],"curies":[{"name":"wp","href":"https:\/\/api.w.org\/{rel}","templated":true}]}}